Last updated on 2021-01-15 07:50:40 CET.
Flavor | Version | Tinstall | Tcheck | Ttotal | Status | Flags |
---|---|---|---|---|---|---|
r-devel-linux-x86_64-debian-clang | 0.2.2 | 4.36 | 38.62 | 42.98 | OK | |
r-devel-linux-x86_64-debian-gcc | 0.2.2 | 3.31 | 29.36 | 32.67 | OK | |
r-devel-linux-x86_64-fedora-clang | 0.2.2 | 60.35 | NOTE | |||
r-devel-linux-x86_64-fedora-gcc | 0.2.2 | 50.02 | NOTE | |||
r-devel-windows-ix86+x86_64 | 0.2.2 | 12.00 | 56.00 | 68.00 | OK | |
r-patched-linux-x86_64 | 0.2.2 | 3.30 | 36.53 | 39.83 | OK | |
r-patched-solaris-x86 | 0.2.2 | 77.10 | NOTE | |||
r-release-linux-x86_64 | 0.2.2 | 3.65 | 36.64 | 40.29 | OK | |
r-release-macos-x86_64 | 0.2.2 | NOTE | ||||
r-release-windows-ix86+x86_64 | 0.2.2 | 11.00 | 45.00 | 56.00 | OK | |
r-oldrel-macos-x86_64 | 0.2.2 | NOTE | ||||
r-oldrel-windows-ix86+x86_64 | 0.2.2 | 7.00 | 42.00 | 49.00 | OK |
Version: 0.2.2
Check: dependencies in R code
Result: NOTE
Namespace in Imports field not imported from: ‘magrittr’
All declared Imports should be used.
Flavors: r-devel-linux-x86_64-fedora-clang, r-devel-linux-x86_64-fedora-gcc, r-patched-solaris-x86, r-release-macos-x86_64, r-oldrel-macos-x86_64