CRAN Package Check Results for Package dae

Last updated on 2019-12-06 13:48:31 CET.

Flavor Version Tinstall Tcheck Ttotal Status Flags
r-devel-linux-x86_64-debian-clang 3.1-16 11.02 104.94 115.96 OK
r-devel-linux-x86_64-debian-gcc 3.1-16 10.62 78.41 89.03 OK
r-devel-linux-x86_64-fedora-clang 3.1-16 129.13 OK
r-devel-linux-x86_64-fedora-gcc 3.1-16 127.57 OK
r-devel-windows-ix86+x86_64 3.1-16 25.00 158.00 183.00 OK
r-devel-windows-ix86+x86_64-gcc8 3.1-16 25.00 103.00 128.00 OK
r-patched-linux-x86_64 3.1-16 9.76 93.36 103.12 OK
r-patched-solaris-x86 3.1-16 151.70 OK
r-release-linux-x86_64 3.1-16 12.05 93.93 105.98 OK
r-release-windows-ix86+x86_64 3.1-16 24.00 102.00 126.00 OK
r-release-osx-x86_64 3.1-16 OK
r-oldrel-windows-ix86+x86_64 3.1-16 17.00 136.00 153.00 WARN
r-oldrel-osx-x86_64 3.1-16 OK

Check Details

Version: 3.1-16
Check: whether package can be installed
Result: WARN
    Found the following significant warnings:
     Warning: S3 methods '[.fun_list', '[.grouped_df', 'all.equal.tbl_df', 'anti_join.data.frame', 'anti_join.tbl_df', 'arrange.data.frame', 'arrange.default', 'arrange.grouped_df', 'arrange.tbl_df', 'arrange_.data.frame', 'arrange_.tbl_df', 'as.data.frame.grouped_df', 'as.data.frame.rowwise_df', 'as.data.frame.tbl_cube', 'as.table.tbl_cube', 'as.tbl.data.frame', 'as.tbl.tbl', 'as.tbl_cube.array', 'as.tbl_cube.data.frame', 'as.tbl_cube.matrix', 'as.tbl_cube.table', 'as_tibble.grouped_df', 'as_tibble.tbl_cube', 'auto_copy.tbl_cube', 'auto_copy.tbl_df', 'cbind.grouped_df', 'collapse.data.frame', 'collect.data.frame', 'common_by.NULL', 'common_by.character', 'common_by.default', 'common_by.list', 'compute.data.frame', 'copy_to.DBIConnection', 'copy_to.src_local', 'default_missing.data.frame', 'default_missing.default', 'dim.tbl_cube', 'distinct.data.frame', 'distinct.default', 'distinct.grouped_df', 'distinct.tbl_df', 'distinct_.data.frame', 'distinct_.grouped_df', 'distinct_.tbl_df', 'do.NULL', 'do.da [... truncated]
Flavor: r-oldrel-windows-ix86+x86_64