CRAN Package Check Results for Package datos

Last updated on 2021-01-27 06:48:20 CET.

Flavor Version Tinstall Tcheck Ttotal Status Flags
r-devel-linux-x86_64-debian-clang 0.3.0 5.45 77.92 83.37 OK
r-devel-linux-x86_64-debian-gcc 0.3.0 4.09 60.26 64.35 OK
r-devel-linux-x86_64-fedora-clang 0.3.0 106.47 NOTE
r-devel-linux-x86_64-fedora-gcc 0.3.0 98.64 NOTE
r-devel-windows-ix86+x86_64 0.3.0 15.00 101.00 116.00 ERROR
r-patched-linux-x86_64 0.3.0 5.41 72.52 77.93 OK
r-patched-solaris-x86 0.3.0 156.50 NOTE
r-release-linux-x86_64 0.3.0 5.50 73.31 78.81 OK
r-release-macos-x86_64 0.3.0 NOTE
r-release-windows-ix86+x86_64 0.3.0 15.00 82.00 97.00 OK
r-oldrel-macos-x86_64 0.3.0 NOTE
r-oldrel-windows-ix86+x86_64 0.3.0 10.00 102.00 112.00 OK

Check Details

Version: 0.3.0
Check: data for non-ASCII characters
Result: NOTE
     Note: found 54313 marked UTF-8 strings
Flavors: r-devel-linux-x86_64-fedora-clang, r-devel-linux-x86_64-fedora-gcc, r-patched-solaris-x86, r-release-macos-x86_64

Version: 0.3.0
Check: tests
Result: ERROR
     Running 'testthat.R' [8s]
    Running the tests in 'tests/testthat.R' failed.
    Complete output:
     > library(testthat)
     > library(datos)
     >
     > test_check("datos")
     == Failed tests ================================================================
     -- Failure (test-frutas.R:2:3): hasn't changed ---------------------------------
     Results have changed from known value recorded in 'ref-frutas.txt'.
    
     old vs new
     - " [1] \"banana\" \"papaya\" \"uva\" \"arándano\" \"frutilla\" \"mora\" "
     + " [1] \"banana\" \"papaya\" \"uva\" \"arándano\" \"frutilla\" \"mora\" "
     - " [7] \"plátano\" \"ananá\" \"piña\" \"manzana\" \"pera\" \"sandía\" "
     + " [7] \"plátano\" \"ananá\" \"piña\" \"manzana\" \"pera\" \"sandía\" "
     - "[13] \"melocotón\" \"melón\" \"damasco\" \"durazno\" \"frambuesa\" \"mango\" "
     + "[13] \"melocotón\" \"melón\" \"damasco\" \"durazno\" \"frambuesa\" \"mango\" "
     - "[19] \"guayaba\" \"guanábana\" \"maracuyá\" \"fresa\" \"coco\" \"naranja\" "
     + "[19] \"guayaba\" \"guanábana\" \"maracuyá\" \"fresa\" \"coco\" \"naranja\" "
     "[25] \"kiwi\" "
     -- Failure (test-oraciones.R:2:3): hasn't changed ------------------------------
     Results have changed from known value recorded in 'ref-oraciones.txt'.
    
     old vs new
     - " [1] \"Las casas están construidas de ladrillos de arcilla roja.\" "
     + " [1] \"Las casas están construidas de ladrillos de arcilla roja.\" "
     - " [2] \"La caja fue arrojada al lado del camión estacionado.\" "
     + " [2] \"La caja fue arrojada al lado del camión estacionado.\" "
     " [3] \"El domingo es la mejor parte de la semana.\" "
     - " [4] \"Agrega a la cuenta de la tienda hasta el último centavo.\" "
     + " [4] \"Agrega a la cuenta de la tienda hasta el último centavo.\" "
     " [5] \"Nueve hombres fueron contratados para excavar las ruinas.\" "
     " [6] \"Pega la hoja en el fondo azul oscuro.\" "
     " [7] \"Instalaron azulejos verdes en la cocina.\" "
     and 40 more ...
    
     [ FAIL 2 | WARN 0 | SKIP 0 | PASS 158 ]
     Error: Test failures
     Execution halted
Flavor: r-devel-windows-ix86+x86_64

Version: 0.3.0
Check: data for non-ASCII characters
Result: NOTE
     Note: found 54136 marked UTF-8 strings
Flavor: r-oldrel-macos-x86_64