Last updated on 2021-01-22 07:49:35 CET.
Flavor | Version | Tinstall | Tcheck | Ttotal | Status | Flags |
---|---|---|---|---|---|---|
r-devel-linux-x86_64-debian-clang | 1.0.6 | 20.82 | 171.37 | 192.19 | OK | |
r-devel-linux-x86_64-debian-gcc | 1.0.6 | 18.65 | 127.13 | 145.78 | OK | |
r-devel-linux-x86_64-fedora-clang | 1.0.6 | 242.20 | NOTE | |||
r-devel-linux-x86_64-fedora-gcc | 1.0.6 | 226.50 | OK | |||
r-devel-windows-ix86+x86_64 | 1.0.6 | 44.00 | 192.00 | 236.00 | NOTE | |
r-patched-linux-x86_64 | 1.0.6 | 21.51 | 154.82 | 176.33 | OK | |
r-patched-solaris-x86 | 1.0.6 | 306.80 | NOTE | |||
r-release-linux-x86_64 | 1.0.6 | 17.90 | 138.53 | 156.43 | OK | |
r-release-macos-x86_64 | 1.0.6 | NOTE | ||||
r-release-windows-ix86+x86_64 | 1.0.6 | 47.00 | 192.00 | 239.00 | NOTE | |
r-oldrel-macos-x86_64 | 1.0.6 | NOTE | ||||
r-oldrel-windows-ix86+x86_64 | 1.0.6 | 28.00 | 138.00 | 166.00 | NOTE |
Version: 1.0.6
Check: installed package size
Result: NOTE
installed size is 5.4Mb
sub-directories of 1Mb or more:
data 4.1Mb
Flavors: r-devel-linux-x86_64-fedora-clang, r-devel-windows-ix86+x86_64, r-patched-solaris-x86, r-release-macos-x86_64, r-release-windows-ix86+x86_64, r-oldrel-macos-x86_64, r-oldrel-windows-ix86+x86_64
Version: 1.0.6
Check: package dependencies
Result: NOTE
Package suggested but not available for checking: 'doMC'
Flavors: r-devel-windows-ix86+x86_64, r-release-windows-ix86+x86_64, r-oldrel-windows-ix86+x86_64