CRAN Package Check Results for Package dendsort

Last updated on 2020-07-04 13:53:13 CEST.

Flavor Version Tinstall Tcheck Ttotal Status Flags
r-devel-linux-x86_64-debian-clang 0.3.3 2.51 34.89 37.40 NOTE
r-devel-linux-x86_64-debian-gcc 0.3.3 1.77 26.73 28.50 NOTE
r-devel-linux-x86_64-fedora-clang 0.3.3 53.70 NOTE
r-devel-linux-x86_64-fedora-gcc 0.3.3 43.64 NOTE
r-devel-windows-ix86+x86_64 0.3.3 9.00 69.00 78.00 OK
r-patched-linux-x86_64 0.3.3 2.15 35.10 37.25 NOTE
r-patched-solaris-x86 0.3.3 66.50 NOTE
r-release-linux-x86_64 0.3.3 2.08 35.60 37.68 NOTE
r-release-osx-x86_64 0.3.3 NOTE
r-release-windows-ix86+x86_64 0.3.3 5.00 51.00 56.00 OK
r-oldrel-osx-x86_64 0.3.3 OK
r-oldrel-windows-ix86+x86_64 0.3.3 5.00 74.00 79.00 OK

Check Details

Version: 0.3.3
Check: package dependencies
Result: NOTE
    Package suggested but not available for checking: 'gapmap'
Flavors: r-devel-linux-x86_64-debian-clang, r-devel-linux-x86_64-debian-gcc, r-devel-linux-x86_64-fedora-clang, r-devel-linux-x86_64-fedora-gcc, r-patched-linux-x86_64, r-patched-solaris-x86, r-release-linux-x86_64, r-release-osx-x86_64