CRAN Package Check Results for Package devEMF

Last updated on 2019-09-19 11:46:54 CEST.

Flavor Version Tinstall Tcheck Ttotal Status Flags
r-devel-linux-x86_64-debian-clang 3.6-3 9.23 17.33 26.56 WARN
r-devel-linux-x86_64-debian-gcc 3.6-3 8.10 13.73 21.83 WARN
r-devel-linux-x86_64-fedora-clang 3.6-3 41.73 WARN
r-devel-linux-x86_64-fedora-gcc 3.6-3 36.83 WARN
r-devel-windows-ix86+x86_64 3.6-3 24.00 54.00 78.00 OK
r-patched-linux-x86_64 3.6-3 8.62 17.17 25.79 OK
r-patched-solaris-x86 3.6-3 55.20 OK
r-release-linux-x86_64 3.6-3 8.43 17.09 25.52 OK
r-release-windows-ix86+x86_64 3.6-3 18.00 39.00 57.00 OK
r-release-osx-x86_64 3.6-3 OK
r-oldrel-windows-ix86+x86_64 3.6-3 15.00 38.00 53.00 OK
r-oldrel-osx-x86_64 3.6-3 OK

Check Details

Version: 3.6-3
Check: whether package can be installed
Result: WARN
    Found the following significant warnings:
     'config' variable 'CPP' is deprecated
Flavors: r-devel-linux-x86_64-debian-clang, r-devel-linux-x86_64-debian-gcc, r-devel-linux-x86_64-fedora-clang, r-devel-linux-x86_64-fedora-gcc