CRAN Package Check Results for Package dismo

Last updated on 2019-09-23 12:47:51 CEST.

Flavor Version Tinstall Tcheck Ttotal Status Flags
r-devel-linux-x86_64-debian-clang 1.1-4 20.03 125.09 145.12 OK --no-vignettes
r-devel-linux-x86_64-debian-gcc 1.1-4 15.92 96.35 112.27 OK --no-vignettes
r-devel-linux-x86_64-fedora-clang 1.1-4 504.78 NOTE
r-devel-linux-x86_64-fedora-gcc 1.1-4 492.29 NOTE
r-devel-windows-ix86+x86_64 1.1-4 33.00 167.00 200.00 OK --no-vignettes
r-patched-linux-x86_64 1.1-4 15.20 121.56 136.76 OK --no-vignettes
r-patched-solaris-x86 1.1-4 715.30 NOTE --no-build-vignettes
r-release-linux-x86_64 1.1-4 16.50 122.31 138.81 OK --no-vignettes
r-release-windows-ix86+x86_64 1.1-4 45.00 225.00 270.00 OK --no-vignettes
r-release-osx-x86_64 1.1-4 NOTE
r-oldrel-windows-ix86+x86_64 1.1-4 24.00 224.00 248.00 OK --no-vignettes
r-oldrel-osx-x86_64 1.1-4 NOTE

Check Details

Version: 1.1-4
Check: data for non-ASCII characters
Result: NOTE
     Note: found 106 marked UTF-8 strings
Flavors: r-devel-linux-x86_64-fedora-clang, r-devel-linux-x86_64-fedora-gcc, r-release-osx-x86_64, r-oldrel-osx-x86_64

Version: 1.1-4
Check: compiled code
Result: NOTE
    File ‘dismo/libs/dismo.so’:
     Found no calls to: ‘R_registerRoutines’, ‘R_useDynamicSymbols’
    
    It is good practice to register native routines and to disable symbol
    search.
    
    See ‘Writing portable packages’ in the ‘Writing R Extensions’ manual.
Flavors: r-devel-linux-x86_64-fedora-clang, r-devel-linux-x86_64-fedora-gcc

Version: 1.1-4
Flags: --no-build-vignettes
Check: data for non-ASCII characters
Result: NOTE
     Note: found 106 marked UTF-8 strings
Flavor: r-patched-solaris-x86

Version: 1.1-4
Check: re-building of vignette outputs
Result: NOTE
    Error(s) in re-building vignettes:
    --- re-building ‘brt.Rnw’ using Sweave
    Loading required package: raster
    Loading required package: sp
    Loading required namespace: gbm
    fitting final gbm model with a fixed number of 600 trees for Angaus
    fitting final gbm model with a fixed number of 1800 trees for Angaus
    gbm.simplify - version 2.9
    simplifying gbm.step model for Angaus with 11 predictors and 1000 observations
    original deviance = 0.6743(0.0269)
    a fixed number of 5 drops will be tested
    creating initial models...
    dropping predictor: 1 2 3 4 5
    processing final dropping of variables with full data
    1-DSDam
    2-SegLowFlow
    3-USAvgT
    4-SegTSeas
    5-DSMaxSlope
    fitting final gbm model with a fixed number of 1300 trees for Angaus
    gbm.interactions - version 2.9
    Cross tabulating interactions for gbm model with 11 predictors
    1 2 3 4 5 6 7 8 9 10
    maximum value = 0.58
    
    
    Error: processing vignette 'brt.Rnw' failed with diagnostics:
     chunk 12 (label = dismo-10)
    Error in library(gbm) : there is no package called ‘gbm’
    
    --- failed re-building ‘brt.Rnw’
    
    --- re-building ‘sdm.Rnw’ using Sweave
    Loading required package: raster
    Loading required package: sp
    Checking rgeos availability: TRUE
    Loading required namespace: XML
    REQUEST_DENIED:Ayacucho+P.+Huamanga+Minas+Ckucho,Peru
    REQUEST_DENIED:Ayacucho+P.+Huamanga+Minas+Ckucho,Peru
    REQUEST_DENIED:Ayacucho+P.+Huamanga+Minas+Ckucho,Peru
    REQUEST_DENIED:Ayacucho+P.+Huamanga+Minas+Ckucho,Peru
    Loading required namespace: rgeos
    randomForest 4.6-14
    Type rfNews() to see new features/changes/bug fixes.
    Warning in randomForest.default(m, y, ...) :
     The response has five or fewer unique values. Are you sure you want to do regression?
    
    Attaching package: ‘kernlab’
    
    The following objects are masked from ‘package:raster’:
    
     buffer, rotated
    
    Loading required namespace: gstat
    Loading required namespace: deldir
    --- finished re-building ‘sdm.Rnw’
    
    SUMMARY: processing the following file failed:
     ‘brt.Rnw’
    
    Error: Vignette re-building failed.
    Execution halted
Flavor: r-release-osx-x86_64