CRAN Package Check Results for Package disto

Last updated on 2021-01-20 06:46:43 CET.

Flavor Version Tinstall Tcheck Ttotal Status Flags
r-devel-linux-x86_64-debian-clang 0.2.0 3.35 39.57 42.92 OK
r-devel-linux-x86_64-debian-gcc 0.2.0 2.52 31.42 33.94 OK
r-devel-linux-x86_64-fedora-clang 0.2.0 61.27 NOTE
r-devel-linux-x86_64-fedora-gcc 0.2.0 51.36 NOTE
r-devel-windows-ix86+x86_64 0.2.0 6.00 55.00 61.00 OK
r-patched-linux-x86_64 0.2.0 2.80 39.06 41.86 OK
r-patched-solaris-x86 0.2.0 66.50 NOTE
r-release-linux-x86_64 0.2.0 2.68 39.02 41.70 OK
r-release-macos-x86_64 0.2.0 NOTE
r-release-windows-ix86+x86_64 0.2.0 7.00 50.00 57.00 OK
r-oldrel-macos-x86_64 0.2.0 NOTE
r-oldrel-windows-ix86+x86_64 0.2.0 4.00 48.00 52.00 OK

Check Details

Version: 0.2.0
Check: dependencies in R code
Result: NOTE
    Namespaces in Imports field not imported from:
     ‘dplyr’ ‘proxy’
     All declared Imports should be used.
Flavors: r-devel-linux-x86_64-fedora-clang, r-devel-linux-x86_64-fedora-gcc, r-patched-solaris-x86, r-release-macos-x86_64, r-oldrel-macos-x86_64