CRAN Package Check Results for Package distory

Last updated on 2019-09-15 07:48:40 CEST.

Flavor Version Tinstall Tcheck Ttotal Status Flags
r-devel-linux-x86_64-debian-clang 1.4.3 11.86 52.82 64.68 NOTE
r-devel-linux-x86_64-debian-gcc 1.4.3 9.14 40.86 50.00 NOTE
r-devel-linux-x86_64-fedora-clang 1.4.3 80.10 NOTE
r-devel-linux-x86_64-fedora-gcc 1.4.3 76.63 NOTE
r-devel-windows-ix86+x86_64 1.4.3 32.00 111.00 143.00 NOTE
r-patched-linux-x86_64 1.4.3 10.98 51.61 62.59 NOTE
r-patched-solaris-x86 1.4.3 129.80 NOTE
r-release-linux-x86_64 1.4.3 10.84 52.12 62.96 NOTE
r-release-windows-ix86+x86_64 1.4.3 22.00 111.00 133.00 NOTE
r-release-osx-x86_64 1.4.3 NOTE
r-oldrel-windows-ix86+x86_64 1.4.3 28.00 109.00 137.00 NOTE
r-oldrel-osx-x86_64 1.4.3 NOTE

Check Details

Version: 1.4.3
Check: DESCRIPTION meta-information
Result: NOTE
    Deprecated license: BSD
Flavors: r-devel-linux-x86_64-debian-clang, r-devel-linux-x86_64-debian-gcc, r-devel-linux-x86_64-fedora-clang, r-devel-linux-x86_64-fedora-gcc, r-patched-linux-x86_64, r-patched-solaris-x86, r-release-linux-x86_64, r-release-osx-x86_64, r-oldrel-osx-x86_64

Version: 1.4.3
Check: R code for possible problems
Result: NOTE
    dist.multiPhylo: no visible global function definition for 'as.dist'
    gromov.hyperbolicity: no visible global function definition for
     'as.dist'
    mcmc.target.seq: no visible global function definition for 'runif'
    phylo.diff: no visible global function definition for 'par'
    phylo.diff: no visible global function definition for 'plot'
    Undefined global functions or variables:
     as.dist par plot runif
    Consider adding
     importFrom("graphics", "par", "plot")
     importFrom("stats", "as.dist", "runif")
    to your NAMESPACE file.
Flavors: r-devel-linux-x86_64-debian-clang, r-devel-linux-x86_64-debian-gcc, r-devel-linux-x86_64-fedora-clang, r-devel-linux-x86_64-fedora-gcc, r-devel-windows-ix86+x86_64, r-patched-linux-x86_64, r-patched-solaris-x86, r-release-linux-x86_64, r-release-windows-ix86+x86_64, r-release-osx-x86_64, r-oldrel-windows-ix86+x86_64, r-oldrel-osx-x86_64

Version: 1.4.3
Check: compiled code
Result: NOTE
    File ‘distory/libs/distory.so’:
     Found no calls to: ‘R_registerRoutines’, ‘R_useDynamicSymbols’
    
    It is good practice to register native routines and to disable symbol
    search.
    
    See ‘Writing portable packages’ in the ‘Writing R Extensions’ manual.
Flavors: r-devel-linux-x86_64-fedora-clang, r-devel-linux-x86_64-fedora-gcc