CRAN Package Check Results for Package diversitree

Last updated on 2021-04-13 06:46:47 CEST.

Flavor Version Tinstall Tcheck Ttotal Status Flags
r-devel-linux-x86_64-debian-clang 0.9-15 90.56 119.23 209.79 NOTE
r-devel-linux-x86_64-debian-gcc 0.9-15 58.66 88.05 146.71 NOTE
r-devel-linux-x86_64-fedora-clang 0.9-15 268.46 NOTE
r-devel-linux-x86_64-fedora-gcc 0.9-15 240.94 NOTE
r-devel-windows-ix86+x86_64 0.9-15 188.00 179.00 367.00 NOTE
r-devel-windows-x86_64-gcc10-UCRT 0.9-15 NOTE
r-patched-linux-x86_64 0.9-15 64.85 108.63 173.48 OK
r-patched-solaris-x86 0.9-15 246.70 OK
r-release-linux-x86_64 0.9-15 67.71 109.98 177.69 OK
r-release-macos-x86_64 0.9-15 NOTE
r-release-windows-ix86+x86_64 0.9-15 139.00 173.00 312.00 NOTE
r-oldrel-macos-x86_64 0.9-15 NOTE
r-oldrel-windows-ix86+x86_64 0.9-15 178.00 125.00 303.00 NOTE

Check Details

Version: 0.9-15
Check: LazyData
Result: NOTE
     'LazyData' is specified without a 'data' directory
Flavors: r-devel-linux-x86_64-debian-clang, r-devel-linux-x86_64-debian-gcc, r-devel-linux-x86_64-fedora-clang, r-devel-linux-x86_64-fedora-gcc, r-devel-windows-ix86+x86_64, r-devel-windows-x86_64-gcc10-UCRT

Version: 0.9-15
Check: installed package size
Result: NOTE
     installed size is 7.0Mb
     sub-directories of 1Mb or more:
     libs 5.8Mb
Flavors: r-devel-linux-x86_64-fedora-clang, r-devel-windows-ix86+x86_64, r-release-macos-x86_64, r-release-windows-ix86+x86_64, r-oldrel-macos-x86_64, r-oldrel-windows-ix86+x86_64