CRAN Package Check Results for Package dplyr

Last updated on 2020-11-26 06:52:40 CET.

Flavor Version Tinstall Tcheck Ttotal Status Flags
r-devel-linux-x86_64-debian-clang 1.0.2 18.63 164.30 182.93 OK
r-devel-linux-x86_64-debian-gcc 1.0.2 17.05 122.02 139.07 OK
r-devel-linux-x86_64-fedora-clang 1.0.2 225.08 NOTE
r-devel-linux-x86_64-fedora-gcc 1.0.2 215.97 NOTE
r-devel-windows-ix86+x86_64 1.0.2 2.00 8.00 10.00 ERROR
r-patched-linux-x86_64 1.0.2 20.11 162.28 182.39 OK
r-patched-solaris-x86 1.0.2 274.10 NOTE
r-release-linux-x86_64 1.0.2 17.99 161.34 179.33 OK
r-release-macos-x86_64 1.0.2 NOTE
r-release-windows-ix86+x86_64 1.0.2 38.00 302.00 340.00 OK
r-oldrel-macos-x86_64 1.0.2 NOTE
r-oldrel-windows-ix86+x86_64 1.0.2 26.00 199.00 225.00 OK

Check Details

Version: 1.0.2
Check: Rd cross-references
Result: NOTE
    Undeclared package ‘tidyr’ in Rd xrefs
Flavor: r-devel-linux-x86_64-fedora-clang

Version: 1.0.2
Check: data for non-ASCII characters
Result: NOTE
     Note: found 4 marked UTF-8 strings
Flavors: r-devel-linux-x86_64-fedora-clang, r-devel-linux-x86_64-fedora-gcc, r-patched-solaris-x86, r-release-macos-x86_64, r-oldrel-macos-x86_64

Version: 1.0.2
Check: whether package can be installed
Result: ERROR
    Installation failed.
Flavor: r-devel-windows-ix86+x86_64