CRAN Package Check Results for Package dr4pl

Last updated on 2020-02-17 13:49:34 CET.

Flavor Version Tinstall Tcheck Ttotal Status Flags
r-devel-linux-x86_64-debian-clang 1.1.11 9.94 89.62 99.56 ERROR
r-devel-linux-x86_64-debian-gcc 1.1.11 7.25 83.86 91.11 OK
r-devel-linux-x86_64-fedora-clang 1.1.11 143.91 OK
r-devel-linux-x86_64-fedora-gcc 1.1.11 141.11 OK
r-devel-windows-ix86+x86_64 1.1.11 22.00 130.00 152.00 OK
r-devel-windows-ix86+x86_64-gcc8 1.1.11 28.00 183.00 211.00 OK
r-patched-linux-x86_64 1.1.11 7.86 95.00 102.86 OK
r-patched-solaris-x86 1.1.11 187.50 OK
r-release-linux-x86_64 1.1.11 8.05 94.61 102.66 OK
r-release-windows-ix86+x86_64 1.1.11 16.00 113.00 129.00 OK
r-release-osx-x86_64 1.1.11 OK
r-oldrel-windows-ix86+x86_64 1.1.11 12.00 112.00 124.00 OK
r-oldrel-osx-x86_64 1.1.11 OK

Check Details

Version: 1.1.11
Check: package dependencies
Result: NOTE
    Package suggested but not available for checking: 'drc'
Flavor: r-devel-linux-x86_64-debian-clang

Version: 1.1.11
Check: examples
Result: ERROR
    Running examples in 'dr4pl-Ex.R' failed
    The error most likely occurred in:
    
    > base::assign(".ptime", proc.time(), pos = "CheckExEnv")
    > ### Name: print.summary.dr4pl
    > ### Title: Print the dr4pl object summary to screen.
    > ### Aliases: print.summary.dr4pl
    >
    > ### ** Examples
    >
    > library(drc) # Needed for the data set 'ryegras'
    Error in library(drc) : there is no package called 'drc'
    Execution halted
Flavor: r-devel-linux-x86_64-debian-clang

Version: 1.1.11
Check: re-building of vignette outputs
Result: WARN
    Error(s) in re-building vignettes:
     ...
    --- re-building 'walk_through_in_R.Rmd' using rmarkdown
    Quitting from lines 21-24 (walk_through_in_R.Rmd)
    Error: processing vignette 'walk_through_in_R.Rmd' failed with diagnostics:
    there is no package called 'drc'
    --- failed re-building 'walk_through_in_R.Rmd'
    
    SUMMARY: processing the following file failed:
     'walk_through_in_R.Rmd'
    
    Error: Vignette re-building failed.
    Execution halted
Flavor: r-devel-linux-x86_64-debian-clang