CRAN Package Check Results for Package dragon

Last updated on 2021-01-22 07:49:36 CET.

Flavor Version Tinstall Tcheck Ttotal Status Flags
r-devel-linux-x86_64-debian-clang 1.1.0 26.79 111.78 138.57 OK
r-devel-linux-x86_64-debian-gcc 1.1.0 23.39 82.91 106.30 OK
r-devel-linux-x86_64-fedora-clang 1.1.0 173.21 NOTE
r-devel-linux-x86_64-fedora-gcc 1.1.0 166.75 NOTE
r-devel-windows-ix86+x86_64 1.1.0 52.00 136.00 188.00 OK
r-patched-linux-x86_64 1.1.0 25.06 105.20 130.26 OK
r-patched-solaris-x86 1.1.0 253.30 NOTE
r-release-linux-x86_64 1.1.0 25.16 106.23 131.39 OK
r-release-macos-x86_64 1.1.0 NOTE
r-release-windows-ix86+x86_64 1.1.0 50.00 140.00 190.00 OK
r-oldrel-macos-x86_64 1.1.0 NOTE
r-oldrel-windows-ix86+x86_64 1.1.0 34.00 95.00 129.00 OK

Check Details

Version: 1.1.0
Check: package dependencies
Result: NOTE
    Imports includes 32 non-default packages.
    Importing from so many packages makes the package vulnerable to any of
    them becoming unavailable. Move as many as possible to Suggests and
    use conditionally.
Flavor: r-devel-linux-x86_64-fedora-clang

Version: 1.1.0
Check: dependencies in R code
Result: NOTE
    Namespace in Imports field not imported from: ‘htmltools’
     All declared Imports should be used.
Flavors: r-devel-linux-x86_64-fedora-clang, r-devel-linux-x86_64-fedora-gcc, r-patched-solaris-x86, r-release-macos-x86_64, r-oldrel-macos-x86_64