CRAN Package Check Results for Package dynsurv

Last updated on 2019-12-14 11:49:49 CET.

Flavor Version Tinstall Tcheck Ttotal Status Flags
r-devel-linux-x86_64-debian-clang 0.3-7 42.28 75.51 117.79 OK
r-devel-linux-x86_64-debian-gcc 0.3-7 31.23 61.78 93.01 OK
r-devel-linux-x86_64-fedora-clang 0.3-7 154.05 NOTE
r-devel-linux-x86_64-fedora-gcc 0.3-7 148.62 OK
r-devel-windows-ix86+x86_64 0.3-7 62.00 180.00 242.00 OK
r-devel-windows-ix86+x86_64-gcc8 0.3-7 73.00 186.00 259.00 OK
r-patched-linux-x86_64 0.3-7 31.04 66.87 97.91 OK
r-patched-solaris-x86 0.3-7 189.80 OK
r-release-linux-x86_64 0.3-7 29.90 67.81 97.71 OK
r-release-windows-ix86+x86_64 0.3-7 55.00 112.00 167.00 OK
r-release-osx-x86_64 0.3-7 NOTE
r-oldrel-windows-ix86+x86_64 0.3-7 49.00 104.00 153.00 WARN
r-oldrel-osx-x86_64 0.3-7 NOTE

Check Details

Version: 0.3-7
Check: installed package size
Result: NOTE
     installed size is 6.3Mb
     sub-directories of 1Mb or more:
     libs 6.1Mb
Flavors: r-devel-linux-x86_64-fedora-clang, r-release-osx-x86_64, r-oldrel-osx-x86_64

Version: 0.3-7
Check: whether package can be installed
Result: WARN
    Found the following significant warnings:
     Warning: S3 methods '[.fun_list', '[.grouped_df', 'all.equal.tbl_df', 'anti_join.data.frame', 'anti_join.tbl_df', 'arrange.data.frame', 'arrange.default', 'arrange.grouped_df', 'arrange.tbl_df', 'arrange_.data.frame', 'arrange_.tbl_df', 'as.data.frame.grouped_df', 'as.data.frame.rowwise_df', 'as.data.frame.tbl_cube', 'as.table.tbl_cube', 'as.tbl.data.frame', 'as.tbl.tbl', 'as.tbl_cube.array', 'as.tbl_cube.data.frame', 'as.tbl_cube.matrix', 'as.tbl_cube.table', 'as_tibble.grouped_df', 'as_tibble.tbl_cube', 'auto_copy.tbl_cube', 'auto_copy.tbl_df', 'cbind.grouped_df', 'collapse.data.frame', 'collect.data.frame', 'common_by.NULL', 'common_by.character', 'common_by.default', 'common_by.list', 'compute.data.frame', 'copy_to.DBIConnection', 'copy_to.src_local', 'default_missing.data.frame', 'default_missing.default', 'dim.tbl_cube', 'distinct.data.frame', 'distinct.default', 'distinct.grouped_df', 'distinct.tbl_df', 'distinct_.data.frame', 'distinct_.grouped_df', 'distinct_.tbl_df', 'do.NULL', 'do.da [... truncated]
Flavor: r-oldrel-windows-ix86+x86_64