CRAN Package Check Results for Package dynsurv

Last updated on 2019-08-21 13:46:11 CEST.

Flavor Version Tinstall Tcheck Ttotal Status Flags
r-devel-linux-x86_64-debian-clang 0.3-6 37.43 71.29 108.72 OK
r-devel-linux-x86_64-debian-gcc 0.3-6 OK
r-devel-linux-x86_64-fedora-clang 0.3-6 147.28 NOTE
r-devel-linux-x86_64-fedora-gcc 0.3-6 135.04 OK
r-devel-windows-ix86+x86_64 0.3-6 83.00 160.00 243.00 OK
r-patched-linux-x86_64 0.3-6 31.29 67.41 98.70 OK
r-patched-solaris-x86 0.3-6 200.00 OK
r-release-linux-x86_64 0.3-6 30.53 67.24 97.77 OK
r-release-windows-ix86+x86_64 0.3-6 61.00 118.00 179.00 OK
r-release-osx-x86_64 0.3-6 NOTE
r-oldrel-windows-ix86+x86_64 0.3-6 73.00 158.00 231.00 OK
r-oldrel-osx-x86_64 0.3-6 NOTE

Check Details

Version: 0.3-6
Check: installed package size
Result: NOTE
     installed size is 6.3Mb
     sub-directories of 1Mb or more:
     libs 6.1Mb
Flavors: r-devel-linux-x86_64-fedora-clang, r-release-osx-x86_64, r-oldrel-osx-x86_64