CRAN Package Check Results for Package eNetXplorer

Last updated on 2019-09-22 13:46:10 CEST.

Flavor Version Tinstall Tcheck Ttotal Status Flags
r-devel-linux-x86_64-debian-clang 1.0.2 11.16 122.77 133.93 OK
r-devel-linux-x86_64-debian-gcc 1.1.0 9.32 104.69 114.01 OK
r-devel-linux-x86_64-fedora-clang 1.1.0 174.27 OK
r-devel-linux-x86_64-fedora-gcc 1.1.0 96.97 OK
r-devel-windows-ix86+x86_64 1.1.0 33.00 166.00 199.00 OK
r-patched-linux-x86_64 1.0.2 9.17 121.83 131.00 OK
r-patched-solaris-x86 1.1.0 154.60 ERROR
r-release-linux-x86_64 1.1.0 11.83 131.90 143.73 OK
r-release-windows-ix86+x86_64 1.1.0 22.00 181.00 203.00 OK
r-release-osx-x86_64 1.1.0 ERROR
r-oldrel-windows-ix86+x86_64 1.0.2 14.00 169.00 183.00 OK
r-oldrel-osx-x86_64 1.1.0 OK

Check Details

Version: 1.1.0
Check: examples
Result: ERROR
    Running examples in ‘eNetXplorer-Ex.R’ failed
    The error most likely occurred in:
    
    > ### Name: plotContingency
    > ### Title: generates plot of response vs out-of-bag predictions across
    > ### classes
    > ### Aliases: plotContingency
    >
    > ### ** Examples
    >
    > ## Don't show:
    > set.seed(123)
    > fit = eNetXplorer(x=matrix(rnorm(120),ncol=4),y=c(rep(0,15),rep(1,15)),
    + family="binomial",n_run=5, n_perm_null=4,alpha=c(0.5,1))
    Error during execution of alpha = 0.5
    > plot(x=fit,plot.type="contingency")
    Error in if (x$family %in% c("binomial", "multinomial")) { :
     argument is of length zero
    Calls: plot -> plot.eNetXplorer
    Execution halted
Flavor: r-patched-solaris-x86

Version: 1.1.0
Check: package dependencies
Result: ERROR
    Package required but not available: ‘survcomp’
    
    See section ‘The DESCRIPTION file’ in the ‘Writing R Extensions’
    manual.
Flavor: r-release-osx-x86_64