CRAN Package Check Results for Package easyalluvial

Last updated on 2021-01-15 07:50:41 CET.

Flavor Version Tinstall Tcheck Ttotal Status Flags
r-devel-linux-x86_64-debian-clang 0.2.3 16.08 421.23 437.31 OK
r-devel-linux-x86_64-debian-gcc 0.3.0 11.00 294.43 305.43 OK
r-devel-linux-x86_64-fedora-clang 0.3.0 507.52 NOTE
r-devel-linux-x86_64-fedora-gcc 0.3.0 504.94 NOTE
r-devel-windows-ix86+x86_64 0.2.3 34.00 468.00 502.00 OK
r-patched-linux-x86_64 0.3.0 15.36 387.02 402.38 OK
r-patched-solaris-x86 0.3.0 645.70 NOTE
r-release-linux-x86_64 0.3.0 15.05 384.65 399.70 OK
r-release-macos-x86_64 0.2.3 OK
r-release-windows-ix86+x86_64 0.2.3 31.00 375.00 406.00 OK
r-oldrel-macos-x86_64 0.3.0 NOTE
r-oldrel-windows-ix86+x86_64 0.2.3 22.00 369.00 391.00 OK

Check Details

Version: 0.3.0
Check: dependencies in R code
Result: NOTE
    Namespace in Imports field not imported from: ‘progress’
     All declared Imports should be used.
Flavors: r-devel-linux-x86_64-fedora-clang, r-devel-linux-x86_64-fedora-gcc, r-patched-solaris-x86, r-oldrel-macos-x86_64

Version: 0.3.0
Check: package dependencies
Result: NOTE
    Package suggested but not available for checking: ‘xgboost’
Flavor: r-patched-solaris-x86