CRAN Package Check Results for Package ebirdst

Last updated on 2021-01-23 06:48:13 CET.

Flavor Version Tinstall Tcheck Ttotal Status Flags
r-devel-linux-x86_64-debian-clang 0.2.2 5.40 55.81 61.21 OK
r-devel-linux-x86_64-debian-gcc 0.2.2 4.31 42.02 46.33 OK
r-devel-linux-x86_64-fedora-clang 0.2.2 81.57 NOTE
r-devel-linux-x86_64-fedora-gcc 0.2.2 70.91 NOTE
r-devel-windows-ix86+x86_64 0.2.2 12.00 76.00 88.00 OK
r-patched-linux-x86_64 0.2.2 5.08 52.67 57.75 OK
r-patched-solaris-x86 0.2.2 98.80 NOTE
r-release-linux-x86_64 0.2.2 4.87 53.40 58.27 OK
r-release-macos-x86_64 0.2.2 NOTE
r-release-windows-ix86+x86_64 0.2.2 12.00 56.00 68.00 OK
r-oldrel-macos-x86_64 0.2.2 NOTE
r-oldrel-windows-ix86+x86_64 0.2.2 8.00 70.00 78.00 OK

Check Details

Version: 0.2.2
Check: dependencies in R code
Result: NOTE
    Namespace in Imports field not imported from: ‘rappdirs’
     All declared Imports should be used.
Flavors: r-devel-linux-x86_64-fedora-clang, r-devel-linux-x86_64-fedora-gcc, r-patched-solaris-x86, r-release-macos-x86_64, r-oldrel-macos-x86_64