CRAN Package Check Results for Package eda4treeR

Last updated on 2021-01-15 07:50:41 CET.

Flavor Version Tinstall Tcheck Ttotal Status Flags
r-devel-linux-x86_64-debian-clang 0.3.0 13.92 134.59 148.51 OK
r-devel-linux-x86_64-debian-gcc 0.3.0 12.87 100.62 113.49 OK
r-devel-linux-x86_64-fedora-clang 0.3.0 183.62 NOTE
r-devel-linux-x86_64-fedora-gcc 0.3.0 175.97 NOTE
r-devel-windows-ix86+x86_64 0.3.0 36.00 163.00 199.00 OK
r-patched-linux-x86_64 0.3.0 12.37 124.21 136.58 OK
r-patched-solaris-x86 0.3.0 267.20 NOTE
r-release-linux-x86_64 0.3.0 12.73 124.50 137.23 OK
r-release-macos-x86_64 0.3.0 NOTE
r-release-windows-ix86+x86_64 0.3.0 32.00 121.00 153.00 OK
r-oldrel-macos-x86_64 0.3.0 NOTE
r-oldrel-windows-ix86+x86_64 0.3.0 19.00 116.00 135.00 OK

Check Details

Version: 0.3.0
Check: dependencies in R code
Result: NOTE
    Namespaces in Imports field not imported from:
     ‘dae’ ‘dplyr’
     All declared Imports should be used.
Flavors: r-devel-linux-x86_64-fedora-clang, r-devel-linux-x86_64-fedora-gcc, r-patched-solaris-x86, r-release-macos-x86_64, r-oldrel-macos-x86_64