CRAN Package Check Results for Package eda4treeR

Last updated on 2019-11-19 13:47:37 CET.

Flavor Version Tinstall Tcheck Ttotal Status Flags
r-devel-linux-x86_64-debian-clang 0.2.0 11.16 106.44 117.60 OK
r-devel-linux-x86_64-debian-gcc 0.2.0 11.22 85.52 96.74 OK
r-devel-linux-x86_64-fedora-clang 0.2.0 143.52 NOTE
r-devel-linux-x86_64-fedora-gcc 0.2.0 141.32 NOTE
r-devel-windows-ix86+x86_64 0.2.0 54.00 152.00 206.00 OK
r-devel-windows-ix86+x86_64-gcc8 0.2.0 28.00 121.00 149.00 OK
r-patched-linux-x86_64 0.2.0 11.11 96.99 108.10 OK
r-patched-solaris-x86 0.2.0 227.30 NOTE
r-release-linux-x86_64 0.2.0 9.71 98.11 107.82 OK
r-release-windows-ix86+x86_64 0.2.0 28.00 186.00 214.00 OK
r-release-osx-x86_64 0.2.0 NOTE
r-oldrel-windows-ix86+x86_64 0.2.0 14.00 184.00 198.00 OK
r-oldrel-osx-x86_64 0.2.0 NOTE

Check Details

Version: 0.2.0
Check: dependencies in R code
Result: NOTE
    Namespaces in Imports field not imported from:
     ‘dae’ ‘dplyr’
     All declared Imports should be used.
Flavors: r-devel-linux-x86_64-fedora-clang, r-devel-linux-x86_64-fedora-gcc, r-patched-solaris-x86, r-release-osx-x86_64, r-oldrel-osx-x86_64