CRAN Package Check Results for Package eeptools

Last updated on 2020-02-21 13:47:35 CET.

Flavor Version Tinstall Tcheck Ttotal Status Flags
r-devel-linux-x86_64-debian-clang 1.2.2 11.45 133.91 145.36 ERROR
r-devel-linux-x86_64-debian-gcc 1.2.2 11.42 101.77 113.19 OK
r-devel-linux-x86_64-fedora-clang 1.2.2 174.81 OK
r-devel-linux-x86_64-fedora-gcc 1.2.2 168.73 OK
r-devel-windows-ix86+x86_64 1.2.2 31.00 153.00 184.00 OK
r-devel-windows-ix86+x86_64-gcc8 1.2.2 58.00 246.00 304.00 OK
r-patched-linux-x86_64 1.2.2 11.27 117.08 128.35 OK
r-patched-solaris-x86 1.2.2 231.50 OK
r-release-linux-x86_64 1.2.2 10.77 116.92 127.69 OK
r-release-windows-ix86+x86_64 1.2.2 25.00 160.00 185.00 OK
r-release-osx-x86_64 1.2.2 OK
r-oldrel-windows-ix86+x86_64 1.2.2 19.00 153.00 172.00 OK
r-oldrel-osx-x86_64 1.2.2 OK

Check Details

Version: 1.2.2
Check: tests
Result: ERROR
     Running 'test-all.R' [18s/19s]
    Running the tests in 'tests/test-all.R' failed.
    Complete output:
     > library(testthat)
     > library(eeptools)
     Loading required package: ggplot2
     >
     > test_check("eeptools")
     -- 1. Failure: moves_calc gets the correct results (@test-calculators.R#210) --
     `moves` not equal to `correct_result`.
     Component "sid": Modes: character, numeric
     Component "sid": Attributes: < target is NULL, current is list >
     Component "sid": target is character, current is factor
    
     == testthat results ===========================================================
     [ OK: 509 | SKIPPED: 0 | WARNINGS: 29 | FAILED: 1 ]
     1. Failure: moves_calc gets the correct results (@test-calculators.R#210)
    
     Error: testthat unit tests failed
     Execution halted
Flavor: r-devel-linux-x86_64-debian-clang