Last updated on 2021-01-22 07:49:36 CET.
Flavor | Version | Tinstall | Tcheck | Ttotal | Status | Flags |
---|---|---|---|---|---|---|
r-devel-linux-x86_64-debian-clang | 0.4.0 | 4.38 | 67.67 | 72.05 | OK | |
r-devel-linux-x86_64-debian-gcc | 0.4.0 | 3.70 | 53.53 | 57.23 | OK | |
r-devel-linux-x86_64-fedora-clang | 0.4.0 | 92.45 | NOTE | |||
r-devel-linux-x86_64-fedora-gcc | 0.4.0 | 82.25 | NOTE | |||
r-devel-windows-ix86+x86_64 | 0.4.0 | 11.00 | 104.00 | 115.00 | OK | |
r-patched-linux-x86_64 | 0.4.0 | 4.78 | 66.15 | 70.93 | OK | |
r-patched-solaris-x86 | 0.4.0 | 131.30 | NOTE | |||
r-release-linux-x86_64 | 0.4.0 | 4.51 | 66.82 | 71.33 | OK | |
r-release-macos-x86_64 | 0.4.0 | NOTE | ||||
r-release-windows-ix86+x86_64 | 0.4.0 | 18.00 | 109.00 | 127.00 | OK | |
r-oldrel-macos-x86_64 | 0.4.0 | NOTE | ||||
r-oldrel-windows-ix86+x86_64 | 0.4.0 | 6.00 | 82.00 | 88.00 | OK |
Version: 0.4.0
Check: package dependencies
Result: NOTE
Imports includes 22 non-default packages.
Importing from so many packages makes the package vulnerable to any of
them becoming unavailable. Move as many as possible to Suggests and
use conditionally.
Flavor: r-devel-linux-x86_64-fedora-clang
Version: 0.4.0
Check: dependencies in R code
Result: NOTE
Namespaces in Imports field not imported from:
‘readr’ ‘tidyverse’
All declared Imports should be used.
Flavors: r-devel-linux-x86_64-fedora-clang, r-devel-linux-x86_64-fedora-gcc, r-patched-solaris-x86, r-release-macos-x86_64, r-oldrel-macos-x86_64
Version: 0.4.0
Check: data for non-ASCII characters
Result: NOTE
Note: found 1 marked Latin-1 string
Note: found 721 marked UTF-8 strings
Flavors: r-devel-linux-x86_64-fedora-clang, r-devel-linux-x86_64-fedora-gcc, r-patched-solaris-x86, r-release-macos-x86_64, r-oldrel-macos-x86_64