CRAN Package Check Results for Package estudy2

Last updated on 2019-12-06 13:48:33 CET.

Flavor Version Tinstall Tcheck Ttotal Status Flags
r-devel-linux-x86_64-debian-clang 0.9.0 20.72 42.94 63.66 ERROR
r-devel-linux-x86_64-debian-gcc 0.9.0 12.58 34.39 46.97 ERROR
r-devel-linux-x86_64-fedora-clang 0.9.0 78.43 OK
r-devel-linux-x86_64-fedora-gcc 0.9.0 73.36 OK
r-devel-windows-ix86+x86_64 0.9.0 39.00 111.00 150.00 OK
r-devel-windows-ix86+x86_64-gcc8 0.9.0 42.00 88.00 130.00 OK
r-patched-linux-x86_64 0.9.0 15.65 40.42 56.07 OK
r-patched-solaris-x86 0.9.0 92.60 OK
r-release-linux-x86_64 0.9.0 14.91 40.48 55.39 OK
r-release-windows-ix86+x86_64 0.9.0 43.00 82.00 125.00 OK
r-release-osx-x86_64 0.9.0 OK
r-oldrel-windows-ix86+x86_64 0.9.0 32.00 78.00 110.00 OK
r-oldrel-osx-x86_64 0.9.0 OK

Check Details

Version: 0.9.0
Check: examples
Result: ERROR
    Running examples in 'estudy2-Ex.R' failed
    The error most likely occurred in:
    
    > base::assign(".ptime", proc.time(), pos = "CheckExEnv")
    > ### Name: returns
    > ### Title: Constructor of an object of S3 class 'returns'.
    > ### Aliases: returns
    >
    > ### ** Examples
    >
    > ## 1. Mean-adjusted-returns model
    > ## Not run:
    > ##D library("magrittr")
    > ##D single_return <- get_prices_from_tickers("ALV.DE",
    > ##D start = as.Date("2000-01-01"),
    > ##D end = as.Date("2002-01-01"),
    > ##D quote = "Close",
    > ##D retclass = "zoo") %>%
    > ##D get_rates_from_prices(quote = "Close",
    > ##D multi_day = TRUE,
    > ##D compounding = "continuous") %>%
    > ##D returns(market_model = "mean_adj",
    > ##D estimation_start = as.Date("2001-03-26"),
    > ##D estimation_end = as.Date("2001-09-10"))
    > ## End(Not run)
    > ## The result of the code above is equivalent to:
    > data(rates)
    > single_return <- returns(rates[, "ALV.DE", drop = FALSE],
    + market_model = "mean_adj",
    + estimation_start = as.Date("2001-03-26"),
    + estimation_end = as.Date("2001-09-10"))
    Error in returns.zoo(rates[, "ALV.DE", drop = FALSE], market_model = "mean_adj", :
     The estimation window contains no data. Check ALV.DE for missing values.
    Calls: returns -> returns.zoo
    Execution halted
Flavors: r-devel-linux-x86_64-debian-clang, r-devel-linux-x86_64-debian-gcc