CRAN Package Check Results for Package etl

Last updated on 2021-01-15 07:50:42 CET.

Flavor Version Tinstall Tcheck Ttotal Status Flags
r-devel-linux-x86_64-debian-clang 0.3.9 4.02 59.88 63.90 OK
r-devel-linux-x86_64-debian-gcc 0.3.9 3.33 45.44 48.77 OK
r-devel-linux-x86_64-fedora-clang 0.3.9 86.92 NOTE
r-devel-linux-x86_64-fedora-gcc 0.3.9 86.86 NOTE
r-devel-windows-ix86+x86_64 0.3.9 12.00 100.00 112.00 OK
r-patched-linux-x86_64 0.3.9 4.32 57.89 62.21 OK
r-patched-solaris-x86 0.3.9 112.10 NOTE
r-release-linux-x86_64 0.3.9 4.05 58.06 62.11 OK
r-release-macos-x86_64 0.3.9 NOTE
r-release-windows-ix86+x86_64 0.3.9 10.00 75.00 85.00 OK
r-oldrel-macos-x86_64 0.3.9 NOTE
r-oldrel-windows-ix86+x86_64 0.3.9 7.00 70.00 77.00 OK

Check Details

Version: 0.3.9
Check: dependencies in R code
Result: NOTE
    Namespace in Imports field not imported from: ‘stringr’
     All declared Imports should be used.
Flavors: r-devel-linux-x86_64-fedora-clang, r-devel-linux-x86_64-fedora-gcc, r-patched-solaris-x86, r-release-macos-x86_64, r-oldrel-macos-x86_64