CRAN Package Check Results for Package evt0

Last updated on 2019-12-06 08:54:48 CET.

Flavor Version Tinstall Tcheck Ttotal Status Flags
r-devel-linux-x86_64-debian-clang 1.1-3 2.63 23.63 26.26 NOTE
r-devel-linux-x86_64-debian-gcc 1.1-3 2.39 18.79 21.18 NOTE
r-devel-linux-x86_64-fedora-clang 1.1-3 31.43 NOTE
r-devel-linux-x86_64-fedora-gcc 1.1-3 31.13 NOTE
r-devel-windows-ix86+x86_64 1.1-3 6.00 55.00 61.00 NOTE
r-devel-windows-ix86+x86_64-gcc8 1.1-3 6.00 37.00 43.00 NOTE
r-patched-linux-x86_64 1.1-3 2.50 22.70 25.20 NOTE
r-patched-solaris-x86 1.1-3 45.10 NOTE
r-release-linux-x86_64 1.1-3 1.93 21.73 23.66 NOTE
r-release-windows-ix86+x86_64 1.1-3 7.00 34.00 41.00 NOTE
r-release-osx-x86_64 1.1-3 NOTE
r-oldrel-windows-ix86+x86_64 1.1-3 3.00 50.00 53.00 NOTE
r-oldrel-osx-x86_64 1.1-3 NOTE

Check Details

Version: 1.1-3
Check: dependencies in R code
Result: NOTE
    Package in Depends field not imported from: 'evd'
     These packages need to be imported from (in the NAMESPACE file)
     for when this namespace is loaded but not attached.
Flavors: r-devel-linux-x86_64-debian-clang, r-devel-linux-x86_64-debian-gcc, r-devel-linux-x86_64-fedora-clang, r-devel-linux-x86_64-fedora-gcc, r-devel-windows-ix86+x86_64, r-devel-windows-ix86+x86_64-gcc8, r-patched-linux-x86_64, r-patched-solaris-x86, r-release-linux-x86_64, r-release-windows-ix86+x86_64, r-release-osx-x86_64, r-oldrel-windows-ix86+x86_64, r-oldrel-osx-x86_64

Version: 1.1-3
Check: R code for possible problems
Result: NOTE
    DPOT: no visible global function definition for 'optim'
    mop.rho: no visible global function definition for 'median'
    Undefined global functions or variables:
     median optim
    Consider adding
     importFrom("stats", "median", "optim")
    to your NAMESPACE file.
Flavors: r-devel-linux-x86_64-debian-clang, r-devel-linux-x86_64-debian-gcc, r-devel-linux-x86_64-fedora-clang, r-devel-linux-x86_64-fedora-gcc, r-devel-windows-ix86+x86_64, r-devel-windows-ix86+x86_64-gcc8, r-patched-linux-x86_64, r-patched-solaris-x86, r-release-linux-x86_64, r-release-windows-ix86+x86_64, r-release-osx-x86_64, r-oldrel-windows-ix86+x86_64, r-oldrel-osx-x86_64