CRAN Package Check Results for Package evt0

Last updated on 2019-08-19 13:46:49 CEST.

Flavor Version Tinstall Tcheck Ttotal Status Flags
r-devel-linux-x86_64-debian-clang 1.1-3 2.64 22.89 25.53 NOTE
r-devel-linux-x86_64-debian-gcc 1.1-3 2.04 18.76 20.80 NOTE
r-devel-linux-x86_64-fedora-clang 1.1-3 32.90 NOTE
r-devel-linux-x86_64-fedora-gcc 1.1-3 30.36 NOTE
r-devel-windows-ix86+x86_64 1.1-3 7.00 48.00 55.00 NOTE
r-patched-linux-x86_64 1.1-3 2.56 22.89 25.45 NOTE
r-patched-solaris-x86 1.1-3 48.20 NOTE
r-release-linux-x86_64 1.1-3 2.07 22.67 24.74 NOTE
r-release-windows-ix86+x86_64 1.1-3 5.00 39.00 44.00 NOTE
r-release-osx-x86_64 1.1-3 NOTE
r-oldrel-windows-ix86+x86_64 1.1-3 6.00 49.00 55.00 NOTE
r-oldrel-osx-x86_64 1.1-3 NOTE

Check Details

Version: 1.1-3
Check: dependencies in R code
Result: NOTE
    Package in Depends field not imported from: 'evd'
     These packages need to be imported from (in the NAMESPACE file)
     for when this namespace is loaded but not attached.
Flavors: r-devel-linux-x86_64-debian-clang, r-devel-linux-x86_64-debian-gcc, r-devel-linux-x86_64-fedora-clang, r-devel-linux-x86_64-fedora-gcc, r-devel-windows-ix86+x86_64, r-patched-linux-x86_64, r-patched-solaris-x86, r-release-linux-x86_64, r-release-windows-ix86+x86_64, r-release-osx-x86_64, r-oldrel-windows-ix86+x86_64, r-oldrel-osx-x86_64

Version: 1.1-3
Check: R code for possible problems
Result: NOTE
    DPOT: no visible global function definition for 'optim'
    mop.rho: no visible global function definition for 'median'
    Undefined global functions or variables:
     median optim
    Consider adding
     importFrom("stats", "median", "optim")
    to your NAMESPACE file.
Flavors: r-devel-linux-x86_64-debian-clang, r-devel-linux-x86_64-debian-gcc, r-devel-linux-x86_64-fedora-clang, r-devel-linux-x86_64-fedora-gcc, r-devel-windows-ix86+x86_64, r-patched-linux-x86_64, r-patched-solaris-x86, r-release-linux-x86_64, r-release-windows-ix86+x86_64, r-release-osx-x86_64, r-oldrel-windows-ix86+x86_64, r-oldrel-osx-x86_64