CRAN Package Check Results for Package fakemake

Last updated on 2019-09-15 10:48:03 CEST.

Flavor Version Tinstall Tcheck Ttotal Status Flags
r-devel-linux-x86_64-debian-clang 1.4.1 2.16 88.08 90.24 OK
r-devel-linux-x86_64-debian-gcc 1.4.1 1.92 70.47 72.39 OK
r-devel-linux-x86_64-fedora-clang 1.4.1 107.16 OK
r-devel-linux-x86_64-fedora-gcc 1.4.1 105.27 OK
r-devel-windows-ix86+x86_64 1.4.1 9.00 67.00 76.00 WARN
r-patched-linux-x86_64 1.4.1 1.92 85.79 87.71 OK
r-patched-solaris-x86 1.4.1 155.10 OK
r-release-linux-x86_64 1.4.1 2.21 85.36 87.57 OK
r-release-windows-ix86+x86_64 1.4.1 5.00 93.00 98.00 OK
r-release-osx-x86_64 1.4.1 OK
r-oldrel-windows-ix86+x86_64 1.4.1 4.00 67.00 71.00 OK
r-oldrel-osx-x86_64 1.4.1 OK

Check Details

Version: 1.4.1
Check: re-building of vignette outputs
Result: WARN
    Error(s) in re-building vignettes:
    --- re-building 'An_Introduction_to_fakemake.Rmd' using rmarkdown
    Prerequisite DESCRIPTION found.
    Prerequisite R/throw.R found.
    Prerequisite R/throw.R found.
    Prerequisite R/throw.R found.
    Prerequisite R/throw.R found.
    /usr/bin/tar: Record size = 13 blocks
    * installing *source* package 'fakepack' ...
    ** using staged installation
    ** R
    ** byte-compile and prepare package for lazy loading
    ** help
    No man pages found in package 'fakepack'
    *** installing help indices
    ** building package indices
    ** testing if installed package can be loaded from temporary location
    *** arch - i386
    *** arch - x64
    ** testing if installed package can be loaded from final location
    *** arch - i386
    *** arch - x64
    ** testing if installed package keeps a record of temporary installation path
    * DONE (fakepack)
    Prerequisite R/throw.R found.
    Prerequisite R/throw.R found.
    Prerequisite DESCRIPTION found.
    Prerequisite R/throw.R found.
    Prerequisite R/throw.R found.
    Prerequisite DESCRIPTION found.
    Prerequisite R/throw.R found.
    Prerequisite R/throw.R found.
    Prerequisite tests/testthat.R found.
    Prerequisite tests/testthat/test-throw.R found.
    Prerequisite R/throw.R found.
    Prerequisite tests/testthat.R found.
    Prerequisite tests/testthat/test-throw.R found.
    Error: processing vignette 'An_Introduction_to_fakemake.Rmd' failed with diagnostics:
    cannot open the connection
    --- failed re-building 'An_Introduction_to_fakemake.Rmd'
    
    SUMMARY: processing the following file failed:
     'An_Introduction_to_fakemake.Rmd'
    
    Error: Vignette re-building failed.
    Execution halted
Flavor: r-devel-windows-ix86+x86_64