CRAN Package Check Results for Package farff

Last updated on 2021-04-13 06:46:49 CEST.

Flavor Version Tinstall Tcheck Ttotal Status Flags
r-devel-linux-x86_64-debian-clang 1.1 4.19 45.36 49.55 NOTE
r-devel-linux-x86_64-debian-gcc 1.1 3.39 36.39 39.78 NOTE
r-devel-linux-x86_64-fedora-clang 1.1 68.84 NOTE
r-devel-linux-x86_64-fedora-gcc 1.1 57.73 NOTE
r-devel-windows-ix86+x86_64 1.1 15.00 98.00 113.00 NOTE
r-devel-windows-x86_64-gcc10-UCRT 1.1 NOTE
r-patched-linux-x86_64 1.1 4.03 44.02 48.05 OK
r-patched-solaris-x86 1.1 87.10 ERROR
r-release-linux-x86_64 1.1 4.13 44.55 48.68 OK
r-release-macos-x86_64 1.1 OK
r-release-windows-ix86+x86_64 1.1 13.00 91.00 104.00 OK
r-oldrel-macos-x86_64 1.1 OK
r-oldrel-windows-ix86+x86_64 1.1 9.00 65.00 74.00 OK

Check Details

Version: 1.1
Check: LazyData
Result: NOTE
     'LazyData' is specified without a 'data' directory
Flavors: r-devel-linux-x86_64-debian-clang, r-devel-linux-x86_64-debian-gcc, r-devel-linux-x86_64-fedora-clang, r-devel-linux-x86_64-fedora-gcc, r-devel-windows-ix86+x86_64, r-devel-windows-x86_64-gcc10-UCRT

Version: 1.1
Check: package dependencies
Result: NOTE
    Package suggested but not available for checking: ‘RWeka’
Flavor: r-patched-solaris-x86

Version: 1.1
Check: tests
Result: ERROR
     Running ‘run-all.R’
    Running the tests in ‘tests/run-all.R’ failed.
    Complete output:
     > library(testthat)
     > test_check("farff")
     Loading required package: farff
     ══ Failed tests ════════════════════════════════════════════════════════════════
     ── Error (test_quick.R:6:5): quick test with small arffs ───────────────────────
     Error: there is no package called 'RWeka'
     Backtrace:
     █
     1. └─farff:::compareRWeka(INST_ARFF_DIR, "iris.arff", data.reader = dreader) test_quick.R:6:4
     2. └─RWeka::read.arff helper.R:17:2
     3. └─base::getExportedValue(pkg, name)
     4. └─base::asNamespace(ns)
     5. └─base::getNamespace(ns)
     6. └─base::loadNamespace(name)
     7. └─base::withRestarts(stop(cond), retry_loadNamespace = function() NULL)
     8. └─base:::withOneRestart(expr, restarts[[1L]])
     9. └─base:::doWithOneRestart(return(expr), restart)
    
     [ FAIL 1 | WARN 0 | SKIP 0 | PASS 8 ]
     Error: Test failures
     Execution halted
Flavor: r-patched-solaris-x86