CRAN Package Check Results for Package fdasrvf

Last updated on 2021-04-13 06:46:49 CEST.

Flavor Version Tinstall Tcheck Ttotal Status Flags
r-devel-linux-x86_64-debian-clang 1.9.4 100.12 189.39 289.51 OK
r-devel-linux-x86_64-debian-gcc 1.9.4 65.91 141.83 207.74 OK
r-devel-linux-x86_64-fedora-clang 1.9.4 369.30 NOTE
r-devel-linux-x86_64-fedora-gcc 1.9.4 343.23 OK
r-devel-windows-ix86+x86_64 1.9.4 217.00 365.00 582.00 NOTE
r-devel-windows-x86_64-gcc10-UCRT 1.9.4 OK
r-patched-linux-x86_64 1.9.4 78.53 178.48 257.01 OK
r-patched-solaris-x86 1.9.4 414.90 OK
r-release-linux-x86_64 1.9.4 78.34 178.19 256.53 OK
r-release-macos-x86_64 1.9.4 NOTE
r-release-windows-ix86+x86_64 1.9.4 207.00 361.00 568.00 NOTE
r-oldrel-macos-x86_64 1.9.4 WARN
r-oldrel-windows-ix86+x86_64 1.9.4 141.00 244.00 385.00 OK

Check Details

Version: 1.9.4
Check: installed package size
Result: NOTE
     installed size is 6.2Mb
     sub-directories of 1Mb or more:
     data 2.3Mb
     libs 3.4Mb
Flavors: r-devel-linux-x86_64-fedora-clang, r-devel-windows-ix86+x86_64, r-release-macos-x86_64, r-release-windows-ix86+x86_64, r-oldrel-macos-x86_64

Version: 1.9.4
Check: whether package can be installed
Result: WARN
    Found the following significant warnings:
     Warning: 'rgl.init' failed, running with 'rgl.useNULL = TRUE'.
Flavor: r-oldrel-macos-x86_64