Last updated on 2021-03-07 06:48:04 CET.
Flavor | Version | Tinstall | Tcheck | Ttotal | Status | Flags |
---|---|---|---|---|---|---|
r-devel-linux-x86_64-debian-clang | 1.0.0 | 10.41 | 204.49 | 214.90 | OK | |
r-devel-linux-x86_64-debian-gcc | 1.0.0 | 8.61 | 153.88 | 162.49 | OK | |
r-devel-linux-x86_64-fedora-clang | 1.0.0 | 265.54 | NOTE | |||
r-devel-linux-x86_64-fedora-gcc | 1.0.0 | 254.88 | NOTE | |||
r-devel-windows-ix86+x86_64 | 1.0.0 | 25.00 | 274.00 | 299.00 | OK | |
r-devel-windows-x86_64-gcc10-UCRT | 1.0.0 | NOTE | ||||
r-patched-linux-x86_64 | 1.0.0 | 10.25 | 191.78 | 202.03 | OK | |
r-patched-solaris-x86 | 1.0.0 | 344.00 | NOTE | |||
r-release-linux-x86_64 | 1.0.0 | 9.76 | 191.24 | 201.00 | OK | |
r-release-macos-x86_64 | 1.0.0 | NOTE | ||||
r-release-windows-ix86+x86_64 | 1.0.0 | 21.00 | 199.00 | 220.00 | OK | |
r-oldrel-macos-x86_64 | 1.0.0 | NOTE | ||||
r-oldrel-windows-ix86+x86_64 | 1.0.0 | 17.00 | 200.00 | 217.00 | OK |
Version: 1.0.0
Check: dependencies in R code
Result: NOTE
Namespace in Imports field not imported from: ‘numDeriv’
All declared Imports should be used.
Flavors: r-devel-linux-x86_64-fedora-clang, r-devel-linux-x86_64-fedora-gcc, r-devel-windows-x86_64-gcc10-UCRT, r-patched-solaris-x86, r-release-macos-x86_64, r-oldrel-macos-x86_64