CRAN Package Check Results for Package fitteR

Last updated on 2021-01-21 07:52:53 CET.

Flavor Version Tinstall Tcheck Ttotal Status Flags
r-devel-linux-x86_64-debian-clang 0.1.0 6.33 62.93 69.26 NOTE
r-devel-linux-x86_64-debian-gcc 0.1.0 4.41 48.31 52.72 NOTE
r-devel-linux-x86_64-fedora-clang 0.1.0 92.41 NOTE
r-devel-linux-x86_64-fedora-gcc 0.1.0 80.45 NOTE
r-devel-windows-ix86+x86_64 0.1.0 12.00 69.00 81.00 OK
r-patched-linux-x86_64 0.1.0 5.62 59.38 65.00 NOTE
r-patched-solaris-x86 0.1.0 113.90 NOTE
r-release-linux-x86_64 0.1.0 5.60 60.25 65.85 NOTE
r-release-macos-x86_64 0.1.0 NOTE
r-release-windows-ix86+x86_64 0.1.0 25.00 88.00 113.00 OK
r-oldrel-macos-x86_64 0.1.0 NOTE
r-oldrel-windows-ix86+x86_64 0.1.0 10.00 60.00 70.00 OK

Check Details

Version: 0.1.0
Check: package dependencies
Result: NOTE
    Package suggested but not available for checking: 'ihs'
Flavors: r-devel-linux-x86_64-debian-clang, r-devel-linux-x86_64-debian-gcc, r-devel-linux-x86_64-fedora-clang, r-devel-linux-x86_64-fedora-gcc, r-patched-linux-x86_64, r-patched-solaris-x86, r-release-linux-x86_64

Version: 0.1.0
Check: package dependencies
Result: NOTE
    Package suggested but not available for checking: ‘ExtDist’
Flavors: r-release-macos-x86_64, r-oldrel-macos-x86_64