Last updated on 2021-01-22 07:49:37 CET.
Flavor | Version | Tinstall | Tcheck | Ttotal | Status | Flags |
---|---|---|---|---|---|---|
r-devel-linux-x86_64-debian-clang | 0.9.2 | 11.46 | 223.79 | 235.25 | OK | |
r-devel-linux-x86_64-debian-gcc | 0.9.2 | 7.90 | 165.00 | 172.90 | OK | |
r-devel-linux-x86_64-fedora-clang | 0.9.2 | 291.84 | NOTE | |||
r-devel-linux-x86_64-fedora-gcc | 0.9.2 | 288.13 | NOTE | |||
r-devel-windows-ix86+x86_64 | 0.9.2 | 20.00 | 267.00 | 287.00 | OK | |
r-patched-linux-x86_64 | 0.9.2 | 10.08 | 213.00 | 223.08 | OK | |
r-patched-solaris-x86 | 0.9.2 | 342.30 | NOTE | |||
r-release-linux-x86_64 | 0.9.2 | 10.83 | 213.95 | 224.78 | OK | |
r-release-macos-x86_64 | 0.9.2 | NOTE | ||||
r-release-windows-ix86+x86_64 | 0.9.2 | 31.00 | 275.00 | 306.00 | OK | |
r-oldrel-macos-x86_64 | 0.9.2 | NOTE | ||||
r-oldrel-windows-ix86+x86_64 | 0.9.2 | 12.00 | 189.00 | 201.00 | OK |
Version: 0.9.2
Check: package dependencies
Result: NOTE
Imports includes 21 non-default packages.
Importing from so many packages makes the package vulnerable to any of
them becoming unavailable. Move as many as possible to Suggests and
use conditionally.
Flavor: r-devel-linux-x86_64-fedora-clang
Version: 0.9.2
Check: dependencies in R code
Result: NOTE
Namespace in Imports field not imported from: ‘forcats’
All declared Imports should be used.
Flavors: r-devel-linux-x86_64-fedora-clang, r-devel-linux-x86_64-fedora-gcc, r-patched-solaris-x86, r-release-macos-x86_64, r-oldrel-macos-x86_64