CRAN Package Check Results for Package future

Last updated on 2021-04-11 06:46:59 CEST.

Flavor Version Tinstall Tcheck Ttotal Status Flags
r-devel-linux-x86_64-debian-clang 1.21.0 9.11 205.01 214.12 OK
r-devel-linux-x86_64-debian-gcc 1.21.0 6.15 154.94 161.09 OK
r-devel-linux-x86_64-fedora-clang 1.21.0 263.27 OK
r-devel-linux-x86_64-fedora-gcc 1.21.0 278.13 OK
r-devel-windows-ix86+x86_64 1.21.0 11.00 283.00 294.00 OK
r-devel-windows-x86_64-gcc10-UCRT 1.21.0 OK
r-patched-linux-x86_64 1.21.0 8.42 205.40 213.82 OK
r-patched-solaris-x86 1.21.0 123.40 OK --no-tests
r-release-linux-x86_64 1.21.0 8.33 204.88 213.21 OK
r-release-macos-x86_64 1.21.0 OK
r-release-windows-ix86+x86_64 1.21.0 12.00 385.00 397.00 OK
r-oldrel-macos-x86_64 1.21.0 NOTE
r-oldrel-windows-ix86+x86_64 1.21.0 12.00 282.00 294.00 NOTE

Additional issues

M1mac

Check Details

Version: 1.21.0
Check: R code for possible problems
Result: NOTE
    getExpression.ClusterFuture: Error while checking: no local variable
     entry
    getExpression.Future: Error while checking: no local variable entry
    getExpression.MulticoreFuture: Error while checking: no local variable
     entry
    getExpression.UniprocessFuture: no visible global function definition
     for ‘.’
    makeExpression: no visible global function definition for ‘.’
    makeExpression: Error while checking: no local variable entry
    tweak.future: no visible global function definition for ‘..’
    Undefined global functions or variables:
     . ..
Flavors: r-oldrel-macos-x86_64, r-oldrel-windows-ix86+x86_64