CRAN Package Check Results for Package fuzzywuzzyR

Last updated on 2020-07-12 13:46:57 CEST.

Flavor Version Tinstall Tcheck Ttotal Status Flags
r-devel-linux-x86_64-debian-clang 1.0.3 11.23 77.79 89.02 OK
r-devel-linux-x86_64-debian-gcc 1.0.3 9.81 60.94 70.75 OK
r-devel-linux-x86_64-fedora-clang 1.0.3 149.07 OK
r-devel-linux-x86_64-fedora-gcc 1.0.3 140.07 OK
r-devel-windows-ix86+x86_64 1.0.3 35.00 459.00 494.00 NOTE
r-patched-linux-x86_64 1.0.3 11.64 76.52 88.16 OK
r-patched-solaris-x86 1.0.3 157.80 OK
r-release-linux-x86_64 1.0.3 10.35 76.88 87.23 OK
r-release-macos-x86_64 1.0.3 OK
r-release-windows-ix86+x86_64 1.0.3 34.00 312.00 346.00 NOTE
r-oldrel-macos-x86_64 1.0.3 OK
r-oldrel-windows-ix86+x86_64 1.0.3 38.00 317.00 355.00 NOTE

Check Details

Version: 1.0.3
Check: whether the namespace can be loaded with stated dependencies
Result: NOTE
    Warning in system2(command = python, args = paste0("\"", config_script, :
     running command '"C:/Users/CRAN/AppData/Local/r-miniconda/envs/r-reticulate/python.exe" "d:/RCompile/CRANpkg/lib/4.1/reticulate/config/config.py"' had status 2
    
    A namespace must be able to be loaded with just the base namespace
    loaded: otherwise if the namespace gets loaded by a saved object, the
    session will be unable to start.
    
    Probably some imports need to be declared in the NAMESPACE file.
Flavor: r-devel-windows-ix86+x86_64

Version: 1.0.3
Check: whether the namespace can be loaded with stated dependencies
Result: NOTE
    Warning in system2(command = python, args = paste0("\"", config_script, :
     running command '"C:/Users/CRAN/AppData/Local/r-miniconda/envs/r-reticulate/python.exe" "d:/RCompile/CRANpkg/lib/4.0/reticulate/config/config.py"' had status 2
    
    A namespace must be able to be loaded with just the base namespace
    loaded: otherwise if the namespace gets loaded by a saved object, the
    session will be unable to start.
    
    Probably some imports need to be declared in the NAMESPACE file.
Flavor: r-release-windows-ix86+x86_64

Version: 1.0.3
Check: whether the namespace can be loaded with stated dependencies
Result: NOTE
    Warning in system2(command = python, args = paste0("\"", config_script, :
     running command '"C:/Users/CRAN/AppData/Local/r-miniconda/envs/r-reticulate/python.exe" "d:/RCompile/CRANpkg/lib/3.6/reticulate/config/config.py"' had status 2
    
    A namespace must be able to be loaded with just the base namespace
    loaded: otherwise if the namespace gets loaded by a saved object, the
    session will be unable to start.
    
    Probably some imports need to be declared in the NAMESPACE file.
Flavor: r-oldrel-windows-ix86+x86_64