CRAN Package Check Results for Package gRapfa

Last updated on 2019-12-06 13:48:35 CET.

Flavor Version Tinstall Tcheck Ttotal Status Flags
r-devel-linux-x86_64-debian-clang 1.0 3.16 29.66 32.82 NOTE
r-devel-linux-x86_64-debian-gcc 1.0 2.57 23.85 26.42 NOTE
r-devel-linux-x86_64-fedora-clang 1.0 38.31 NOTE
r-devel-linux-x86_64-fedora-gcc 1.0 40.15 NOTE
r-devel-windows-ix86+x86_64 1.0 7.00 65.00 72.00 NOTE
r-devel-windows-ix86+x86_64-gcc8 1.0 7.00 46.00 53.00 NOTE
r-patched-linux-x86_64 1.0 2.91 27.99 30.90 NOTE
r-patched-solaris-x86 1.0 58.30 NOTE
r-release-linux-x86_64 1.0 2.36 27.47 29.83 NOTE
r-release-windows-ix86+x86_64 1.0 9.00 43.00 52.00 NOTE
r-release-osx-x86_64 1.0 NOTE
r-oldrel-windows-ix86+x86_64 1.0 4.00 52.00 56.00 NOTE
r-oldrel-osx-x86_64 1.0 NOTE

Check Details

Version: 1.0
Check: R code for possible problems
Result: NOTE
    KL: no visible global function definition for 'complete.cases'
    MergeNodes: no visible global function definition for 'colors'
    cross.validate: no visible global function definition for 'runif'
    fit.APFA: no visible global function definition for 'complete.cases'
    fit.APFA: no visible global function definition for 'aggregate'
    select.beagle: no visible global function definition for 'write.table'
    select.beagle: no visible global function definition for 'aggregate'
    select.beagle: no visible global function definition for 'colors'
    simulateAPFA: no visible global function definition for 'runif'
    st: no visible global function definition for 'colors'
    Undefined global functions or variables:
     aggregate colors complete.cases runif write.table
    Consider adding
     importFrom("grDevices", "colors")
     importFrom("stats", "aggregate", "complete.cases", "runif")
     importFrom("utils", "write.table")
    to your NAMESPACE file.
Flavors: r-devel-linux-x86_64-debian-clang, r-devel-linux-x86_64-debian-gcc, r-devel-linux-x86_64-fedora-clang, r-devel-linux-x86_64-fedora-gcc, r-devel-windows-ix86+x86_64, r-devel-windows-ix86+x86_64-gcc8, r-patched-linux-x86_64, r-patched-solaris-x86, r-release-linux-x86_64, r-release-windows-ix86+x86_64, r-release-osx-x86_64, r-oldrel-windows-ix86+x86_64, r-oldrel-osx-x86_64