CRAN Package Check Results for Package gRapfa

Last updated on 2019-08-19 13:46:51 CEST.

Flavor Version Tinstall Tcheck Ttotal Status Flags
r-devel-linux-x86_64-debian-clang 1.0 2.83 28.40 31.23 NOTE
r-devel-linux-x86_64-debian-gcc 1.0 2.61 22.92 25.53 NOTE
r-devel-linux-x86_64-fedora-clang 1.0 39.50 NOTE
r-devel-linux-x86_64-fedora-gcc 1.0 37.11 NOTE
r-devel-windows-ix86+x86_64 1.0 10.00 64.00 74.00 NOTE
r-patched-linux-x86_64 1.0 2.76 28.14 30.90 NOTE
r-patched-solaris-x86 1.0 65.00 NOTE
r-release-linux-x86_64 1.0 2.94 28.50 31.44 NOTE
r-release-windows-ix86+x86_64 1.0 4.00 46.00 50.00 NOTE
r-release-osx-x86_64 1.0 NOTE
r-oldrel-windows-ix86+x86_64 1.0 6.00 57.00 63.00 NOTE
r-oldrel-osx-x86_64 1.0 NOTE

Check Details

Version: 1.0
Check: R code for possible problems
Result: NOTE
    KL: no visible global function definition for 'complete.cases'
    MergeNodes: no visible global function definition for 'colors'
    cross.validate: no visible global function definition for 'runif'
    fit.APFA: no visible global function definition for 'complete.cases'
    fit.APFA: no visible global function definition for 'aggregate'
    select.beagle: no visible global function definition for 'write.table'
    select.beagle: no visible global function definition for 'aggregate'
    select.beagle: no visible global function definition for 'colors'
    simulateAPFA: no visible global function definition for 'runif'
    st: no visible global function definition for 'colors'
    Undefined global functions or variables:
     aggregate colors complete.cases runif write.table
    Consider adding
     importFrom("grDevices", "colors")
     importFrom("stats", "aggregate", "complete.cases", "runif")
     importFrom("utils", "write.table")
    to your NAMESPACE file.
Flavors: r-devel-linux-x86_64-debian-clang, r-devel-linux-x86_64-debian-gcc, r-devel-linux-x86_64-fedora-clang, r-devel-linux-x86_64-fedora-gcc, r-devel-windows-ix86+x86_64, r-patched-linux-x86_64, r-patched-solaris-x86, r-release-linux-x86_64, r-release-windows-ix86+x86_64, r-release-osx-x86_64, r-oldrel-windows-ix86+x86_64, r-oldrel-osx-x86_64