CRAN Package Check Results for Package gapfill

Last updated on 2019-09-15 07:48:43 CEST.

Flavor Version Tinstall Tcheck Ttotal Status Flags
r-devel-linux-x86_64-debian-clang 0.9.6 23.31 105.35 128.66 OK
r-devel-linux-x86_64-debian-gcc 0.9.6 17.85 81.15 99.00 OK
r-devel-linux-x86_64-fedora-clang 0.9.6 157.52 OK
r-devel-linux-x86_64-fedora-gcc 0.9.6 150.51 OK
r-devel-windows-ix86+x86_64 0.9.6 78.00 171.00 249.00 OK
r-patched-linux-x86_64 0.9.6 18.56 99.84 118.40 OK
r-patched-solaris-x86 0.9.6 197.50 OK
r-release-linux-x86_64 0.9.6 17.18 98.98 116.16 OK
r-release-windows-ix86+x86_64 0.9.6 48.00 150.00 198.00 OK
r-release-osx-x86_64 0.9.6 NOTE
r-oldrel-windows-ix86+x86_64 0.9.6 50.00 160.00 210.00 OK
r-oldrel-osx-x86_64 0.9.6 NOTE

Check Details

Version: 0.9.6
Check: package dependencies
Result: NOTE
    Package which this enhances but not available for checking: ‘doMPI’
Flavors: r-release-osx-x86_64, r-oldrel-osx-x86_64