CRAN Package Check Results for Package gdalUtils

Last updated on 2019-09-23 13:46:19 CEST.

Flavor Version Tinstall Tcheck Ttotal Status Flags
r-devel-linux-x86_64-debian-clang 2.0.1.14 9.32 114.82 124.14 NOTE
r-devel-linux-x86_64-debian-gcc 2.0.1.14 9.02 92.51 101.53 NOTE
r-devel-linux-x86_64-fedora-clang 2.0.1.14 165.85 NOTE
r-devel-linux-x86_64-fedora-gcc 2.0.1.14 164.70 NOTE
r-devel-windows-ix86+x86_64 2.0.1.14 25.00 190.00 215.00 OK
r-patched-linux-x86_64 2.0.1.14 10.24 113.58 123.82 OK
r-patched-solaris-x86 2.0.1.14 185.60 OK
r-release-linux-x86_64 2.0.1.14 10.04 114.61 124.65 OK
r-release-windows-ix86+x86_64 2.0.1.14 25.00 176.00 201.00 OK
r-release-osx-x86_64 2.0.1.14 OK
r-oldrel-windows-ix86+x86_64 2.0.1.14 10.00 147.00 157.00 OK
r-oldrel-osx-x86_64 2.0.1.14 OK

Check Details

Version: 2.0.1.14
Check: for non-standard things in the check directory
Result: NOTE
    Found the following files/directories:
     'output_aspect.tif' 'output_hillshade.tif' 'output_slope.tif'
     'tahoe_highrez_tiled.tif' 'tahoe_highrez_utm11.tif'
     'test_mosaic.envi' 'test_mosaic.hdr'
Flavors: r-devel-linux-x86_64-debian-clang, r-devel-linux-x86_64-debian-gcc, r-devel-linux-x86_64-fedora-clang, r-devel-linux-x86_64-fedora-gcc