CRAN Package Check Results for Package gee

Last updated on 2020-02-21 13:47:37 CET.

Flavor Version Tinstall Tcheck Ttotal Status Flags
r-devel-linux-x86_64-debian-clang 4.13-20 9.81 22.07 31.88 NOTE
r-devel-linux-x86_64-debian-gcc 4.13-20 2.91 16.97 19.88 NOTE
r-devel-linux-x86_64-fedora-clang 4.13-20 39.45 NOTE
r-devel-linux-x86_64-fedora-gcc 4.13-20 31.70 NOTE
r-devel-windows-ix86+x86_64 4.13-20 12.00 40.00 52.00 OK
r-devel-windows-ix86+x86_64-gcc8 4.13-20 16.00 57.00 73.00 OK
r-patched-linux-x86_64 4.13-20 3.00 19.72 22.72 NOTE
r-patched-solaris-x86 4.13-20 45.50 OK
r-release-linux-x86_64 4.13-20 2.95 19.75 22.70 NOTE
r-release-windows-ix86+x86_64 4.13-20 10.00 45.00 55.00 OK
r-release-osx-x86_64 4.13-20 OK
r-oldrel-windows-ix86+x86_64 4.13-20 9.00 39.00 48.00 OK
r-oldrel-osx-x86_64 4.13-20 OK

Check Details

Version: 4.13-20
Check: top-level files
Result: NOTE
    Non-standard files/directories found at top level:
     'README.too' 'blurb'
Flavors: r-devel-linux-x86_64-debian-clang, r-devel-linux-x86_64-debian-gcc, r-devel-linux-x86_64-fedora-clang, r-devel-linux-x86_64-fedora-gcc, r-patched-linux-x86_64, r-release-linux-x86_64