CRAN Package Check Results for Package gee

Last updated on 2019-09-19 11:46:57 CEST.

Flavor Version Tinstall Tcheck Ttotal Status Flags
r-devel-linux-x86_64-debian-clang 4.13-19 8.36 19.63 27.99 NOTE
r-devel-linux-x86_64-debian-gcc 4.13-19 3.07 16.04 19.11 NOTE
r-devel-linux-x86_64-fedora-clang 4.13-19 37.48 NOTE
r-devel-linux-x86_64-fedora-gcc 4.13-19 29.13 NOTE
r-devel-windows-ix86+x86_64 4.13-19 18.00 41.00 59.00 OK
r-patched-linux-x86_64 4.13-19 3.59 19.53 23.12 NOTE
r-patched-solaris-x86 4.13-19 45.10 OK
r-release-linux-x86_64 4.13-19 3.46 19.64 23.10 NOTE
r-release-windows-ix86+x86_64 4.13-19 10.00 59.00 69.00 OK
r-release-osx-x86_64 4.13-19 OK
r-oldrel-windows-ix86+x86_64 4.13-19 9.00 67.00 76.00 OK
r-oldrel-osx-x86_64 4.13-19 OK

Check Details

Version: 4.13-19
Check: top-level files
Result: NOTE
    Non-standard files/directories found at top level:
     'README.too' 'blurb'
Flavors: r-devel-linux-x86_64-debian-clang, r-devel-linux-x86_64-debian-gcc, r-devel-linux-x86_64-fedora-clang, r-devel-linux-x86_64-fedora-gcc, r-patched-linux-x86_64, r-release-linux-x86_64