CRAN Package Check Results for Package gemtc

Last updated on 2019-12-13 11:49:45 CET.

Flavor Version Tinstall Tcheck Ttotal Status Flags
r-devel-linux-x86_64-debian-clang 0.8-2 9.19 104.79 113.98 NOTE
r-devel-linux-x86_64-debian-gcc 0.8-2 6.61 80.27 86.88 NOTE
r-devel-linux-x86_64-fedora-clang 0.8-2 133.87 NOTE
r-devel-linux-x86_64-fedora-gcc 0.8-2 142.98 NOTE
r-devel-windows-ix86+x86_64 0.8-2 18.00 234.00 252.00 OK
r-devel-windows-ix86+x86_64-gcc8 0.8-2 19.00 233.00 252.00 OK
r-patched-linux-x86_64 0.8-2 7.80 93.64 101.44 OK
r-patched-solaris-x86 0.8-2 175.50 OK
r-release-linux-x86_64 0.8-2 8.42 93.69 102.11 OK
r-release-windows-ix86+x86_64 0.8-2 17.00 151.00 168.00 OK
r-release-osx-x86_64 0.8-2 OK
r-oldrel-windows-ix86+x86_64 0.8-2 12.00 145.00 157.00 OK
r-oldrel-osx-x86_64 0.8-2 OK

Check Details

Version: 0.8-2
Check: for non-standard things in the check directory
Result: NOTE
    Found the following files/directories:
     'smoking-effects.csv'
Flavors: r-devel-linux-x86_64-debian-clang, r-devel-linux-x86_64-debian-gcc, r-devel-linux-x86_64-fedora-clang, r-devel-linux-x86_64-fedora-gcc

Version: 0.8-2
Check: compiled code
Result: NOTE
    File ‘gemtc/libs/gemtc.so’:
     Found no calls to: ‘R_registerRoutines’, ‘R_useDynamicSymbols’
    
    It is good practice to register native routines and to disable symbol
    search.
    
    See ‘Writing portable packages’ in the ‘Writing R Extensions’ manual.
Flavors: r-devel-linux-x86_64-fedora-clang, r-devel-linux-x86_64-fedora-gcc