CRAN Package Check Results for Package geojsonio

Last updated on 2019-11-13 13:47:01 CET.

Flavor Version Tinstall Tcheck Ttotal Status Flags
r-devel-linux-x86_64-debian-clang 0.8.0 11.35 171.26 182.61 OK
r-devel-linux-x86_64-debian-gcc 0.8.0 9.28 139.77 149.05 OK
r-devel-linux-x86_64-fedora-clang 0.8.0 200.28 OK
r-devel-linux-x86_64-fedora-gcc 0.8.0 203.44 OK
r-devel-windows-ix86+x86_64 0.8.0 41.00 137.00 178.00 OK
r-patched-linux-x86_64 0.8.0 11.26 170.92 182.18 OK
r-patched-solaris-x86 0.8.0 205.20 NOTE
r-release-linux-x86_64 0.8.0 10.04 172.04 182.08 OK
r-release-windows-ix86+x86_64 0.8.0 37.00 202.00 239.00 OK
r-release-osx-x86_64 0.8.0 OK
r-oldrel-windows-ix86+x86_64 0.8.0 18.00 192.00 210.00 OK
r-oldrel-osx-x86_64 0.8.0 OK

Check Details

Version: 0.8.0
Check: package dependencies
Result: NOTE
    Package suggested but not available for checking: ‘RPostgres’
Flavor: r-patched-solaris-x86