Last updated on 2021-01-18 06:46:34 CET.
Flavor | Version | Tinstall | Tcheck | Ttotal | Status | Flags |
---|---|---|---|---|---|---|
r-devel-linux-x86_64-debian-clang | 0.2.5 | 62.36 | 238.61 | 300.97 | OK | |
r-devel-linux-x86_64-debian-gcc | 0.2.5 | 40.55 | 174.35 | 214.90 | OK | |
r-devel-linux-x86_64-fedora-clang | 0.2.5 | 362.63 | NOTE | |||
r-devel-linux-x86_64-fedora-gcc | 0.2.5 | 363.18 | NOTE | |||
r-devel-windows-ix86+x86_64 | 0.2.5 | 101.00 | 311.00 | 412.00 | OK | |
r-patched-linux-x86_64 | 0.2.5 | 48.25 | 219.27 | 267.52 | OK | |
r-patched-solaris-x86 | 0.2.5 | 441.90 | NOTE | |||
r-release-linux-x86_64 | 0.2.5 | 46.00 | 220.05 | 266.05 | OK | |
r-release-macos-x86_64 | 0.2.5 | NOTE | ||||
r-release-windows-ix86+x86_64 | 0.2.5 | 106.00 | 298.00 | 404.00 | OK | |
r-oldrel-macos-x86_64 | 0.2.5 | NOTE | ||||
r-oldrel-windows-ix86+x86_64 | 0.2.5 | 114.00 | 349.00 | 463.00 | OK |
Version: 0.2.5
Check: dependencies in R code
Result: NOTE
Namespaces in Imports field not imported from:
‘Rcpp’ ‘readr’
All declared Imports should be used.
Flavors: r-devel-linux-x86_64-fedora-clang, r-devel-linux-x86_64-fedora-gcc, r-patched-solaris-x86, r-release-macos-x86_64, r-oldrel-macos-x86_64