Last updated on 2021-04-13 06:46:51 CEST.
Flavor | Version | Tinstall | Tcheck | Ttotal | Status | Flags |
---|---|---|---|---|---|---|
r-devel-linux-x86_64-debian-clang | 0.0.2 | 9.08 | 36.34 | 45.42 | NOTE | |
r-devel-linux-x86_64-debian-gcc | 0.0.2 | 6.15 | 28.02 | 34.17 | NOTE | |
r-devel-linux-x86_64-fedora-clang | 0.0.2 | 65.99 | NOTE | |||
r-devel-linux-x86_64-fedora-gcc | 0.0.2 | 53.79 | NOTE | |||
r-devel-windows-ix86+x86_64 | 0.0.2 | 27.00 | 67.00 | 94.00 | NOTE | |
r-devel-windows-x86_64-gcc10-UCRT | 0.0.2 | NOTE | ||||
r-patched-linux-x86_64 | 0.0.2 | 7.64 | 34.67 | 42.31 | OK | |
r-patched-solaris-x86 | 0.0.2 | 76.50 | OK | |||
r-release-linux-x86_64 | 0.0.2 | 8.52 | 34.52 | 43.04 | OK | |
r-release-macos-x86_64 | 0.0.2 | OK | ||||
r-release-windows-ix86+x86_64 | 0.0.2 | 23.00 | 70.00 | 93.00 | OK | |
r-oldrel-macos-x86_64 | 0.0.2 | OK | ||||
r-oldrel-windows-ix86+x86_64 | 0.0.2 | 24.00 | 50.00 | 74.00 | OK |
Version: 0.0.2
Check: LazyData
Result: NOTE
'LazyData' is specified without a 'data' directory
Flavors: r-devel-linux-x86_64-debian-clang, r-devel-linux-x86_64-debian-gcc, r-devel-linux-x86_64-fedora-clang, r-devel-linux-x86_64-fedora-gcc, r-devel-windows-ix86+x86_64, r-devel-windows-x86_64-gcc10-UCRT