CRAN Package Check Results for Package getProxy

Last updated on 2019-08-23 13:46:53 CEST.

Flavor Version Tinstall Tcheck Ttotal Status Flags
r-devel-linux-x86_64-debian-clang 1.12 2.37 24.16 26.53 OK
r-devel-linux-x86_64-debian-gcc 1.12 OK
r-devel-linux-x86_64-fedora-clang 1.12 33.16 NOTE
r-devel-linux-x86_64-fedora-gcc 1.12 31.39 NOTE
r-devel-windows-ix86+x86_64 1.12 8.00 50.00 58.00 OK
r-patched-linux-x86_64 1.12 2.29 23.10 25.39 OK
r-patched-solaris-x86 1.12 52.80 NOTE
r-release-linux-x86_64 1.12 1.96 23.64 25.60 OK
r-release-windows-ix86+x86_64 1.12 7.00 49.00 56.00 OK
r-release-osx-x86_64 1.12 NOTE
r-oldrel-windows-ix86+x86_64 1.12 5.00 49.00 54.00 OK
r-oldrel-osx-x86_64 1.12 NOTE

Check Details

Version: 1.12
Check: dependencies in R code
Result: NOTE
    Namespaces in Imports field not imported from:
     ‘bitops’ ‘data.table’ ‘dplyr’ ‘httr’
     All declared Imports should be used.
Flavors: r-devel-linux-x86_64-fedora-clang, r-devel-linux-x86_64-fedora-gcc, r-patched-solaris-x86, r-release-osx-x86_64, r-oldrel-osx-x86_64