CRAN Package Check Results for Package getProxy

Last updated on 2020-01-25 13:46:40 CET.

Flavor Version Tinstall Tcheck Ttotal Status Flags
r-devel-linux-x86_64-debian-clang 1.12 2.50 24.96 27.46 OK
r-devel-linux-x86_64-debian-gcc 1.12 2.13 20.11 22.24 OK
r-devel-linux-x86_64-fedora-clang 1.12 34.45 NOTE
r-devel-linux-x86_64-fedora-gcc 1.12 33.66 NOTE
r-devel-windows-ix86+x86_64 1.12 7.00 54.00 61.00 OK
r-devel-windows-ix86+x86_64-gcc8 1.12 12.00 41.00 53.00 OK
r-patched-linux-x86_64 1.12 2.11 22.92 25.03 OK
r-patched-solaris-x86 1.12 50.50 NOTE
r-release-linux-x86_64 1.12 1.73 22.87 24.60 OK
r-release-windows-ix86+x86_64 1.12 5.00 35.00 40.00 OK
r-release-osx-x86_64 1.12 NOTE
r-oldrel-windows-ix86+x86_64 1.12 3.00 33.00 36.00 OK
r-oldrel-osx-x86_64 1.12 NOTE

Check Details

Version: 1.12
Check: dependencies in R code
Result: NOTE
    Namespaces in Imports field not imported from:
     ‘bitops’ ‘data.table’ ‘dplyr’ ‘httr’
     All declared Imports should be used.
Flavors: r-devel-linux-x86_64-fedora-clang, r-devel-linux-x86_64-fedora-gcc, r-patched-solaris-x86, r-release-osx-x86_64, r-oldrel-osx-x86_64