CRAN Package Check Results for Package gfer

Last updated on 2019-07-16 07:50:46 CEST.

Flavor Version Tinstall Tcheck Ttotal Status Flags
r-devel-linux-x86_64-debian-clang 0.1.10 8.62 68.82 77.44 OK
r-devel-linux-x86_64-debian-gcc 0.1.10 6.45 53.59 60.04 OK
r-devel-linux-x86_64-fedora-clang 0.1.10 71.16 NOTE
r-devel-linux-x86_64-fedora-gcc 0.1.10 75.15 NOTE
r-devel-windows-ix86+x86_64 0.1.10 28.00 251.00 279.00 OK
r-patched-linux-x86_64 0.1.10 9.52 67.00 76.52 OK
r-patched-solaris-x86 0.1.10 118.70 NOTE
r-release-linux-x86_64 0.1.10 8.36 67.88 76.24 OK
r-release-windows-ix86+x86_64 0.1.10 23.00 144.00 167.00 OK
r-release-osx-x86_64 0.1.10 NOTE
r-oldrel-windows-ix86+x86_64 0.1.10 22.00 85.00 107.00 OK
r-oldrel-osx-x86_64 0.1.10 NOTE

Check Details

Version: 0.1.10
Check: dependencies in R code
Result: NOTE
    Namespace in Imports field not imported from: ‘tidyr’
     All declared Imports should be used.
Flavors: r-devel-linux-x86_64-fedora-clang, r-devel-linux-x86_64-fedora-gcc, r-patched-solaris-x86, r-release-osx-x86_64, r-oldrel-osx-x86_64