CRAN Package Check Results for Package ggBubbles

Last updated on 2020-10-29 13:48:45 CET.

Flavor Version Tinstall Tcheck Ttotal Status Flags
r-devel-linux-x86_64-debian-clang 0.1.4 4.32 50.88 55.20 OK
r-devel-linux-x86_64-debian-gcc 0.1.4 3.75 37.42 41.17 OK
r-devel-linux-x86_64-fedora-clang 0.1.4 78.49 OK
r-devel-linux-x86_64-fedora-gcc 0.1.4 68.69 OK
r-devel-windows-ix86+x86_64 0.1.4 11.00 71.00 82.00 OK
r-patched-linux-x86_64 0.1.4 4.72 46.96 51.68 OK
r-patched-solaris-x86 0.1.4 77.80 WARN
r-release-linux-x86_64 0.1.4 4.53 46.56 51.09 OK
r-release-macos-x86_64 0.1.4 WARN
r-release-windows-ix86+x86_64 0.1.4 9.00 57.00 66.00 WARN
r-oldrel-macos-x86_64 0.1.4 WARN
r-oldrel-windows-ix86+x86_64 0.1.4 9.00 53.00 62.00 WARN

Check Details

Version: 0.1.4
Check: re-building of vignette outputs
Result: WARN
    Error(s) in re-building vignettes:
     ...
    --- re-building ‘ggBubbles.Rmd’ using rmarkdown
    Warning in engine$weave(file, quiet = quiet, encoding = enc) :
     Pandoc (>= 1.12.3) and/or pandoc-citeproc not available. Falling back to R Markdown v1.
    Loading required package: knitr
    Loading required package: ggplot2
    Loading required package: ggBubbles
    Quitting from lines 30-40 (ggBubbles.Rmd)
    Error: processing vignette 'ggBubbles.Rmd' failed with diagnostics:
    could not find function "CRANpkg"
    --- failed re-building ‘ggBubbles.Rmd’
    
    SUMMARY: processing the following file failed:
     ‘ggBubbles.Rmd’
    
    Error: Vignette re-building failed.
    Execution halted
Flavors: r-patched-solaris-x86, r-release-macos-x86_64, r-oldrel-macos-x86_64

Version: 0.1.4
Check: re-building of vignette outputs
Result: WARN
    Error(s) in re-building vignettes:
    --- re-building 'ggBubbles.Rmd' using rmarkdown
    Quitting from lines 20-21 (ggBubbles.Rmd)
    Error: processing vignette 'ggBubbles.Rmd' failed with diagnostics:
    argument is of length zero
    --- failed re-building 'ggBubbles.Rmd'
    
    SUMMARY: processing the following file failed:
     'ggBubbles.Rmd'
    
    Error: Vignette re-building failed.
    Execution halted
Flavors: r-release-windows-ix86+x86_64, r-oldrel-windows-ix86+x86_64

Version: 0.1.4
Check: package dependencies
Result: NOTE
    Package suggested but not available for checking: ‘BiocStyle’
Flavor: r-oldrel-macos-x86_64