CRAN Package Check Results for Package gge

Last updated on 2019-09-14 13:46:13 CEST.

Flavor Version Tinstall Tcheck Ttotal Status Flags
r-devel-linux-x86_64-debian-clang 1.4 2.99 38.58 41.57 OK
r-devel-linux-x86_64-debian-gcc 1.4 2.68 29.29 31.97 OK
r-devel-linux-x86_64-fedora-clang 1.4 50.37 OK
r-devel-linux-x86_64-fedora-gcc 1.4 49.02 OK
r-devel-windows-ix86+x86_64 1.4 22.00 66.00 88.00 OK
r-patched-linux-x86_64 1.4 3.39 38.16 41.55 OK
r-patched-solaris-x86 1.4 62.70 OK
r-release-linux-x86_64 1.4 3.24 37.99 41.23 OK
r-release-windows-ix86+x86_64 1.4 7.00 62.00 69.00 OK
r-release-osx-x86_64 1.4 ERROR
r-oldrel-windows-ix86+x86_64 1.4 9.00 50.00 59.00 OK
r-oldrel-osx-x86_64 1.4 OK

Check Details

Version: 1.4
Check: tests
Result: ERROR
     Running ‘testthat.R’ [3s/5s]
    Running the tests in ‘tests/testthat.R’ failed.
    Last 13 lines of output:
     Switching to 'nipals' method.
     Missing values detected: (3%)
     Missing values detected: (3%)
     Switching to 'nipals' method.
     Missing values detected: (3%)
     Switching to 'nipals' method.
     ── 1. Failure: rgl works (@test_gge.R#162) ────────────────────────────────────
     `{ ... }` produced warnings.
    
     ══ testthat results ═══════════════════════════════════════════════════════════
     OK: 14 SKIPPED: 0 FAILED: 1
     1. Failure: rgl works (@test_gge.R#162)
    
     Error: testthat unit tests failed
     Execution halted
Flavor: r-release-osx-x86_64