CRAN Package Check Results for Package ggenealogy

Last updated on 2021-01-15 07:50:44 CET.

Flavor Version Tinstall Tcheck Ttotal Status Flags
r-devel-linux-x86_64-debian-clang 1.0.1 3.63 177.83 181.46 OK
r-devel-linux-x86_64-debian-gcc 1.0.1 3.34 135.67 139.01 OK
r-devel-linux-x86_64-fedora-clang 1.0.1 235.70 NOTE
r-devel-linux-x86_64-fedora-gcc 1.0.1 229.32 NOTE
r-devel-windows-ix86+x86_64 1.0.1 10.00 237.00 247.00 OK
r-patched-linux-x86_64 1.0.1 3.64 175.96 179.60 OK
r-patched-solaris-x86 1.0.1 282.00 NOTE
r-release-linux-x86_64 1.0.1 3.40 177.58 180.98 OK
r-release-macos-x86_64 1.0.1 NOTE
r-release-windows-ix86+x86_64 1.0.1 9.00 173.00 182.00 OK
r-oldrel-macos-x86_64 1.0.1 NOTE
r-oldrel-windows-ix86+x86_64 1.0.1 7.00 167.00 174.00 OK

Check Details

Version: 1.0.1
Check: dependencies in R code
Result: NOTE
    Namespace in Imports field not imported from: ‘tibble’
     All declared Imports should be used.
Flavors: r-devel-linux-x86_64-fedora-clang, r-devel-linux-x86_64-fedora-gcc, r-patched-solaris-x86, r-release-macos-x86_64, r-oldrel-macos-x86_64

Version: 1.0.1
Check: data for non-ASCII characters
Result: NOTE
     Note: found 2356 marked UTF-8 strings
Flavors: r-devel-linux-x86_64-fedora-clang, r-devel-linux-x86_64-fedora-gcc, r-patched-solaris-x86, r-release-macos-x86_64, r-oldrel-macos-x86_64