CRAN Package Check Results for Package ggenealogy

Last updated on 2019-09-15 13:47:15 CEST.

Flavor Version Tinstall Tcheck Ttotal Status Flags
r-devel-linux-x86_64-debian-clang 1.0.0 3.87 177.68 181.55 WARN
r-devel-linux-x86_64-debian-gcc 1.0.0 3.34 140.81 144.15 OK
r-devel-linux-x86_64-fedora-clang 1.0.0 209.63 NOTE
r-devel-linux-x86_64-fedora-gcc 1.0.0 208.21 NOTE
r-devel-windows-ix86+x86_64 1.0.0 15.00 170.00 185.00 OK
r-patched-linux-x86_64 1.0.0 2.84 173.61 176.45 OK
r-patched-solaris-x86 1.0.0 257.60 NOTE
r-release-linux-x86_64 1.0.0 3.17 170.32 173.49 OK
r-release-windows-ix86+x86_64 1.0.0 9.00 230.00 239.00 OK
r-release-osx-x86_64 1.0.0 NOTE
r-oldrel-windows-ix86+x86_64 0.3.0 8.00 199.00 207.00 OK
r-oldrel-osx-x86_64 1.0.0 ERROR

Check Details

Version: 1.0.0
Check: re-building of vignette outputs
Result: WARN
    Error(s) in re-building vignettes:
     ...
    --- re-building 'ggenealogy.Rnw' using Sweave
    dfToIG package:ggenealogy R Documentation
    
    _<08>P_<08>r_<08>o_<08>c_<08>e_<08>s_<08>s _<08>t_<08>h_<08>e _<08>g_<08>e_<08>n_<08>e_<08>a_<08>l_<08>o_<08>g_<08>y _<08>g_<08>r_<08>a_<08>p_<08>h
    
    _<08>D_<08>e_<08>s_<08>c_<08>r_<08>i_<08>p_<08>t_<08>i_<08>o_<08>n:
    
     Processes the genealogy into an igraph object with appropriate
     vertex information, graph type, and edge weights.
    
    _<08>U_<08>s_<08>a_<08>g_<08>e:
    
     dfToIG(geneal, vertexinfo = NULL, edgeweights = 1,
     isDirected = FALSE)
    
    _<08>A_<08>r_<08>g_<08>u_<08>m_<08>e_<08>n_<08>t_<08>s:
    
     geneal: the full genealogy (in data frame format)
    
    vertexinfo: (default NULL) either names of columns in the genealogy
     which should be added to the database as vertex information
     or a data frame with information for all vertices such that
     the first column contains vertex names.
    
    edgeweights: (default 1) name of a column which contains edge weights
    
    isDirected: (default FALSE) should the graph be a directed graph?
    
    _<08>S_<08>e_<08>e _<08>A_<08>l_<08>s_<08>o:
    
     <URL: https://www.r-project.org> for iGraph information
    
    
    Warning: Removed 1 rows containing missing values (geom_segment).
    Warning: Removed 1 rows containing missing values (geom_segment).
    Warning: Removed 1 rows containing missing values (geom_segment).
    Warning: Removed 1 rows containing missing values (geom_segment).
    Warning in graphics::strwidth(pMPDF$label, "inches") :
     conversion failure on 'Lubomír KubáÄ<c2><8d>ek' in 'mbcsToSbcs': dot substituted for <c4>
    Warning in graphics::strwidth(pMPDF$label, "inches") :
     conversion failure on 'Lubomír KubáÄ<c2><8d>ek' in 'mbcsToSbcs': dot substituted for <8d>
    Warning in graphics::strwidth(pMPDF$label, "inches") :
     conversion failure on 'JiÅ<c2><99>í AndÄ<c2><9b>l' in 'mbcsToSbcs': dot substituted for <c5>
    Warning in graphics::strwidth(pMPDF$label, "inches") :
     conversion failure on 'JiÅ<c2><99>í AndÄ<c2><9b>l' in 'mbcsToSbcs': dot substituted for <99>
    Warning in graphics::strwidth(pMPDF$label, "inches") :
     conversion failure on 'JiÅ<c2><99>í AndÄ<c2><9b>l' in 'mbcsToSbcs': dot substituted for <c4>
    Warning in graphics::strwidth(pMPDF$label, "inches") :
     conversion failure on 'JiÅ<c2><99>í AndÄ<c2><9b>l' in 'mbcsToSbcs': dot substituted for <9b>
    Warning in graphics::strwidth(pMPDF$label, "inches") :
     conversion failure on 'Jana JureÄ<c2><8d>ková' in 'mbcsToSbcs': dot substituted for <c4>
    Warning in graphics::strwidth(pMPDF$label, "inches") :
     conversion failure on 'Jana JureÄ<c2><8d>ková' in 'mbcsToSbcs': dot substituted for <8d>
    Warning in graphics::strwidth(pMPDF$label, "inches") :
     conversion failure on 'Dana VorlíÄ<c2><8d>ková' in 'mbcsToSbcs': dot substituted for <c4>
    Warning in graphics::strwidth(pMPDF$label, "inches") :
     conversion failure on 'Dana VorlíÄ<c2><8d>ková' in 'mbcsToSbcs': dot substituted for <8d>
    Warning in graphics::strwidth(pMPDF$label, "inches") :
     conversion failure on 'BogusÅ<c2><82>awa Bednarek-Kozek' in 'mbcsToSbcs': dot substituted for <c5>
    Warning in graphics::strwidth(pMPDF$label, "inches") :
     conversion failure on 'BogusÅ<c2><82>awa Bednarek-Kozek' in 'mbcsToSbcs': dot substituted for <82>
    Warning in graphics::strwidth(pMPDF$label, "inches") :
     conversion failure on 'CzesÅ<c2><82>aw StÄ<c2><99>pniak' in 'mbcsToSbcs': dot substituted for <c5>
    Warning in graphics::strwidth(pMPDF$label, "inches") :
     conversion failure on 'CzesÅ<c2><82>aw StÄ<c2><99>pniak' in 'mbcsToSbcs': dot substituted for <82>
    Warning in graphics::strwidth(pMPDF$label, "inches") :
     conversion failure on 'CzesÅ<c2><82>aw StÄ<c2><99>pniak' in 'mbcsToSbcs': dot substituted for <c4>
    Warning in graphics::strwidth(pMPDF$label, "inches") :
     conversion failure on 'CzesÅ<c2><82>aw StÄ<c2><99>pniak' in 'mbcsToSbcs': dot substituted for <99>
    Warning in graphics::strwidth(pMPDF$label, "inches") :
     conversion failure on 'Biljana PopoviÄ<c2><87>' in 'mbcsToSbcs': dot substituted for <c4>
    Warning in graphics::strwidth(pMPDF$label, "inches") :
     conversion failure on 'Biljana PopoviÄ<c2><87>' in 'mbcsToSbcs': dot substituted for <87>
    Warning in graphics::strwidth(pMPDF$label, "inches") :
     conversion failure on 'Grzegorz RempaÅ<c2><82>a' in 'mbcsToSbcs': dot substituted for <c5>
    Warning in graphics::strwidth(pMPDF$label, "inches") :
     conversion failure on 'Grzegorz RempaÅ<c2><82>a' in 'mbcsToSbcs': dot substituted for <82>
    Warning in graphics::strwidth(pMPDF$label, "inches") :
     conversion failure on 'Miroslav RistiÄ<c2><87>' in 'mbcsToSbcs': dot substituted for <c4>
    Warning in graphics::strwidth(pMPDF$label, "inches") :
     conversion failure on 'Miroslav RistiÄ<c2><87>' in 'mbcsToSbcs': dot substituted for <87>
    Warning in graphics::strwidth(pMPDF$label, "inches") :
     conversion failure on 'Hana JaneÄ<c2><8d>ková' in 'mbcsToSbcs': dot substituted for <c4>
    Warning in graphics::strwidth(pMPDF$label, "inches") :
     conversion failure on 'Hana JaneÄ<c2><8d>ková' in 'mbcsToSbcs': dot substituted for <8d>
    Warning in graphics::strwidth(pMPDF$label, "inches") :
     conversion failure on 'Petr FranÄ<c2><9b>k' in 'mbcsToSbcs': dot substituted for <c4>
    Warning in graphics::strwidth(pMPDF$label, "inches") :
     conversion failure on 'Petr FranÄ<c2><9b>k' in 'mbcsToSbcs': dot substituted for <9b>
    Warning in graphics::strwidth(pMPDF$label, "inches") :
     conversion failure on 'Libor MašíÄ<c2><8d>ek' in 'mbcsToSbcs': dot substituted for <c4>
    Warning in graphics::strwidth(pMPDF$label, "inches") :
     conversion failure on 'Libor MašíÄ<c2><8d>ek' in 'mbcsToSbcs': dot substituted for <8d>
    Warning in graphics::strwidth(pMPDF$label, "inches") :
     conversion failure on 'Václav Ä<c2><8c>apek' in 'mbcsToSbcs': dot substituted for <c4>
    Warning in graphics::strwidth(pMPDF$label, "inches") :
     conversion failure on 'Václav Ä<c2><8c>apek' in 'mbcsToSbcs': dot substituted for <8c>
    Warning in graphics::strwidth(pMPDF$label, "inches") :
     conversion failure on 'Milovan KrnjajiÄ<c2><87>' in 'mbcsToSbcs': dot substituted for <c4>
    Warning in graphics::strwidth(pMPDF$label, "inches") :
     conversion failure on 'Milovan KrnjajiÄ<c2><87>' in 'mbcsToSbcs': dot substituted for <87>
    Warning in graphics::strwidth(pMPDF$label, "inches") :
     conversion failure on 'Alena Ä<c2><8c>erníková' in 'mbcsToSbcs': dot substituted for <c4>
    Warning in graphics::strwidth(pMPDF$label, "inches") :
     conversion failure on 'Alena Ä<c2><8c>erníková' in 'mbcsToSbcs': dot substituted for <8c>
    Warning in graphics::strwidth(pMPDF$label, "inches") :
     conversion failure on 'Jan PudeÅ<c2><82>ko' in 'mbcsToSbcs': dot substituted for <c5>
    Warning in graphics::strwidth(pMPDF$label, "inches") :
     conversion failure on 'Jan PudeÅ<c2><82>ko' in 'mbcsToSbcs': dot substituted for <82>
    Warning in graphics::strwidth(pMPDF$label, "inches") :
     conversion failure on 'Vladica StojanoviÄ<c2><87>' in 'mbcsToSbcs': dot substituted for <c4>
    Warning in graphics::strwidth(pMPDF$label, "inches") :
     conversion failure on 'Vladica StojanoviÄ<c2><87>' in 'mbcsToSbcs': dot substituted for <87>
    Warning in graphics::strwidth(pMPDF$label, "inches") :
     conversion failure on 'Pavel VanÄ<c2><9b>Ä<c2><8d>ek' in 'mbcsToSbcs': dot substituted for <c4>
    Warning in graphics::strwidth(pMPDF$label, "inches") :
     conversion failure on 'Pavel VanÄ<c2><9b>Ä<c2><8d>ek' in 'mbcsToSbcs': dot substituted for <9b>
    Warning in graphics::strwidth(pMPDF$label, "inches") :
     conversion failure on 'Pavel VanÄ<c2><9b>Ä<c2><8d>ek' in 'mbcsToSbcs': dot substituted for <c4>
    Warning in graphics::strwidth(pMPDF$label, "inches") :
     conversion failure on 'Pavel VanÄ<c2><9b>Ä<c2><8d>ek' in 'mbcsToSbcs': dot substituted for <8d>
    Warning in graphics::strwidth(pMPDF$label, "inches") :
     conversion failure on 'Inga MasiulaitytÄ<c2><97>' in 'mbcsToSbcs': dot substituted for <c4>
    Warning in graphics::strwidth(pMPDF$label, "inches") :
     conversion failure on 'Inga MasiulaitytÄ<c2><97>' in 'mbcsToSbcs': dot substituted for <97>
    Warning in graphics::strwidth(pMPDF$label, "inches") :
     conversion failure on 'Duygu SavaÅ<c2><9f>cı' in 'mbcsToSbcs': dot substituted for <c5>
    Warning in graphics::strwidth(pMPDF$label, "inches") :
     conversion failure on 'Duygu SavaÅ<c2><9f>cı' in 'mbcsToSbcs': dot substituted for <9f>
    Warning in graphics::strwidth(pMPDF$label, "inches") :
     conversion failure on 'Duygu SavaÅ<c2><9f>cı' in 'mbcsToSbcs': dot substituted for <c4>
    Warning in graphics::strwidth(pMPDF$label, "inches") :
     conversion failure on 'Duygu SavaÅ<c2><9f>cı' in 'mbcsToSbcs': dot substituted for <b1>
    Warning in graphics::strwidth(pMPDF$label, "inches") :
     conversion failure on 'OndÅ<c2><99>ej Vencálek' in 'mbcsToSbcs': dot substituted for <c5>
    Warning in graphics::strwidth(pMPDF$label, "inches") :
     conversion failure on 'OndÅ<c2><99>ej Vencálek' in 'mbcsToSbcs': dot substituted for <99>
    Warning in graphics::strwidth(pMPDF$label, "inches") :
     conversion failure on 'Aleksandar NastiÄ<c2><87>' in 'mbcsToSbcs': dot substituted for <c4>
    Warning in graphics::strwidth(pMPDF$label, "inches") :
     conversion failure on 'Aleksandar NastiÄ<c2><87>' in 'mbcsToSbcs': dot substituted for <87>
    Warning in graphics::strwidth(pMPDF$label, "inches") :
     conversion failure on 'Gábor Szűcs' in 'mbcsToSbcs': dot substituted for <c5>
    Warning in graphics::strwidth(pMPDF$label, "inches") :
     conversion failure on 'Gábor Szűcs' in 'mbcsToSbcs': dot substituted for <b1>
    Warning in graphics::strwidth(pMPDF$label, "inches") :
     conversion failure on 'Barbara ChoroÅ<c2><9b>-Tomczyk' in 'mbcsToSbcs': dot substituted for <c5>
    Warning in graphics::strwidth(pMPDF$label, "inches") :
     conversion failure on 'Barbara ChoroÅ<c2><9b>-Tomczyk' in 'mbcsToSbcs': dot substituted for <9b>
    Warning in graphics::strwidth(pMPDF$label, "inches") :
     conversion failure on 'OndÅ<c2><99>ej Chochola' in 'mbcsToSbcs': dot substituted for <c5>
    Warning in graphics::strwidth(pMPDF$label, "inches") :
     conversion failure on 'OndÅ<c2><99>ej Chochola' in 'mbcsToSbcs': dot substituted for <99>
    Warning in graphics::strwidth(pMPDF$label, "inches") :
     conversion failure on 'Anna JenÄ<c2><8d>ová' in 'mbcsToSbcs': dot substituted for <c4>
    Warning in graphics::strwidth(pMPDF$label, "inches") :
     conversion failure on 'Anna JenÄ<c2><8d>ová' in 'mbcsToSbcs': dot substituted for <8d>
    Warning in graphics::strwidth(pMPDF$label, "inches") :
     conversion failure on 'Peter Ä<c2><8c>erÅ<c2><88>anskÃœ' in 'mbcsToSbcs': dot substituted for <c4>
    Warning in graphics::strwidth(pMPDF$label, "inches") :
     conversion failure on 'Peter Ä<c2><8c>erÅ<c2><88>anskÃœ' in 'mbcsToSbcs': dot substituted for <8c>
    Warning in graphics::strwidth(pMPDF$label, "inches") :
     conversion failure on 'Peter Ä<c2><8c>erÅ<c2><88>anskÃœ' in 'mbcsToSbcs': dot substituted for <c5>
    Warning in graphics::strwidth(pMPDF$label, "inches") :
     conversion failure on 'Peter Ä<c2><8c>erÅ<c2><88>anskÃœ' in 'mbcsToSbcs': dot substituted for <88>
    Warning: Removed 63 rows containing missing values (geom_segment).
    Warning in grid.Call.graphics(C_text, as.graphicsAnnot(x$label), x$x, x$y, :
     conversion failure on 'Lubomír KubáÄ<c2><8d>ek' in 'mbcsToSbcs': dot substituted for <c4>
    Warning in grid.Call.graphics(C_text, as.graphicsAnnot(x$label), x$x, x$y, :
     conversion failure on 'Lubomír KubáÄ<c2><8d>ek' in 'mbcsToSbcs': dot substituted for <8d>
    Warning in grid.Call.graphics(C_text, as.graphicsAnnot(x$label), x$x, x$y, :
     conversion failure on 'Lubomír KubáÄ<c2><8d>ek' in 'mbcsToSbcs': dot substituted for <c4>
    Warning in grid.Call.graphics(C_text, as.graphicsAnnot(x$label), x$x, x$y, :
     conversion failure on 'Lubomír KubáÄ<c2><8d>ek' in 'mbcsToSbcs': dot substituted for <8d>
    Warning in grid.Call.graphics(C_text, as.graphicsAnnot(x$label), x$x, x$y, :
     conversion failure on 'JiÅ<c2><99>í AndÄ<c2><9b>l' in 'mbcsToSbcs': dot substituted for <c5>
    Warning in grid.Call.graphics(C_text, as.graphicsAnnot(x$label), x$x, x$y, :
     conversion failure on 'JiÅ<c2><99>í AndÄ<c2><9b>l' in 'mbcsToSbcs': dot substituted for <99>
    Warning in grid.Call.graphics(C_text, as.graphicsAnnot(x$label), x$x, x$y, :
     conversion failure on 'JiÅ<c2><99>í AndÄ<c2><9b>l' in 'mbcsToSbcs': dot substituted for <c4>
    Warning in grid.Call.graphics(C_text, as.graphicsAnnot(x$label), x$x, x$y, :
     conversion failure on 'JiÅ<c2><99>í AndÄ<c2><9b>l' in 'mbcsToSbcs': dot substituted for <9b>
    Warning in grid.Call.graphics(C_text, as.graphicsAnnot(x$label), x$x, x$y, :
     conversion failure on 'JiÅ<c2><99>í AndÄ<c2><9b>l' in 'mbcsToSbcs': dot substituted for <c5>
    Warning in grid.Call.graphics(C_text, as.graphicsAnnot(x$label), x$x, x$y, :
     conversion failure on 'JiÅ<c2><99>í AndÄ<c2><9b>l' in 'mbcsToSbcs': dot substituted for <99>
    Warning in grid.Call.graphics(C_text, as.graphicsAnnot(x$label), x$x, x$y, :
     conversion failure on 'JiÅ<c2><99>í AndÄ<c2><9b>l' in 'mbcsToSbcs': dot substituted for <c4>
    Warning in grid.Call.graphics(C_text, as.graphicsAnnot(x$label), x$x, x$y, :
     conversion failure on 'JiÅ<c2><99>í AndÄ<c2><9b>l' in 'mbcsToSbcs': dot substituted for <9b>
    Warning in grid.Call.graphics(C_text, as.graphicsAnnot(x$label), x$x, x$y, :
     conversion failure on 'Jana JureÄ<c2><8d>ková' in 'mbcsToSbcs': dot substituted for <c4>
    Warning in grid.Call.graphics(C_text, as.graphicsAnnot(x$label), x$x, x$y, :
     conversion failure on 'Jana JureÄ<c2><8d>ková' in 'mbcsToSbcs': dot substituted for <8d>
    Warning in grid.Call.graphics(C_text, as.graphicsAnnot(x$label), x$x, x$y, :
     conversion failure on 'Jana JureÄ<c2><8d>ková' in 'mbcsToSbcs': dot substituted for <c4>
    Warning in grid.Call.graphics(C_text, as.graphicsAnnot(x$label), x$x, x$y, :
     conversion failure on 'Jana JureÄ<c2><8d>ková' in 'mbcsToSbcs': dot substituted for <8d>
    Warning in grid.Call.graphics(C_text, as.graphicsAnnot(x$label), x$x, x$y, :
     conversion failure on 'Dana VorlíÄ<c2><8d>ková' in 'mbcsToSbcs': dot substituted for <c4>
    Warning in grid.Call.graphics(C_text, as.graphicsAnnot(x$label), x$x, x$y, :
     conversion failure on 'Dana VorlíÄ<c2><8d>ková' in 'mbcsToSbcs': dot substituted for <8d>
    Warning in grid.Call.graphics(C_text, as.graphicsAnnot(x$label), x$x, x$y, :
     conversion failure on 'Dana VorlíÄ<c2><8d>ková' in 'mbcsToSbcs': dot substituted for <c4>
    Warning in grid.Call.graphics(C_text, as.graphicsAnnot(x$label), x$x, x$y, :
     conversion failure on 'Dana VorlíÄ<c2><8d>ková' in 'mbcsToSbcs': dot substituted for <8d>
    Warning in grid.Call.graphics(C_text, as.graphicsAnnot(x$label), x$x, x$y, :
     conversion failure on 'BogusÅ<c2><82>awa Bednarek-Kozek' in 'mbcsToSbcs': dot substituted for <c5>
    Warning in grid.Call.graphics(C_text, as.graphicsAnnot(x$label), x$x, x$y, :
     conversion failure on 'BogusÅ<c2><82>awa Bednarek-Kozek' in 'mbcsToSbcs': dot substituted for <82>
    Warning in grid.Call.graphics(C_text, as.graphicsAnnot(x$label), x$x, x$y, :
     conversion failure on 'BogusÅ<c2><82>awa Bednarek-Kozek' in 'mbcsToSbcs': dot substituted for <c5>
    Warning in grid.Call.graphics(C_text, as.graphicsAnnot(x$label), x$x, x$y, :
     conversion failure on 'BogusÅ<c2><82>awa Bednarek-Kozek' in 'mbcsToSbcs': dot substituted for <82>
    Warning in grid.Call.graphics(C_text, as.graphicsAnnot(x$label), x$x, x$y, :
     conversion failure on 'CzesÅ<c2><82>aw StÄ<c2><99>pniak' in 'mbcsToSbcs': dot substituted for <c5>
    Warning in grid.Call.graphics(C_text, as.graphicsAnnot(x$label), x$x, x$y, :
     conversion failure on 'CzesÅ<c2><82>aw StÄ<c2><99>pniak' in 'mbcsToSbcs': dot substituted for <82>
    Warning in grid.Call.graphics(C_text, as.graphicsAnnot(x$label), x$x, x$y, :
     conversion failure on 'CzesÅ<c2><82>aw StÄ<c2><99>pniak' in 'mbcsToSbcs': dot substituted for <c4>
    Warning in grid.Call.graphics(C_text, as.graphicsAnnot(x$label), x$x, x$y, :
     conversion failure on 'CzesÅ<c2><82>aw StÄ<c2><99>pniak' in 'mbcsToSbcs': dot substituted for <99>
    Warning in grid.Call.graphics(C_text, as.graphicsAnnot(x$label), x$x, x$y, :
     conversion failure on 'CzesÅ<c2><82>aw StÄ<c2><99>pniak' in 'mbcsToSbcs': dot substituted for <c5>
    Warning in grid.Call.graphics(C_text, as.graphicsAnnot(x$label), x$x, x$y, :
     conversion failure on 'CzesÅ<c2><82>aw StÄ<c2><99>pniak' in 'mbcsToSbcs': dot substituted for <82>
    Warning in grid.Call.graphics(C_text, as.graphicsAnnot(x$label), x$x, x$y, :
     conversion failure on 'CzesÅ<c2><82>aw StÄ<c2><99>pniak' in 'mbcsToSbcs': dot substituted for <c4>
    Warning in grid.Call.graphics(C_text, as.graphicsAnnot(x$label), x$x, x$y, :
     conversion failure on 'CzesÅ<c2><82>aw StÄ<c2><99>pniak' in 'mbcsToSbcs': dot substituted for <99>
    Warning in grid.Call.graphics(C_text, as.graphicsAnnot(x$label), x$x, x$y, :
     conversion failure on 'Biljana PopoviÄ<c2><87>' in 'mbcsToSbcs': dot substituted for <c4>
    Warning in grid.Call.graphics(C_text, as.graphicsAnnot(x$label), x$x, x$y, :
     conversion failure on 'Biljana PopoviÄ<c2><87>' in 'mbcsToSbcs': dot substituted for <87>
    Warning in grid.Call.graphics(C_text, as.graphicsAnnot(x$label), x$x, x$y, :
     conversion failure on 'Biljana PopoviÄ<c2><87>' in 'mbcsToSbcs': dot substituted for <c4>
    Warning in grid.Call.graphics(C_text, as.graphicsAnnot(x$label), x$x, x$y, :
     conversion failure on 'Biljana PopoviÄ<c2><87>' in 'mbcsToSbcs': dot substituted for <87>
    Warning in grid.Call.graphics(C_text, as.graphicsAnnot(x$label), x$x, x$y, :
     conversion failure on 'Grzegorz RempaÅ<c2><82>a' in 'mbcsToSbcs': dot substituted for <c5>
    Warning in grid.Call.graphics(C_text, as.graphicsAnnot(x$label), x$x, x$y, :
     conversion failure on 'Grzegorz RempaÅ<c2><82>a' in 'mbcsToSbcs': dot substituted for <82>
    Warning in grid.Call.graphics(C_text, as.graphicsAnnot(x$label), x$x, x$y, :
     conversion failure on 'Grzegorz RempaÅ<c2><82>a' in 'mbcsToSbcs': dot substituted for <c5>
    Warning in grid.Call.graphics(C_text, as.graphicsAnnot(x$label), x$x, x$y, :
     conversion failure on 'Grzegorz RempaÅ<c2><82>a' in 'mbcsToSbcs': dot substituted for <82>
    Warning in grid.Call.graphics(C_text, as.graphicsAnnot(x$label), x$x, x$y, :
     conversion failure on 'Miroslav RistiÄ<c2><87>' in 'mbcsToSbcs': dot substituted for <c4>
    Warning in grid.Call.graphics(C_text, as.graphicsAnnot(x$label), x$x, x$y, :
     conversion failure on 'Miroslav RistiÄ<c2><87>' in 'mbcsToSbcs': dot substituted for <87>
    Warning in grid.Call.graphics(C_text, as.graphicsAnnot(x$label), x$x, x$y, :
     conversion failure on 'Miroslav RistiÄ<c2><87>' in 'mbcsToSbcs': dot substituted for <c4>
    Warning in grid.Call.graphics(C_text, as.graphicsAnnot(x$label), x$x, x$y, :
     conversion failure on 'Miroslav RistiÄ<c2><87>' in 'mbcsToSbcs': dot substituted for <87>
    Warning in grid.Call.graphics(C_text, as.graphicsAnnot(x$label), x$x, x$y, :
     conversion failure on 'Hana JaneÄ<c2><8d>ková' in 'mbcsToSbcs': dot substituted for <c4>
    Warning in grid.Call.graphics(C_text, as.graphicsAnnot(x$label), x$x, x$y, :
     conversion failure on 'Hana JaneÄ<c2><8d>ková' in 'mbcsToSbcs': dot substituted for <8d>
    Warning in grid.Call.graphics(C_text, as.graphicsAnnot(x$label), x$x, x$y, :
     conversion failure on 'Hana JaneÄ<c2><8d>ková' in 'mbcsToSbcs': dot substituted for <c4>
    Warning in grid.Call.graphics(C_text, as.graphicsAnnot(x$label), x$x, x$y, :
     conversion failure on 'Hana JaneÄ<c2><8d>ková' in 'mbcsToSbcs': dot substituted for <8d>
    Warning in grid.Call.graphics(C_text, as.graphicsAnnot(x$label), x$x, x$y, :
     conversion failure on 'Petr FranÄ<c2><9b>k' in 'mbcsToSbcs': dot substituted for <c4>
    Warning in grid.Call.graphics(C_text, as.graphicsAnnot(x$label), x$x, x$y, :
     conversion failure on 'Petr FranÄ<c2><9b>k' in 'mbcsToSbcs': dot substituted for <9b>
    Warning in grid.Call.graphics(C_text, as.graphicsAnnot(x$label), x$x, x$y, :
     conversion failure on 'Petr FranÄ<c2><9b>k' in 'mbcsToSbcs': dot substituted for <c4>
    Warning in grid.Call.graphics(C_text, as.graphicsAnnot(x$label), x$x, x$y, :
     conversion failure on 'Petr FranÄ<c2><9b>k' in 'mbcsToSbcs': dot substituted for <9b>
    Warning in grid.Call.graphics(C_text, as.graphicsAnnot(x$label), x$x, x$y, :
     conversion failure on 'Libor MašíÄ<c2><8d>ek' in 'mbcsToSbcs': dot substituted for <c4>
    Warning in grid.Call.graphics(C_text, as.graphicsAnnot(x$label), x$x, x$y, :
     conversion failure on 'Libor MašíÄ<c2><8d>ek' in 'mbcsToSbcs': dot substituted for <8d>
    Warning in grid.Call.graphics(C_text, as.graphicsAnnot(x$label), x$x, x$y, :
     conversion failure on 'Libor MašíÄ<c2><8d>ek' in 'mbcsToSbcs': dot substituted for <c4>
    Warning in grid.Call.graphics(C_text, as.graphicsAnnot(x$label), x$x, x$y, :
     conversion failure on 'Libor MašíÄ<c2><8d>ek' in 'mbcsToSbcs': dot substituted for <8d>
    Warning in grid.Call.graphics(C_text, as.graphicsAnnot(x$label), x$x, x$y, :
     conversion failure on 'Václav Ä<c2><8c>apek' in 'mbcsToSbcs': dot substituted for <c4>
    Warning in grid.Call.graphics(C_text, as.graphicsAnnot(x$label), x$x, x$y, :
     conversion failure on 'Václav Ä<c2><8c>apek' in 'mbcsToSbcs': dot substituted for <8c>
    Warning in grid.Call.graphics(C_text, as.graphicsAnnot(x$label), x$x, x$y, :
     conversion failure on 'Václav Ä<c2><8c>apek' in 'mbcsToSbcs': dot substituted for <c4>
    Warning in grid.Call.graphics(C_text, as.graphicsAnnot(x$label), x$x, x$y, :
     conversion failure on 'Václav Ä<c2><8c>apek' in 'mbcsToSbcs': dot substituted for <8c>
    Warning in grid.Call.graphics(C_text, as.graphicsAnnot(x$label), x$x, x$y, :
     conversion failure on 'Milovan KrnjajiÄ<c2><87>' in 'mbcsToSbcs': dot substituted for <c4>
    Warning in grid.Call.graphics(C_text, as.graphicsAnnot(x$label), x$x, x$y, :
     conversion failure on 'Milovan KrnjajiÄ<c2><87>' in 'mbcsToSbcs': dot substituted for <87>
    Warning in grid.Call.graphics(C_text, as.graphicsAnnot(x$label), x$x, x$y, :
     conversion failure on 'Milovan KrnjajiÄ<c2><87>' in 'mbcsToSbcs': dot substituted for <c4>
    Warning in grid.Call.graphics(C_text, as.graphicsAnnot(x$label), x$x, x$y, :
     conversion failure on 'Milovan KrnjajiÄ<c2><87>' in 'mbcsToSbcs': dot substituted for <87>
    Warning in grid.Call.graphics(C_text, as.graphicsAnnot(x$label), x$x, x$y, :
     conversion failure on 'Alena Ä<c2><8c>erníková' in 'mbcsToSbcs': dot substituted for <c4>
    Warning in grid.Call.graphics(C_text, as.graphicsAnnot(x$label), x$x, x$y, :
     conversion failure on 'Alena Ä<c2><8c>erníková' in 'mbcsToSbcs': dot substituted for <8c>
    Warning in grid.Call.graphics(C_text, as.graphicsAnnot(x$label), x$x, x$y, :
     conversion failure on 'Alena Ä<c2><8c>erníková' in 'mbcsToSbcs': dot substituted for <c4>
    Warning in grid.Call.graphics(C_text, as.graphicsAnnot(x$label), x$x, x$y, :
     conversion failure on 'Alena Ä<c2><8c>erníková' in 'mbcsToSbcs': dot substituted for <8c>
    Warning in grid.Call.graphics(C_text, as.graphicsAnnot(x$label), x$x, x$y, :
     conversion failure on 'Jan PudeÅ<c2><82>ko' in 'mbcsToSbcs': dot substituted for <c5>
    Warning in grid.Call.graphics(C_text, as.graphicsAnnot(x$label), x$x, x$y, :
     conversion failure on 'Jan PudeÅ<c2><82>ko' in 'mbcsToSbcs': dot substituted for <82>
    Warning in grid.Call.graphics(C_text, as.graphicsAnnot(x$label), x$x, x$y, :
     conversion failure on 'Jan PudeÅ<c2><82>ko' in 'mbcsToSbcs': dot substituted for <c5>
    Warning in grid.Call.graphics(C_text, as.graphicsAnnot(x$label), x$x, x$y, :
     conversion failure on 'Jan PudeÅ<c2><82>ko' in 'mbcsToSbcs': dot substituted for <82>
    Warning in grid.Call.graphics(C_text, as.graphicsAnnot(x$label), x$x, x$y, :
     conversion failure on 'Vladica StojanoviÄ<c2><87>' in 'mbcsToSbcs': dot substituted for <c4>
    Warning in grid.Call.graphics(C_text, as.graphicsAnnot(x$label), x$x, x$y, :
     conversion failure on 'Vladica StojanoviÄ<c2><87>' in 'mbcsToSbcs': dot substituted for <87>
    Warning in grid.Call.graphics(C_text, as.graphicsAnnot(x$label), x$x, x$y, :
     conversion failure on 'Vladica StojanoviÄ<c2><87>' in 'mbcsToSbcs': dot substituted for <c4>
    Warning in grid.Call.graphics(C_text, as.graphicsAnnot(x$label), x$x, x$y, :
     conversion failure on 'Vladica StojanoviÄ<c2><87>' in 'mbcsToSbcs': dot substituted for <87>
    Warning in grid.Call.graphics(C_text, as.graphicsAnnot(x$label), x$x, x$y, :
     conversion failure on 'Pavel VanÄ<c2><9b>Ä<c2><8d>ek' in 'mbcsToSbcs': dot substituted for <c4>
    Warning in grid.Call.graphics(C_text, as.graphicsAnnot(x$label), x$x, x$y, :
     conversion failure on 'Pavel VanÄ<c2><9b>Ä<c2><8d>ek' in 'mbcsToSbcs': dot substituted for <9b>
    Warning in grid.Call.graphics(C_text, as.graphicsAnnot(x$label), x$x, x$y, :
     conversion failure on 'Pavel VanÄ<c2><9b>Ä<c2><8d>ek' in 'mbcsToSbcs': dot substituted for <c4>
    Warning in grid.Call.graphics(C_text, as.graphicsAnnot(x$label), x$x, x$y, :
     conversion failure on 'Pavel VanÄ<c2><9b>Ä<c2><8d>ek' in 'mbcsToSbcs': dot substituted for <8d>
    Warning in grid.Call.graphics(C_text, as.graphicsAnnot(x$label), x$x, x$y, :
     conversion failure on 'Pavel VanÄ<c2><9b>Ä<c2><8d>ek' in 'mbcsToSbcs': dot substituted for <c4>
    Warning in grid.Call.graphics(C_text, as.graphicsAnnot(x$label), x$x, x$y, :
     conversion failure on 'Pavel VanÄ<c2><9b>Ä<c2><8d>ek' in 'mbcsToSbcs': dot substituted for <9b>
    Warning in grid.Call.graphics(C_text, as.graphicsAnnot(x$label), x$x, x$y, :
     conversion failure on 'Pavel VanÄ<c2><9b>Ä<c2><8d>ek' in 'mbcsToSbcs': dot substituted for <c4>
    Warning in grid.Call.graphics(C_text, as.graphicsAnnot(x$label), x$x, x$y, :
     conversion failure on 'Pavel VanÄ<c2><9b>Ä<c2><8d>ek' in 'mbcsToSbcs': dot substituted for <8d>
    Warning in grid.Call.graphics(C_text, as.graphicsAnnot(x$label), x$x, x$y, :
     conversion failure on 'Inga MasiulaitytÄ<c2><97>' in 'mbcsToSbcs': dot substituted for <c4>
    Warning in grid.Call.graphics(C_text, as.graphicsAnnot(x$label), x$x, x$y, :
     conversion failure on 'Inga MasiulaitytÄ<c2><97>' in 'mbcsToSbcs': dot substituted for <97>
    Warning in grid.Call.graphics(C_text, as.graphicsAnnot(x$label), x$x, x$y, :
     conversion failure on 'Inga MasiulaitytÄ<c2><97>' in 'mbcsToSbcs': dot substituted for <c4>
    Warning in grid.Call.graphics(C_text, as.graphicsAnnot(x$label), x$x, x$y, :
     conversion failure on 'Inga MasiulaitytÄ<c2><97>' in 'mbcsToSbcs': dot substituted for <97>
    Warning in grid.Call.graphics(C_text, as.graphicsAnnot(x$label), x$x, x$y, :
     conversion failure on 'Duygu SavaÅ<c2><9f>cı' in 'mbcsToSbcs': dot substituted for <c5>
    Warning in grid.Call.graphics(C_text, as.graphicsAnnot(x$label), x$x, x$y, :
     conversion failure on 'Duygu SavaÅ<c2><9f>cı' in 'mbcsToSbcs': dot substituted for <9f>
    Warning in grid.Call.graphics(C_text, as.graphicsAnnot(x$label), x$x, x$y, :
     conversion failure on 'Duygu SavaÅ<c2><9f>cı' in 'mbcsToSbcs': dot substituted for <c4>
    Warning in grid.Call.graphics(C_text, as.graphicsAnnot(x$label), x$x, x$y, :
     conversion failure on 'Duygu SavaÅ<c2><9f>cı' in 'mbcsToSbcs': dot substituted for <b1>
    Warning in grid.Call.graphics(C_text, as.graphicsAnnot(x$label), x$x, x$y, :
     conversion failure on 'Duygu SavaÅ<c2><9f>cı' in 'mbcsToSbcs': dot substituted for <c5>
    Warning in grid.Call.graphics(C_text, as.graphicsAnnot(x$label), x$x, x$y, :
     conversion failure on 'Duygu SavaÅ<c2><9f>cı' in 'mbcsToSbcs': dot substituted for <9f>
    Warning in grid.Call.graphics(C_text, as.graphicsAnnot(x$label), x$x, x$y, :
     conversion failure on 'Duygu SavaÅ<c2><9f>cı' in 'mbcsToSbcs': dot substituted for <c4>
    Warning in grid.Call.graphics(C_text, as.graphicsAnnot(x$label), x$x, x$y, :
     conversion failure on 'Duygu SavaÅ<c2><9f>cı' in 'mbcsToSbcs': dot substituted for <b1>
    Warning in grid.Call.graphics(C_text, as.graphicsAnnot(x$label), x$x, x$y, :
     conversion failure on 'OndÅ<c2><99>ej Vencálek' in 'mbcsToSbcs': dot substituted for <c5>
    Warning in grid.Call.graphics(C_text, as.graphicsAnnot(x$label), x$x, x$y, :
     conversion failure on 'OndÅ<c2><99>ej Vencálek' in 'mbcsToSbcs': dot substituted for <99>
    Warning in grid.Call.graphics(C_text, as.graphicsAnnot(x$label), x$x, x$y, :
     conversion failure on 'OndÅ<c2><99>ej Vencálek' in 'mbcsToSbcs': dot substituted for <c5>
    Warning in grid.Call.graphics(C_text, as.graphicsAnnot(x$label), x$x, x$y, :
     conversion failure on 'OndÅ<c2><99>ej Vencálek' in 'mbcsToSbcs': dot substituted for <99>
    Warning in grid.Call.graphics(C_text, as.graphicsAnnot(x$label), x$x, x$y, :
     conversion failure on 'Aleksandar NastiÄ<c2><87>' in 'mbcsToSbcs': dot substituted for <c4>
    Warning in grid.Call.graphics(C_text, as.graphicsAnnot(x$label), x$x, x$y, :
     conversion failure on 'Aleksandar NastiÄ<c2><87>' in 'mbcsToSbcs': dot substituted for <87>
    Warning in grid.Call.graphics(C_text, as.graphicsAnnot(x$label), x$x, x$y, :
     conversion failure on 'Aleksandar NastiÄ<c2><87>' in 'mbcsToSbcs': dot substituted for <c4>
    Warning in grid.Call.graphics(C_text, as.graphicsAnnot(x$label), x$x, x$y, :
     conversion failure on 'Aleksandar NastiÄ<c2><87>' in 'mbcsToSbcs': dot substituted for <87>
    Warning in grid.Call.graphics(C_text, as.graphicsAnnot(x$label), x$x, x$y, :
     conversion failure on 'Gábor Szűcs' in 'mbcsToSbcs': dot substituted for <c5>
    Warning in grid.Call.graphics(C_text, as.graphicsAnnot(x$label), x$x, x$y, :
     conversion failure on 'Gábor Szűcs' in 'mbcsToSbcs': dot substituted for <b1>
    Warning in grid.Call.graphics(C_text, as.graphicsAnnot(x$label), x$x, x$y, :
     conversion failure on 'Gábor Szűcs' in 'mbcsToSbcs': dot substituted for <c5>
    Warning in grid.Call.graphics(C_text, as.graphicsAnnot(x$label), x$x, x$y, :
     conversion failure on 'Gábor Szűcs' in 'mbcsToSbcs': dot substituted for <b1>
    Warning in grid.Call.graphics(C_text, as.graphicsAnnot(x$label), x$x, x$y, :
     conversion failure on 'Barbara ChoroÅ<c2><9b>-Tomczyk' in 'mbcsToSbcs': dot substituted for <c5>
    Warning in grid.Call.graphics(C_text, as.graphicsAnnot(x$label), x$x, x$y, :
     conversion failure on 'Barbara ChoroÅ<c2><9b>-Tomczyk' in 'mbcsToSbcs': dot substituted for <9b>
    Warning in grid.Call.graphics(C_text, as.graphicsAnnot(x$label), x$x, x$y, :
     conversion failure on 'Barbara ChoroÅ<c2><9b>-Tomczyk' in 'mbcsToSbcs': dot substituted for <c5>
    Warning in grid.Call.graphics(C_text, as.graphicsAnnot(x$label), x$x, x$y, :
     conversion failure on 'Barbara ChoroÅ<c2><9b>-Tomczyk' in 'mbcsToSbcs': dot substituted for <9b>
    Warning in grid.Call.graphics(C_text, as.graphicsAnnot(x$label), x$x, x$y, :
     conversion failure on 'OndÅ<c2><99>ej Chochola' in 'mbcsToSbcs': dot substituted for <c5>
    Warning in grid.Call.graphics(C_text, as.graphicsAnnot(x$label), x$x, x$y, :
     conversion failure on 'OndÅ<c2><99>ej Chochola' in 'mbcsToSbcs': dot substituted for <99>
    Warning in grid.Call.graphics(C_text, as.graphicsAnnot(x$label), x$x, x$y, :
     conversion failure on 'OndÅ<c2><99>ej Chochola' in 'mbcsToSbcs': dot substituted for <c5>
    Warning in grid.Call.graphics(C_text, as.graphicsAnnot(x$label), x$x, x$y, :
     conversion failure on 'OndÅ<c2><99>ej Chochola' in 'mbcsToSbcs': dot substituted for <99>
    Warning in graphics::strwidth(pMPDF$label, "inches") :
     conversion failure on 'Lubomír KubáÄ<c2><8d>ek' in 'mbcsToSbcs': dot substituted for <c4>
    Warning in graphics::strwidth(pMPDF$label, "inches") :
     conversion failure on 'Lubomír KubáÄ<c2><8d>ek' in 'mbcsToSbcs': dot substituted for <8d>
    Warning in graphics::strwidth(pMPDF$label, "inches") :
     conversion failure on 'JiÅ<c2><99>í AndÄ<c2><9b>l' in 'mbcsToSbcs': dot substituted for <c5>
    Warning in graphics::strwidth(pMPDF$label, "inches") :
     conversion failure on 'JiÅ<c2><99>í AndÄ<c2><9b>l' in 'mbcsToSbcs': dot substituted for <99>
    Warning in graphics::strwidth(pMPDF$label, "inches") :
     conversion failure on 'JiÅ<c2><99>í AndÄ<c2><9b>l' in 'mbcsToSbcs': dot substituted for <c4>
    Warning in graphics::strwidth(pMPDF$label, "inches") :
     conversion failure on 'JiÅ<c2><99>í AndÄ<c2><9b>l' in 'mbcsToSbcs': dot substituted for <9b>
    Warning in graphics::strwidth(pMPDF$label, "inches") :
     conversion failure on 'Jana JureÄ<c2><8d>ková' in 'mbcsToSbcs': dot substituted for <c4>
    Warning in graphics::strwidth(pMPDF$label, "inches") :
     conversion failure on 'Jana JureÄ<c2><8d>ková' in 'mbcsToSbcs': dot substituted for <8d>
    Warning in graphics::strwidth(pMPDF$label, "inches") :
     conversion failure on 'Dana VorlíÄ<c2><8d>ková' in 'mbcsToSbcs': dot substituted for <c4>
    Warning in graphics::strwidth(pMPDF$label, "inches") :
     conversion failure on 'Dana VorlíÄ<c2><8d>ková' in 'mbcsToSbcs': dot substituted for <8d>
    Warning in graphics::strwidth(pMPDF$label, "inches") :
     conversion failure on 'BogusÅ<c2><82>awa Bednarek-Kozek' in 'mbcsToSbcs': dot substituted for <c5>
    Warning in graphics::strwidth(pMPDF$label, "inches") :
     conversion failure on 'BogusÅ<c2><82>awa Bednarek-Kozek' in 'mbcsToSbcs': dot substituted for <82>
    Warning in graphics::strwidth(pMPDF$label, "inches") :
     conversion failure on 'CzesÅ<c2><82>aw StÄ<c2><99>pniak' in 'mbcsToSbcs': dot substituted for <c5>
    Warning in graphics::strwidth(pMPDF$label, "inches") :
     conversion failure on 'CzesÅ<c2><82>aw StÄ<c2><99>pniak' in 'mbcsToSbcs': dot substituted for <82>
    Warning in graphics::strwidth(pMPDF$label, "inches") :
     conversion failure on 'CzesÅ<c2><82>aw StÄ<c2><99>pniak' in 'mbcsToSbcs': dot substituted for <c4>
    Warning in graphics::strwidth(pMPDF$label, "inches") :
     conversion failure on 'CzesÅ<c2><82>aw StÄ<c2><99>pniak' in 'mbcsToSbcs': dot substituted for <99>
    Warning in graphics::strwidth(pMPDF$label, "inches") :
     conversion failure on 'Biljana PopoviÄ<c2><87>' in 'mbcsToSbcs': dot substituted for <c4>
    Warning in graphics::strwidth(pMPDF$label, "inches") :
     conversion failure on 'Biljana PopoviÄ<c2><87>' in 'mbcsToSbcs': dot substituted for <87>
    Warning in graphics::strwidth(pMPDF$label, "inches") :
     conversion failure on 'Grzegorz RempaÅ<c2><82>a' in 'mbcsToSbcs': dot substituted for <c5>
    Warning in graphics::strwidth(pMPDF$label, "inches") :
     conversion failure on 'Grzegorz RempaÅ<c2><82>a' in 'mbcsToSbcs': dot substituted for <82>
    Warning in graphics::strwidth(pMPDF$label, "inches") :
     conversion failure on 'Miroslav RistiÄ<c2><87>' in 'mbcsToSbcs': dot substituted for <c4>
    Warning in graphics::strwidth(pMPDF$label, "inches") :
     conversion failure on 'Miroslav RistiÄ<c2><87>' in 'mbcsToSbcs': dot substituted for <87>
    Warning in graphics::strwidth(pMPDF$label, "inches") :
     conversion failure on 'Hana JaneÄ<c2><8d>ková' in 'mbcsToSbcs': dot substituted for <c4>
    Warning in graphics::strwidth(pMPDF$label, "inches") :
     conversion failure on 'Hana JaneÄ<c2><8d>ková' in 'mbcsToSbcs': dot substituted for <8d>
    Warning in graphics::strwidth(pMPDF$label, "inches") :
     conversion failure on 'Petr FranÄ<c2><9b>k' in 'mbcsToSbcs': dot substituted for <c4>
    Warning in graphics::strwidth(pMPDF$label, "inches") :
     conversion failure on 'Petr FranÄ<c2><9b>k' in 'mbcsToSbcs': dot substituted for <9b>
    Warning in graphics::strwidth(pMPDF$label, "inches") :
     conversion failure on 'Libor MašíÄ<c2><8d>ek' in 'mbcsToSbcs': dot substituted for <c4>
    Warning in graphics::strwidth(pMPDF$label, "inches") :
     conversion failure on 'Libor MašíÄ<c2><8d>ek' in 'mbcsToSbcs': dot substituted for <8d>
    Warning in graphics::strwidth(pMPDF$label, "inches") :
     conversion failure on 'Václav Ä<c2><8c>apek' in 'mbcsToSbcs': dot substituted for <c4>
    Warning in graphics::strwidth(pMPDF$label, "inches") :
     conversion failure on 'Václav Ä<c2><8c>apek' in 'mbcsToSbcs': dot substituted for <8c>
    Warning in graphics::strwidth(pMPDF$label, "inches") :
     conversion failure on 'Milovan KrnjajiÄ<c2><87>' in 'mbcsToSbcs': dot substituted for <c4>
    Warning in graphics::strwidth(pMPDF$label, "inches") :
     conversion failure on 'Milovan KrnjajiÄ<c2><87>' in 'mbcsToSbcs': dot substituted for <87>
    Warning in graphics::strwidth(pMPDF$label, "inches") :
     conversion failure on 'Alena Ä<c2><8c>erníková' in 'mbcsToSbcs': dot substituted for <c4>
    Warning in graphics::strwidth(pMPDF$label, "inches") :
     conversion failure on 'Alena Ä<c2><8c>erníková' in 'mbcsToSbcs': dot substituted for <8c>
    Warning in graphics::strwidth(pMPDF$label, "inches") :
     conversion failure on 'Jan PudeÅ<c2><82>ko' in 'mbcsToSbcs': dot substituted for <c5>
    Warning in graphics::strwidth(pMPDF$label, "inches") :
     conversion failure on 'Jan PudeÅ<c2><82>ko' in 'mbcsToSbcs': dot substituted for <82>
    Warning in graphics::strwidth(pMPDF$label, "inches") :
     conversion failure on 'Vladica StojanoviÄ<c2><87>' in 'mbcsToSbcs': dot substituted for <c4>
    Warning in graphics::strwidth(pMPDF$label, "inches") :
     conversion failure on 'Vladica StojanoviÄ<c2><87>' in 'mbcsToSbcs': dot substituted for <87>
    Warning in graphics::strwidth(pMPDF$label, "inches") :
     conversion failure on 'Pavel VanÄ<c2><9b>Ä<c2><8d>ek' in 'mbcsToSbcs': dot substituted for <c4>
    Warning in graphics::strwidth(pMPDF$label, "inches") :
     conversion failure on 'Pavel VanÄ<c2><9b>Ä<c2><8d>ek' in 'mbcsToSbcs': dot substituted for <9b>
    Warning in graphics::strwidth(pMPDF$label, "inches") :
     conversion failure on 'Pavel VanÄ<c2><9b>Ä<c2><8d>ek' in 'mbcsToSbcs': dot substituted for <c4>
    Warning in graphics::strwidth(pMPDF$label, "inches") :
     conversion failure on 'Pavel VanÄ<c2><9b>Ä<c2><8d>ek' in 'mbcsToSbcs': dot substituted for <8d>
    Warning in graphics::strwidth(pMPDF$label, "inches") :
     conversion failure on 'Inga MasiulaitytÄ<c2><97>' in 'mbcsToSbcs': dot substituted for <c4>
    Warning in graphics::strwidth(pMPDF$label, "inches") :
     conversion failure on 'Inga MasiulaitytÄ<c2><97>' in 'mbcsToSbcs': dot substituted for <97>
    Warning in graphics::strwidth(pMPDF$label, "inches") :
     conversion failure on 'Duygu SavaÅ<c2><9f>cı' in 'mbcsToSbcs': dot substituted for <c5>
    Warning in graphics::strwidth(pMPDF$label, "inches") :
     conversion failure on 'Duygu SavaÅ<c2><9f>cı' in 'mbcsToSbcs': dot substituted for <9f>
    Warning in graphics::strwidth(pMPDF$label, "inches") :
     conversion failure on 'Duygu SavaÅ<c2><9f>cı' in 'mbcsToSbcs': dot substituted for <c4>
    Warning in graphics::strwidth(pMPDF$label, "inches") :
     conversion failure on 'Duygu SavaÅ<c2><9f>cı' in 'mbcsToSbcs': dot substituted for <b1>
    Warning in graphics::strwidth(pMPDF$label, "inches") :
     conversion failure on 'OndÅ<c2><99>ej Vencálek' in 'mbcsToSbcs': dot substituted for <c5>
    Warning in graphics::strwidth(pMPDF$label, "inches") :
     conversion failure on 'OndÅ<c2><99>ej Vencálek' in 'mbcsToSbcs': dot substituted for <99>
    Warning in graphics::strwidth(pMPDF$label, "inches") :
     conversion failure on 'Aleksandar NastiÄ<c2><87>' in 'mbcsToSbcs': dot substituted for <c4>
    Warning in graphics::strwidth(pMPDF$label, "inches") :
     conversion failure on 'Aleksandar NastiÄ<c2><87>' in 'mbcsToSbcs': dot substituted for <87>
    Warning in graphics::strwidth(pMPDF$label, "inches") :
     conversion failure on 'Gábor Szűcs' in 'mbcsToSbcs': dot substituted for <c5>
    Warning in graphics::strwidth(pMPDF$label, "inches") :
     conversion failure on 'Gábor Szűcs' in 'mbcsToSbcs': dot substituted for <b1>
    Warning in graphics::strwidth(pMPDF$label, "inches") :
     conversion failure on 'Barbara ChoroÅ<c2><9b>-Tomczyk' in 'mbcsToSbcs': dot substituted for <c5>
    Warning in graphics::strwidth(pMPDF$label, "inches") :
     conversion failure on 'Barbara ChoroÅ<c2><9b>-Tomczyk' in 'mbcsToSbcs': dot substituted for <9b>
    Warning in graphics::strwidth(pMPDF$label, "inches") :
     conversion failure on 'OndÅ<c2><99>ej Chochola' in 'mbcsToSbcs': dot substituted for <c5>
    Warning in graphics::strwidth(pMPDF$label, "inches") :
     conversion failure on 'OndÅ<c2><99>ej Chochola' in 'mbcsToSbcs': dot substituted for <99>
    Warning in graphics::strwidth(pMPDF$label, "inches") :
     conversion failure on 'Anna JenÄ<c2><8d>ová' in 'mbcsToSbcs': dot substituted for <c4>
    Warning in graphics::strwidth(pMPDF$label, "inches") :
     conversion failure on 'Anna JenÄ<c2><8d>ová' in 'mbcsToSbcs': dot substituted for <8d>
    Warning in graphics::strwidth(pMPDF$label, "inches") :
     conversion failure on 'Peter Ä<c2><8c>erÅ<c2><88>anskÃœ' in 'mbcsToSbcs': dot substituted for <c4>
    Warning in graphics::strwidth(pMPDF$label, "inches") :
     conversion failure on 'Peter Ä<c2><8c>erÅ<c2><88>anskÃœ' in 'mbcsToSbcs': dot substituted for <8c>
    Warning in graphics::strwidth(pMPDF$label, "inches") :
     conversion failure on 'Peter Ä<c2><8c>erÅ<c2><88>anskÃœ' in 'mbcsToSbcs': dot substituted for <c5>
    Warning in graphics::strwidth(pMPDF$label, "inches") :
     conversion failure on 'Peter Ä<c2><8c>erÅ<c2><88>anskÃœ' in 'mbcsToSbcs': dot substituted for <88>
    Warning: Removed 63 rows containing missing values (geom_segment).
    Warning in grid.Call.graphics(C_text, as.graphicsAnnot(x$label), x$x, x$y, :
     conversion failure on 'Lubomír KubáÄ<c2><8d>ek' in 'mbcsToSbcs': dot substituted for <c4>
    Warning in grid.Call.graphics(C_text, as.graphicsAnnot(x$label), x$x, x$y, :
     conversion failure on 'Lubomír KubáÄ<c2><8d>ek' in 'mbcsToSbcs': dot substituted for <8d>
    Warning in grid.Call.graphics(C_text, as.graphicsAnnot(x$label), x$x, x$y, :
     conversion failure on 'Lubomír KubáÄ<c2><8d>ek' in 'mbcsToSbcs': dot substituted for <c4>
    Warning in grid.Call.graphics(C_text, as.graphicsAnnot(x$label), x$x, x$y, :
     conversion failure on 'Lubomír KubáÄ<c2><8d>ek' in 'mbcsToSbcs': dot substituted for <8d>
    Warning in grid.Call.graphics(C_text, as.graphicsAnnot(x$label), x$x, x$y, :
     conversion failure on 'JiÅ<c2><99>í AndÄ<c2><9b>l' in 'mbcsToSbcs': dot substituted for <c5>
    Warning in grid.Call.graphics(C_text, as.graphicsAnnot(x$label), x$x, x$y, :
     conversion failure on 'JiÅ<c2><99>í AndÄ<c2><9b>l' in 'mbcsToSbcs': dot substituted for <99>
    Warning in grid.Call.graphics(C_text, as.graphicsAnnot(x$label), x$x, x$y, :
     conversion failure on 'JiÅ<c2><99>í AndÄ<c2><9b>l' in 'mbcsToSbcs': dot substituted for <c4>
    Warning in grid.Call.graphics(C_text, as.graphicsAnnot(x$label), x$x, x$y, :
     conversion failure on 'JiÅ<c2><99>í AndÄ<c2><9b>l' in 'mbcsToSbcs': dot substituted for <9b>
    Warning in grid.Call.graphics(C_text, as.graphicsAnnot(x$label), x$x, x$y, :
     conversion failure on 'JiÅ<c2><99>í AndÄ<c2><9b>l' in 'mbcsToSbcs': dot substituted for <c5>
    Warning in grid.Call.graphics(C_text, as.graphicsAnnot(x$label), x$x, x$y, :
     conversion failure on 'JiÅ<c2><99>í AndÄ<c2><9b>l' in 'mbcsToSbcs': dot substituted for <99>
    Warning in grid.Call.graphics(C_text, as.graphicsAnnot(x$label), x$x, x$y, :
     conversion failure on 'JiÅ<c2><99>í AndÄ<c2><9b>l' in 'mbcsToSbcs': dot substituted for <c4>
    Warning in grid.Call.graphics(C_text, as.graphicsAnnot(x$label), x$x, x$y, :
     conversion failure on 'JiÅ<c2><99>í AndÄ<c2><9b>l' in 'mbcsToSbcs': dot substituted for <9b>
    Warning in grid.Call.graphics(C_text, as.graphicsAnnot(x$label), x$x, x$y, :
     conversion failure on 'Jana JureÄ<c2><8d>ková' in 'mbcsToSbcs': dot substituted for <c4>
    Warning in grid.Call.graphics(C_text, as.graphicsAnnot(x$label), x$x, x$y, :
     conversion failure on 'Jana JureÄ<c2><8d>ková' in 'mbcsToSbcs': dot substituted for <8d>
    Warning in grid.Call.graphics(C_text, as.graphicsAnnot(x$label), x$x, x$y, :
     conversion failure on 'Jana JureÄ<c2><8d>ková' in 'mbcsToSbcs': dot substituted for <c4>
    Warning in grid.Call.graphics(C_text, as.graphicsAnnot(x$label), x$x, x$y, :
     conversion failure on 'Jana JureÄ<c2><8d>ková' in 'mbcsToSbcs': dot substituted for <8d>
    Warning in grid.Call.graphics(C_text, as.graphicsAnnot(x$label), x$x, x$y, :
     conversion failure on 'Dana VorlíÄ<c2><8d>ková' in 'mbcsToSbcs': dot substituted for <c4>
    Warning in grid.Call.graphics(C_text, as.graphicsAnnot(x$label), x$x, x$y, :
     conversion failure on 'Dana VorlíÄ<c2><8d>ková' in 'mbcsToSbcs': dot substituted for <8d>
    Warning in grid.Call.graphics(C_text, as.graphicsAnnot(x$label), x$x, x$y, :
     conversion failure on 'Dana VorlíÄ<c2><8d>ková' in 'mbcsToSbcs': dot substituted for <c4>
    Warning in grid.Call.graphics(C_text, as.graphicsAnnot(x$label), x$x, x$y, :
     conversion failure on 'Dana VorlíÄ<c2><8d>ková' in 'mbcsToSbcs': dot substituted for <8d>
    Warning in grid.Call.graphics(C_text, as.graphicsAnnot(x$label), x$x, x$y, :
     conversion failure on 'BogusÅ<c2><82>awa Bednarek-Kozek' in 'mbcsToSbcs': dot substituted for <c5>
    Warning in grid.Call.graphics(C_text, as.graphicsAnnot(x$label), x$x, x$y, :
     conversion failure on 'BogusÅ<c2><82>awa Bednarek-Kozek' in 'mbcsToSbcs': dot substituted for <82>
    Warning in grid.Call.graphics(C_text, as.graphicsAnnot(x$label), x$x, x$y, :
     conversion failure on 'BogusÅ<c2><82>awa Bednarek-Kozek' in 'mbcsToSbcs': dot substituted for <c5>
    Warning in grid.Call.graphics(C_text, as.graphicsAnnot(x$label), x$x, x$y, :
     conversion failure on 'BogusÅ<c2><82>awa Bednarek-Kozek' in 'mbcsToSbcs': dot substituted for <82>
    Warning in grid.Call.graphics(C_text, as.graphicsAnnot(x$label), x$x, x$y, :
     conversion failure on 'CzesÅ<c2><82>aw StÄ<c2><99>pniak' in 'mbcsToSbcs': dot substituted for <c5>
    Warning in grid.Call.graphics(C_text, as.graphicsAnnot(x$label), x$x, x$y, :
     conversion failure on 'CzesÅ<c2><82>aw StÄ<c2><99>pniak' in 'mbcsToSbcs': dot substituted for <82>
    Warning in grid.Call.graphics(C_text, as.graphicsAnnot(x$label), x$x, x$y, :
     conversion failure on 'CzesÅ<c2><82>aw StÄ<c2><99>pniak' in 'mbcsToSbcs': dot substituted for <c4>
    Warning in grid.Call.graphics(C_text, as.graphicsAnnot(x$label), x$x, x$y, :
     conversion failure on 'CzesÅ<c2><82>aw StÄ<c2><99>pniak' in 'mbcsToSbcs': dot substituted for <99>
    Warning in grid.Call.graphics(C_text, as.graphicsAnnot(x$label), x$x, x$y, :
     conversion failure on 'CzesÅ<c2><82>aw StÄ<c2><99>pniak' in 'mbcsToSbcs': dot substituted for <c5>
    Warning in grid.Call.graphics(C_text, as.graphicsAnnot(x$label), x$x, x$y, :
     conversion failure on 'CzesÅ<c2><82>aw StÄ<c2><99>pniak' in 'mbcsToSbcs': dot substituted for <82>
    Warning in grid.Call.graphics(C_text, as.graphicsAnnot(x$label), x$x, x$y, :
     conversion failure on 'CzesÅ<c2><82>aw StÄ<c2><99>pniak' in 'mbcsToSbcs': dot substituted for <c4>
    Warning in grid.Call.graphics(C_text, as.graphicsAnnot(x$label), x$x, x$y, :
     conversion failure on 'CzesÅ<c2><82>aw StÄ<c2><99>pniak' in 'mbcsToSbcs': dot substituted for <99>
    Warning in grid.Call.graphics(C_text, as.graphicsAnnot(x$label), x$x, x$y, :
     conversion failure on 'Biljana PopoviÄ<c2><87>' in 'mbcsToSbcs': dot substituted for <c4>
    Warning in grid.Call.graphics(C_text, as.graphicsAnnot(x$label), x$x, x$y, :
     conversion failure on 'Biljana PopoviÄ<c2><87>' in 'mbcsToSbcs': dot substituted for <87>
    Warning in grid.Call.graphics(C_text, as.graphicsAnnot(x$label), x$x, x$y, :
     conversion failure on 'Biljana PopoviÄ<c2><87>' in 'mbcsToSbcs': dot substituted for <c4>
    Warning in grid.Call.graphics(C_text, as.graphicsAnnot(x$label), x$x, x$y, :
     conversion failure on 'Biljana PopoviÄ<c2><87>' in 'mbcsToSbcs': dot substituted for <87>
    Warning in grid.Call.graphics(C_text, as.graphicsAnnot(x$label), x$x, x$y, :
     conversion failure on 'Grzegorz RempaÅ<c2><82>a' in 'mbcsToSbcs': dot substituted for <c5>
    Warning in grid.Call.graphics(C_text, as.graphicsAnnot(x$label), x$x, x$y, :
     conversion failure on 'Grzegorz RempaÅ<c2><82>a' in 'mbcsToSbcs': dot substituted for <82>
    Warning in grid.Call.graphics(C_text, as.graphicsAnnot(x$label), x$x, x$y, :
     conversion failure on 'Grzegorz RempaÅ<c2><82>a' in 'mbcsToSbcs': dot substituted for <c5>
    Warning in grid.Call.graphics(C_text, as.graphicsAnnot(x$label), x$x, x$y, :
     conversion failure on 'Grzegorz RempaÅ<c2><82>a' in 'mbcsToSbcs': dot substituted for <82>
    Warning in grid.Call.graphics(C_text, as.graphicsAnnot(x$label), x$x, x$y, :
     conversion failure on 'Miroslav RistiÄ<c2><87>' in 'mbcsToSbcs': dot substituted for <c4>
    Warning in grid.Call.graphics(C_text, as.graphicsAnnot(x$label), x$x, x$y, :
     conversion failure on 'Miroslav RistiÄ<c2><87>' in 'mbcsToSbcs': dot substituted for <87>
    Warning in grid.Call.graphics(C_text, as.graphicsAnnot(x$label), x$x, x$y, :
     conversion failure on 'Miroslav RistiÄ<c2><87>' in 'mbcsToSbcs': dot substituted for <c4>
    Warning in grid.Call.graphics(C_text, as.graphicsAnnot(x$label), x$x, x$y, :
     conversion failure on 'Miroslav RistiÄ<c2><87>' in 'mbcsToSbcs': dot substituted for <87>
    Warning in grid.Call.graphics(C_text, as.graphicsAnnot(x$label), x$x, x$y, :
     conversion failure on 'Hana JaneÄ<c2><8d>ková' in 'mbcsToSbcs': dot substituted for <c4>
    Warning in grid.Call.graphics(C_text, as.graphicsAnnot(x$label), x$x, x$y, :
     conversion failure on 'Hana JaneÄ<c2><8d>ková' in 'mbcsToSbcs': dot substituted for <8d>
    Warning in grid.Call.graphics(C_text, as.graphicsAnnot(x$label), x$x, x$y, :
     conversion failure on 'Hana JaneÄ<c2><8d>ková' in 'mbcsToSbcs': dot substituted for <c4>
    Warning in grid.Call.graphics(C_text, as.graphicsAnnot(x$label), x$x, x$y, :
     conversion failure on 'Hana JaneÄ<c2><8d>ková' in 'mbcsToSbcs': dot substituted for <8d>
    Warning in grid.Call.graphics(C_text, as.graphicsAnnot(x$label), x$x, x$y, :
     conversion failure on 'Petr FranÄ<c2><9b>k' in 'mbcsToSbcs': dot substituted for <c4>
    Warning in grid.Call.graphics(C_text, as.graphicsAnnot(x$label), x$x, x$y, :
     conversion failure on 'Petr FranÄ<c2><9b>k' in 'mbcsToSbcs': dot substituted for <9b>
    Warning in grid.Call.graphics(C_text, as.graphicsAnnot(x$label), x$x, x$y, :
     conversion failure on 'Petr FranÄ<c2><9b>k' in 'mbcsToSbcs': dot substituted for <c4>
    Warning in grid.Call.graphics(C_text, as.graphicsAnnot(x$label), x$x, x$y, :
     conversion failure on 'Petr FranÄ<c2><9b>k' in 'mbcsToSbcs': dot substituted for <9b>
    Warning in grid.Call.graphics(C_text, as.graphicsAnnot(x$label), x$x, x$y, :
     conversion failure on 'Libor MašíÄ<c2><8d>ek' in 'mbcsToSbcs': dot substituted for <c4>
    Warning in grid.Call.graphics(C_text, as.graphicsAnnot(x$label), x$x, x$y, :
     conversion failure on 'Libor MašíÄ<c2><8d>ek' in 'mbcsToSbcs': dot substituted for <8d>
    Warning in grid.Call.graphics(C_text, as.graphicsAnnot(x$label), x$x, x$y, :
     conversion failure on 'Libor MašíÄ<c2><8d>ek' in 'mbcsToSbcs': dot substituted for <c4>
    Warning in grid.Call.graphics(C_text, as.graphicsAnnot(x$label), x$x, x$y, :
     conversion failure on 'Libor MašíÄ<c2><8d>ek' in 'mbcsToSbcs': dot substituted for <8d>
    Warning in grid.Call.graphics(C_text, as.graphicsAnnot(x$label), x$x, x$y, :
     conversion failure on 'Václav Ä<c2><8c>apek' in 'mbcsToSbcs': dot substituted for <c4>
    Warning in grid.Call.graphics(C_text, as.graphicsAnnot(x$label), x$x, x$y, :
     conversion failure on 'Václav Ä<c2><8c>apek' in 'mbcsToSbcs': dot substituted for <8c>
    Warning in grid.Call.graphics(C_text, as.graphicsAnnot(x$label), x$x, x$y, :
     conversion failure on 'Václav Ä<c2><8c>apek' in 'mbcsToSbcs': dot substituted for <c4>
    Warning in grid.Call.graphics(C_text, as.graphicsAnnot(x$label), x$x, x$y, :
     conversion failure on 'Václav Ä<c2><8c>apek' in 'mbcsToSbcs': dot substituted for <8c>
    Warning in grid.Call.graphics(C_text, as.graphicsAnnot(x$label), x$x, x$y, :
     conversion failure on 'Milovan KrnjajiÄ<c2><87>' in 'mbcsToSbcs': dot substituted for <c4>
    Warning in grid.Call.graphics(C_text, as.graphicsAnnot(x$label), x$x, x$y, :
     conversion failure on 'Milovan KrnjajiÄ<c2><87>' in 'mbcsToSbcs': dot substituted for <87>
    Warning in grid.Call.graphics(C_text, as.graphicsAnnot(x$label), x$x, x$y, :
     conversion failure on 'Milovan KrnjajiÄ<c2><87>' in 'mbcsToSbcs': dot substituted for <c4>
    Warning in grid.Call.graphics(C_text, as.graphicsAnnot(x$label), x$x, x$y, :
     conversion failure on 'Milovan KrnjajiÄ<c2><87>' in 'mbcsToSbcs': dot substituted for <87>
    Warning in grid.Call.graphics(C_text, as.graphicsAnnot(x$label), x$x, x$y, :
     conversion failure on 'Alena Ä<c2><8c>erníková' in 'mbcsToSbcs': dot substituted for <c4>
    Warning in grid.Call.graphics(C_text, as.graphicsAnnot(x$label), x$x, x$y, :
     conversion failure on 'Alena Ä<c2><8c>erníková' in 'mbcsToSbcs': dot substituted for <8c>
    Warning in grid.Call.graphics(C_text, as.graphicsAnnot(x$label), x$x, x$y, :
     conversion failure on 'Alena Ä<c2><8c>erníková' in 'mbcsToSbcs': dot substituted for <c4>
    Warning in grid.Call.graphics(C_text, as.graphicsAnnot(x$label), x$x, x$y, :
     conversion failure on 'Alena Ä<c2><8c>erníková' in 'mbcsToSbcs': dot substituted for <8c>
    Warning in grid.Call.graphics(C_text, as.graphicsAnnot(x$label), x$x, x$y, :
     conversion failure on 'Jan PudeÅ<c2><82>ko' in 'mbcsToSbcs': dot substituted for <c5>
    Warning in grid.Call.graphics(C_text, as.graphicsAnnot(x$label), x$x, x$y, :
     conversion failure on 'Jan PudeÅ<c2><82>ko' in 'mbcsToSbcs': dot substituted for <82>
    Warning in grid.Call.graphics(C_text, as.graphicsAnnot(x$label), x$x, x$y, :
     conversion failure on 'Jan PudeÅ<c2><82>ko' in 'mbcsToSbcs': dot substituted for <c5>
    Warning in grid.Call.graphics(C_text, as.graphicsAnnot(x$label), x$x, x$y, :
     conversion failure on 'Jan PudeÅ<c2><82>ko' in 'mbcsToSbcs': dot substituted for <82>
    Warning in grid.Call.graphics(C_text, as.graphicsAnnot(x$label), x$x, x$y, :
     conversion failure on 'Vladica StojanoviÄ<c2><87>' in 'mbcsToSbcs': dot substituted for <c4>
    Warning in grid.Call.graphics(C_text, as.graphicsAnnot(x$label), x$x, x$y, :
     conversion failure on 'Vladica StojanoviÄ<c2><87>' in 'mbcsToSbcs': dot substituted for <87>
    Warning in grid.Call.graphics(C_text, as.graphicsAnnot(x$label), x$x, x$y, :
     conversion failure on 'Vladica StojanoviÄ<c2><87>' in 'mbcsToSbcs': dot substituted for <c4>
    Warning in grid.Call.graphics(C_text, as.graphicsAnnot(x$label), x$x, x$y, :
     conversion failure on 'Vladica StojanoviÄ<c2><87>' in 'mbcsToSbcs': dot substituted for <87>
    Warning in grid.Call.graphics(C_text, as.graphicsAnnot(x$label), x$x, x$y, :
     conversion failure on 'Pavel VanÄ<c2><9b>Ä<c2><8d>ek' in 'mbcsToSbcs': dot substituted for <c4>
    Warning in grid.Call.graphics(C_text, as.graphicsAnnot(x$label), x$x, x$y, :
     conversion failure on 'Pavel VanÄ<c2><9b>Ä<c2><8d>ek' in 'mbcsToSbcs': dot substituted for <9b>
    Warning in grid.Call.graphics(C_text, as.graphicsAnnot(x$label), x$x, x$y, :
     conversion failure on 'Pavel VanÄ<c2><9b>Ä<c2><8d>ek' in 'mbcsToSbcs': dot substituted for <c4>
    Warning in grid.Call.graphics(C_text, as.graphicsAnnot(x$label), x$x, x$y, :
     conversion failure on 'Pavel VanÄ<c2><9b>Ä<c2><8d>ek' in 'mbcsToSbcs': dot substituted for <8d>
    Warning in grid.Call.graphics(C_text, as.graphicsAnnot(x$label), x$x, x$y, :
     conversion failure on 'Pavel VanÄ<c2><9b>Ä<c2><8d>ek' in 'mbcsToSbcs': dot substituted for <c4>
    Warning in grid.Call.graphics(C_text, as.graphicsAnnot(x$label), x$x, x$y, :
     conversion failure on 'Pavel VanÄ<c2><9b>Ä<c2><8d>ek' in 'mbcsToSbcs': dot substituted for <9b>
    Warning in grid.Call.graphics(C_text, as.graphicsAnnot(x$label), x$x, x$y, :
     conversion failure on 'Pavel VanÄ<c2><9b>Ä<c2><8d>ek' in 'mbcsToSbcs': dot substituted for <c4>
    Warning in grid.Call.graphics(C_text, as.graphicsAnnot(x$label), x$x, x$y, :
     conversion failure on 'Pavel VanÄ<c2><9b>Ä<c2><8d>ek' in 'mbcsToSbcs': dot substituted for <8d>
    Warning in grid.Call.graphics(C_text, as.graphicsAnnot(x$label), x$x, x$y, :
     conversion failure on 'Inga MasiulaitytÄ<c2><97>' in 'mbcsToSbcs': dot substituted for <c4>
    Warning in grid.Call.graphics(C_text, as.graphicsAnnot(x$label), x$x, x$y, :
     conversion failure on 'Inga MasiulaitytÄ<c2><97>' in 'mbcsToSbcs': dot substituted for <97>
    Warning in grid.Call.graphics(C_text, as.graphicsAnnot(x$label), x$x, x$y, :
     conversion failure on 'Inga MasiulaitytÄ<c2><97>' in 'mbcsToSbcs': dot substituted for <c4>
    Warning in grid.Call.graphics(C_text, as.graphicsAnnot(x$label), x$x, x$y, :
     conversion failure on 'Inga MasiulaitytÄ<c2><97>' in 'mbcsToSbcs': dot substituted for <97>
    Warning in grid.Call.graphics(C_text, as.graphicsAnnot(x$label), x$x, x$y, :
     conversion failure on 'Duygu SavaÅ<c2><9f>cı' in 'mbcsToSbcs': dot substituted for <c5>
    Warning in grid.Call.graphics(C_text, as.graphicsAnnot(x$label), x$x, x$y, :
     conversion failure on 'Duygu SavaÅ<c2><9f>cı' in 'mbcsToSbcs': dot substituted for <9f>
    Warning in grid.Call.graphics(C_text, as.graphicsAnnot(x$label), x$x, x$y, :
     conversion failure on 'Duygu SavaÅ<c2><9f>cı' in 'mbcsToSbcs': dot substituted for <c4>
    Warning in grid.Call.graphics(C_text, as.graphicsAnnot(x$label), x$x, x$y, :
     conversion failure on 'Duygu SavaÅ<c2><9f>cı' in 'mbcsToSbcs': dot substituted for <b1>
    Warning in grid.Call.graphics(C_text, as.graphicsAnnot(x$label), x$x, x$y, :
     conversion failure on 'Duygu SavaÅ<c2><9f>cı' in 'mbcsToSbcs': dot substituted for <c5>
    Warning in grid.Call.graphics(C_text, as.graphicsAnnot(x$label), x$x, x$y, :
     conversion failure on 'Duygu SavaÅ<c2><9f>cı' in 'mbcsToSbcs': dot substituted for <9f>
    Warning in grid.Call.graphics(C_text, as.graphicsAnnot(x$label), x$x, x$y, :
     conversion failure on 'Duygu SavaÅ<c2><9f>cı' in 'mbcsToSbcs': dot substituted for <c4>
    Warning in grid.Call.graphics(C_text, as.graphicsAnnot(x$label), x$x, x$y, :
     conversion failure on 'Duygu SavaÅ<c2><9f>cı' in 'mbcsToSbcs': dot substituted for <b1>
    Warning in grid.Call.graphics(C_text, as.graphicsAnnot(x$label), x$x, x$y, :
     conversion failure on 'OndÅ<c2><99>ej Vencálek' in 'mbcsToSbcs': dot substituted for <c5>
    Warning in grid.Call.graphics(C_text, as.graphicsAnnot(x$label), x$x, x$y, :
     conversion failure on 'OndÅ<c2><99>ej Vencálek' in 'mbcsToSbcs': dot substituted for <99>
    Warning in grid.Call.graphics(C_text, as.graphicsAnnot(x$label), x$x, x$y, :
     conversion failure on 'OndÅ<c2><99>ej Vencálek' in 'mbcsToSbcs': dot substituted for <c5>
    Warning in grid.Call.graphics(C_text, as.graphicsAnnot(x$label), x$x, x$y, :
     conversion failure on 'OndÅ<c2><99>ej Vencálek' in 'mbcsToSbcs': dot substituted for <99>
    Warning in grid.Call.graphics(C_text, as.graphicsAnnot(x$label), x$x, x$y, :
     conversion failure on 'Aleksandar NastiÄ<c2><87>' in 'mbcsToSbcs': dot substituted for <c4>
    Warning in grid.Call.graphics(C_text, as.graphicsAnnot(x$label), x$x, x$y, :
     conversion failure on 'Aleksandar NastiÄ<c2><87>' in 'mbcsToSbcs': dot substituted for <87>
    Warning in grid.Call.graphics(C_text, as.graphicsAnnot(x$label), x$x, x$y, :
     conversion failure on 'Aleksandar NastiÄ<c2><87>' in 'mbcsToSbcs': dot substituted for <c4>
    Warning in grid.Call.graphics(C_text, as.graphicsAnnot(x$label), x$x, x$y, :
     conversion failure on 'Aleksandar NastiÄ<c2><87>' in 'mbcsToSbcs': dot substituted for <87>
    Warning in grid.Call.graphics(C_text, as.graphicsAnnot(x$label), x$x, x$y, :
     conversion failure on 'Gábor Szűcs' in 'mbcsToSbcs': dot substituted for <c5>
    Warning in grid.Call.graphics(C_text, as.graphicsAnnot(x$label), x$x, x$y, :
     conversion failure on 'Gábor Szűcs' in 'mbcsToSbcs': dot substituted for <b1>
    Warning in grid.Call.graphics(C_text, as.graphicsAnnot(x$label), x$x, x$y, :
     conversion failure on 'Gábor Szűcs' in 'mbcsToSbcs': dot substituted for <c5>
    Warning in grid.Call.graphics(C_text, as.graphicsAnnot(x$label), x$x, x$y, :
     conversion failure on 'Gábor Szűcs' in 'mbcsToSbcs': dot substituted for <b1>
    Warning in grid.Call.graphics(C_text, as.graphicsAnnot(x$label), x$x, x$y, :
     conversion failure on 'Barbara ChoroÅ<c2><9b>-Tomczyk' in 'mbcsToSbcs': dot substituted for <c5>
    Warning in grid.Call.graphics(C_text, as.graphicsAnnot(x$label), x$x, x$y, :
     conversion failure on 'Barbara ChoroÅ<c2><9b>-Tomczyk' in 'mbcsToSbcs': dot substituted for <9b>
    Warning in grid.Call.graphics(C_text, as.graphicsAnnot(x$label), x$x, x$y, :
     conversion failure on 'Barbara ChoroÅ<c2><9b>-Tomczyk' in 'mbcsToSbcs': dot substituted for <c5>
    Warning in grid.Call.graphics(C_text, as.graphicsAnnot(x$label), x$x, x$y, :
     conversion failure on 'Barbara ChoroÅ<c2><9b>-Tomczyk' in 'mbcsToSbcs': dot substituted for <9b>
    Warning in grid.Call.graphics(C_text, as.graphicsAnnot(x$label), x$x, x$y, :
     conversion failure on 'OndÅ<c2><99>ej Chochola' in 'mbcsToSbcs': dot substituted for <c5>
    Warning in grid.Call.graphics(C_text, as.graphicsAnnot(x$label), x$x, x$y, :
     conversion failure on 'OndÅ<c2><99>ej Chochola' in 'mbcsToSbcs': dot substituted for <99>
    Warning in grid.Call.graphics(C_text, as.graphicsAnnot(x$label), x$x, x$y, :
     conversion failure on 'OndÅ<c2><99>ej Chochola' in 'mbcsToSbcs': dot substituted for <c5>
    Warning in grid.Call.graphics(C_text, as.graphicsAnnot(x$label), x$x, x$y, :
     conversion failure on 'OndÅ<c2><99>ej Chochola' in 'mbcsToSbcs': dot substituted for <99>
    Warning in graphics::strwidth(pMPDF$label, "inches") :
     conversion failure on 'Lubomír KubáÄ<c2><8d>ek' in 'mbcsToSbcs': dot substituted for <c4>
    Warning in graphics::strwidth(pMPDF$label, "inches") :
     conversion failure on 'Lubomír KubáÄ<c2><8d>ek' in 'mbcsToSbcs': dot substituted for <8d>
    Warning in graphics::strwidth(pMPDF$label, "inches") :
     conversion failure on 'JiÅ<c2><99>í AndÄ<c2><9b>l' in 'mbcsToSbcs': dot substituted for <c5>
    Warning in graphics::strwidth(pMPDF$label, "inches") :
     conversion failure on 'JiÅ<c2><99>í AndÄ<c2><9b>l' in 'mbcsToSbcs': dot substituted for <99>
    Warning in graphics::strwidth(pMPDF$label, "inches") :
     conversion failure on 'JiÅ<c2><99>í AndÄ<c2><9b>l' in 'mbcsToSbcs': dot substituted for <c4>
    Warning in graphics::strwidth(pMPDF$label, "inches") :
     conversion failure on 'JiÅ<c2><99>í AndÄ<c2><9b>l' in 'mbcsToSbcs': dot substituted for <9b>
    Warning in graphics::strwidth(pMPDF$label, "inches") :
     conversion failure on 'Jana JureÄ<c2><8d>ková' in 'mbcsToSbcs': dot substituted for <c4>
    Warning in graphics::strwidth(pMPDF$label, "inches") :
     conversion failure on 'Jana JureÄ<c2><8d>ková' in 'mbcsToSbcs': dot substituted for <8d>
    Warning in graphics::strwidth(pMPDF$label, "inches") :
     conversion failure on 'Dana VorlíÄ<c2><8d>ková' in 'mbcsToSbcs': dot substituted for <c4>
    Warning in graphics::strwidth(pMPDF$label, "inches") :
     conversion failure on 'Dana VorlíÄ<c2><8d>ková' in 'mbcsToSbcs': dot substituted for <8d>
    Warning in graphics::strwidth(pMPDF$label, "inches") :
     conversion failure on 'BogusÅ<c2><82>awa Bednarek-Kozek' in 'mbcsToSbcs': dot substituted for <c5>
    Warning in graphics::strwidth(pMPDF$label, "inches") :
     conversion failure on 'BogusÅ<c2><82>awa Bednarek-Kozek' in 'mbcsToSbcs': dot substituted for <82>
    Warning in graphics::strwidth(pMPDF$label, "inches") :
     conversion failure on 'CzesÅ<c2><82>aw StÄ<c2><99>pniak' in 'mbcsToSbcs': dot substituted for <c5>
    Warning in graphics::strwidth(pMPDF$label, "inches") :
     conversion failure on 'CzesÅ<c2><82>aw StÄ<c2><99>pniak' in 'mbcsToSbcs': dot substituted for <82>
    Warning in graphics::strwidth(pMPDF$label, "inches") :
     conversion failure on 'CzesÅ<c2><82>aw StÄ<c2><99>pniak' in 'mbcsToSbcs': dot substituted for <c4>
    Warning in graphics::strwidth(pMPDF$label, "inches") :
     conversion failure on 'CzesÅ<c2><82>aw StÄ<c2><99>pniak' in 'mbcsToSbcs': dot substituted for <99>
    Warning in graphics::strwidth(pMPDF$label, "inches") :
     conversion failure on 'Biljana PopoviÄ<c2><87>' in 'mbcsToSbcs': dot substituted for <c4>
    Warning in graphics::strwidth(pMPDF$label, "inches") :
     conversion failure on 'Biljana PopoviÄ<c2><87>' in 'mbcsToSbcs': dot substituted for <87>
    Warning in graphics::strwidth(pMPDF$label, "inches") :
     conversion failure on 'Grzegorz RempaÅ<c2><82>a' in 'mbcsToSbcs': dot substituted for <c5>
    Warning in graphics::strwidth(pMPDF$label, "inches") :
     conversion failure on 'Grzegorz RempaÅ<c2><82>a' in 'mbcsToSbcs': dot substituted for <82>
    Warning in graphics::strwidth(pMPDF$label, "inches") :
     conversion failure on 'Miroslav RistiÄ<c2><87>' in 'mbcsToSbcs': dot substituted for <c4>
    Warning in graphics::strwidth(pMPDF$label, "inches") :
     conversion failure on 'Miroslav RistiÄ<c2><87>' in 'mbcsToSbcs': dot substituted for <87>
    Warning in graphics::strwidth(pMPDF$label, "inches") :
     conversion failure on 'Hana JaneÄ<c2><8d>ková' in 'mbcsToSbcs': dot substituted for <c4>
    Warning in graphics::strwidth(pMPDF$label, "inches") :
     conversion failure on 'Hana JaneÄ<c2><8d>ková' in 'mbcsToSbcs': dot substituted for <8d>
    Warning in graphics::strwidth(pMPDF$label, "inches") :
     conversion failure on 'Petr FranÄ<c2><9b>k' in 'mbcsToSbcs': dot substituted for <c4>
    Warning in graphics::strwidth(pMPDF$label, "inches") :
     conversion failure on 'Petr FranÄ<c2><9b>k' in 'mbcsToSbcs': dot substituted for <9b>
    Warning in graphics::strwidth(pMPDF$label, "inches") :
     conversion failure on 'Libor MašíÄ<c2><8d>ek' in 'mbcsToSbcs': dot substituted for <c4>
    Warning in graphics::strwidth(pMPDF$label, "inches") :
     conversion failure on 'Libor MašíÄ<c2><8d>ek' in 'mbcsToSbcs': dot substituted for <8d>
    Warning in graphics::strwidth(pMPDF$label, "inches") :
     conversion failure on 'Václav Ä<c2><8c>apek' in 'mbcsToSbcs': dot substituted for <c4>
    Warning in graphics::strwidth(pMPDF$label, "inches") :
     conversion failure on 'Václav Ä<c2><8c>apek' in 'mbcsToSbcs': dot substituted for <8c>
    Warning in graphics::strwidth(pMPDF$label, "inches") :
     conversion failure on 'Milovan KrnjajiÄ<c2><87>' in 'mbcsToSbcs': dot substituted for <c4>
    Warning in graphics::strwidth(pMPDF$label, "inches") :
     conversion failure on 'Milovan KrnjajiÄ<c2><87>' in 'mbcsToSbcs': dot substituted for <87>
    Warning in graphics::strwidth(pMPDF$label, "inches") :
     conversion failure on 'Alena Ä<c2><8c>erníková' in 'mbcsToSbcs': dot substituted for <c4>
    Warning in graphics::strwidth(pMPDF$label, "inches") :
     conversion failure on 'Alena Ä<c2><8c>erníková' in 'mbcsToSbcs': dot substituted for <8c>
    Warning in graphics::strwidth(pMPDF$label, "inches") :
     conversion failure on 'Jan PudeÅ<c2><82>ko' in 'mbcsToSbcs': dot substituted for <c5>
    Warning in graphics::strwidth(pMPDF$label, "inches") :
     conversion failure on 'Jan PudeÅ<c2><82>ko' in 'mbcsToSbcs': dot substituted for <82>
    Warning in graphics::strwidth(pMPDF$label, "inches") :
     conversion failure on 'Vladica StojanoviÄ<c2><87>' in 'mbcsToSbcs': dot substituted for <c4>
    Warning in graphics::strwidth(pMPDF$label, "inches") :
     conversion failure on 'Vladica StojanoviÄ<c2><87>' in 'mbcsToSbcs': dot substituted for <87>
    Warning in graphics::strwidth(pMPDF$label, "inches") :
     conversion failure on 'Pavel VanÄ<c2><9b>Ä<c2><8d>ek' in 'mbcsToSbcs': dot substituted for <c4>
    Warning in graphics::strwidth(pMPDF$label, "inches") :
     conversion failure on 'Pavel VanÄ<c2><9b>Ä<c2><8d>ek' in 'mbcsToSbcs': dot substituted for <9b>
    Warning in graphics::strwidth(pMPDF$label, "inches") :
     conversion failure on 'Pavel VanÄ<c2><9b>Ä<c2><8d>ek' in 'mbcsToSbcs': dot substituted for <c4>
    Warning in graphics::strwidth(pMPDF$label, "inches") :
     conversion failure on 'Pavel VanÄ<c2><9b>Ä<c2><8d>ek' in 'mbcsToSbcs': dot substituted for <8d>
    Warning in graphics::strwidth(pMPDF$label, "inches") :
     conversion failure on 'Inga MasiulaitytÄ<c2><97>' in 'mbcsToSbcs': dot substituted for <c4>
    Warning in graphics::strwidth(pMPDF$label, "inches") :
     conversion failure on 'Inga MasiulaitytÄ<c2><97>' in 'mbcsToSbcs': dot substituted for <97>
    Warning in graphics::strwidth(pMPDF$label, "inches") :
     conversion failure on 'Duygu SavaÅ<c2><9f>cı' in 'mbcsToSbcs': dot substituted for <c5>
    Warning in graphics::strwidth(pMPDF$label, "inches") :
     conversion failure on 'Duygu SavaÅ<c2><9f>cı' in 'mbcsToSbcs': dot substituted for <9f>
    Warning in graphics::strwidth(pMPDF$label, "inches") :
     conversion failure on 'Duygu SavaÅ<c2><9f>cı' in 'mbcsToSbcs': dot substituted for <c4>
    Warning in graphics::strwidth(pMPDF$label, "inches") :
     conversion failure on 'Duygu SavaÅ<c2><9f>cı' in 'mbcsToSbcs': dot substituted for <b1>
    Warning in graphics::strwidth(pMPDF$label, "inches") :
     conversion failure on 'OndÅ<c2><99>ej Vencálek' in 'mbcsToSbcs': dot substituted for <c5>
    Warning in graphics::strwidth(pMPDF$label, "inches") :
     conversion failure on 'OndÅ<c2><99>ej Vencálek' in 'mbcsToSbcs': dot substituted for <99>
    Warning in graphics::strwidth(pMPDF$label, "inches") :
     conversion failure on 'Aleksandar NastiÄ<c2><87>' in 'mbcsToSbcs': dot substituted for <c4>
    Warning in graphics::strwidth(pMPDF$label, "inches") :
     conversion failure on 'Aleksandar NastiÄ<c2><87>' in 'mbcsToSbcs': dot substituted for <87>
    Warning in graphics::strwidth(pMPDF$label, "inches") :
     conversion failure on 'Gábor Szűcs' in 'mbcsToSbcs': dot substituted for <c5>
    Warning in graphics::strwidth(pMPDF$label, "inches") :
     conversion failure on 'Gábor Szűcs' in 'mbcsToSbcs': dot substituted for <b1>
    Warning in graphics::strwidth(pMPDF$label, "inches") :
     conversion failure on 'Barbara ChoroÅ<c2><9b>-Tomczyk' in 'mbcsToSbcs': dot substituted for <c5>
    Warning in graphics::strwidth(pMPDF$label, "inches") :
     conversion failure on 'Barbara ChoroÅ<c2><9b>-Tomczyk' in 'mbcsToSbcs': dot substituted for <9b>
    Warning in graphics::strwidth(pMPDF$label, "inches") :
     conversion failure on 'OndÅ<c2><99>ej Chochola' in 'mbcsToSbcs': dot substituted for <c5>
    Warning in graphics::strwidth(pMPDF$label, "inches") :
     conversion failure on 'OndÅ<c2><99>ej Chochola' in 'mbcsToSbcs': dot substituted for <99>
    Warning in graphics::strwidth(pMPDF$label, "inches") :
     conversion failure on 'Anna JenÄ<c2><8d>ová' in 'mbcsToSbcs': dot substituted for <c4>
    Warning in graphics::strwidth(pMPDF$label, "inches") :
     conversion failure on 'Anna JenÄ<c2><8d>ová' in 'mbcsToSbcs': dot substituted for <8d>
    Warning in graphics::strwidth(pMPDF$label, "inches") :
     conversion failure on 'Peter Ä<c2><8c>erÅ<c2><88>anskÃœ' in 'mbcsToSbcs': dot substituted for <c4>
    Warning in graphics::strwidth(pMPDF$label, "inches") :
     conversion failure on 'Peter Ä<c2><8c>erÅ<c2><88>anskÃœ' in 'mbcsToSbcs': dot substituted for <8c>
    Warning in graphics::strwidth(pMPDF$label, "inches") :
     conversion failure on 'Peter Ä<c2><8c>erÅ<c2><88>anskÃœ' in 'mbcsToSbcs': dot substituted for <c5>
    Warning in graphics::strwidth(pMPDF$label, "inches") :
     conversion failure on 'Peter Ä<c2><8c>erÅ<c2><88>anskÃœ' in 'mbcsToSbcs': dot substituted for <88>
    Warning: Removed 63 rows containing missing values (geom_segment).
    Warning in grid.Call.graphics(C_text, as.graphicsAnnot(x$label), x$x, x$y, :
     conversion failure on 'Lubomír KubáÄ<c2><8d>ek' in 'mbcsToSbcs': dot substituted for <c4>
    Warning in grid.Call.graphics(C_text, as.graphicsAnnot(x$label), x$x, x$y, :
     conversion failure on 'Lubomír KubáÄ<c2><8d>ek' in 'mbcsToSbcs': dot substituted for <8d>
    Warning in grid.Call.graphics(C_text, as.graphicsAnnot(x$label), x$x, x$y, :
     conversion failure on 'Lubomír KubáÄ<c2><8d>ek' in 'mbcsToSbcs': dot substituted for <c4>
    Warning in grid.Call.graphics(C_text, as.graphicsAnnot(x$label), x$x, x$y, :
     conversion failure on 'Lubomír KubáÄ<c2><8d>ek' in 'mbcsToSbcs': dot substituted for <8d>
    Warning in grid.Call.graphics(C_text, as.graphicsAnnot(x$label), x$x, x$y, :
     conversion failure on 'JiÅ<c2><99>í AndÄ<c2><9b>l' in 'mbcsToSbcs': dot substituted for <c5>
    Warning in grid.Call.graphics(C_text, as.graphicsAnnot(x$label), x$x, x$y, :
     conversion failure on 'JiÅ<c2><99>í AndÄ<c2><9b>l' in 'mbcsToSbcs': dot substituted for <99>
    Warning in grid.Call.graphics(C_text, as.graphicsAnnot(x$label), x$x, x$y, :
     conversion failure on 'JiÅ<c2><99>í AndÄ<c2><9b>l' in 'mbcsToSbcs': dot substituted for <c4>
    Warning in grid.Call.graphics(C_text, as.graphicsAnnot(x$label), x$x, x$y, :
     conversion failure on 'JiÅ<c2><99>í AndÄ<c2><9b>l' in 'mbcsToSbcs': dot substituted for <9b>
    Warning in grid.Call.graphics(C_text, as.graphicsAnnot(x$label), x$x, x$y, :
     conversion failure on 'JiÅ<c2><99>í AndÄ<c2><9b>l' in 'mbcsToSbcs': dot substituted for <c5>
    Warning in grid.Call.graphics(C_text, as.graphicsAnnot(x$label), x$x, x$y, :
     conversion failure on 'JiÅ<c2><99>í AndÄ<c2><9b>l' in 'mbcsToSbcs': dot substituted for <99>
    Warning in grid.Call.graphics(C_text, as.graphicsAnnot(x$label), x$x, x$y, :
     conversion failure on 'JiÅ<c2><99>í AndÄ<c2><9b>l' in 'mbcsToSbcs': dot substituted for <c4>
    Warning in grid.Call.graphics(C_text, as.graphicsAnnot(x$label), x$x, x$y, :
     conversion failure on 'JiÅ<c2><99>í AndÄ<c2><9b>l' in 'mbcsToSbcs': dot substituted for <9b>
    Warning in grid.Call.graphics(C_text, as.graphicsAnnot(x$label), x$x, x$y, :
     conversion failure on 'Jana JureÄ<c2><8d>ková' in 'mbcsToSbcs': dot substituted for <c4>
    Warning in grid.Call.graphics(C_text, as.graphicsAnnot(x$label), x$x, x$y, :
     conversion failure on 'Jana JureÄ<c2><8d>ková' in 'mbcsToSbcs': dot substituted for <8d>
    Warning in grid.Call.graphics(C_text, as.graphicsAnnot(x$label), x$x, x$y, :
     conversion failure on 'Jana JureÄ<c2><8d>ková' in 'mbcsToSbcs': dot substituted for <c4>
    Warning in grid.Call.graphics(C_text, as.graphicsAnnot(x$label), x$x, x$y, :
     conversion failure on 'Jana JureÄ<c2><8d>ková' in 'mbcsToSbcs': dot substituted for <8d>
    Warning in grid.Call.graphics(C_text, as.graphicsAnnot(x$label), x$x, x$y, :
     conversion failure on 'Dana VorlíÄ<c2><8d>ková' in 'mbcsToSbcs': dot substituted for <c4>
    Warning in grid.Call.graphics(C_text, as.graphicsAnnot(x$label), x$x, x$y, :
     conversion failure on 'Dana VorlíÄ<c2><8d>ková' in 'mbcsToSbcs': dot substituted for <8d>
    Warning in grid.Call.graphics(C_text, as.graphicsAnnot(x$label), x$x, x$y, :
     conversion failure on 'Dana VorlíÄ<c2><8d>ková' in 'mbcsToSbcs': dot substituted for <c4>
    Warning in grid.Call.graphics(C_text, as.graphicsAnnot(x$label), x$x, x$y, :
     conversion failure on 'Dana VorlíÄ<c2><8d>ková' in 'mbcsToSbcs': dot substituted for <8d>
    Warning in grid.Call.graphics(C_text, as.graphicsAnnot(x$label), x$x, x$y, :
     conversion failure on 'BogusÅ<c2><82>awa Bednarek-Kozek' in 'mbcsToSbcs': dot substituted for <c5>
    Warning in grid.Call.graphics(C_text, as.graphicsAnnot(x$label), x$x, x$y, :
     conversion failure on 'BogusÅ<c2><82>awa Bednarek-Kozek' in 'mbcsToSbcs': dot substituted for <82>
    Warning in grid.Call.graphics(C_text, as.graphicsAnnot(x$label), x$x, x$y, :
     conversion failure on 'BogusÅ<c2><82>awa Bednarek-Kozek' in 'mbcsToSbcs': dot substituted for <c5>
    Warning in grid.Call.graphics(C_text, as.graphicsAnnot(x$label), x$x, x$y, :
     conversion failure on 'BogusÅ<c2><82>awa Bednarek-Kozek' in 'mbcsToSbcs': dot substituted for <82>
    Warning in grid.Call.graphics(C_text, as.graphicsAnnot(x$label), x$x, x$y, :
     conversion failure on 'CzesÅ<c2><82>aw StÄ<c2><99>pniak' in 'mbcsToSbcs': dot substituted for <c5>
    Warning in grid.Call.graphics(C_text, as.graphicsAnnot(x$label), x$x, x$y, :
     conversion failure on 'CzesÅ<c2><82>aw StÄ<c2><99>pniak' in 'mbcsToSbcs': dot substituted for <82>
    Warning in grid.Call.graphics(C_text, as.graphicsAnnot(x$label), x$x, x$y, :
     conversion failure on 'CzesÅ<c2><82>aw StÄ<c2><99>pniak' in 'mbcsToSbcs': dot substituted for <c4>
    Warning in grid.Call.graphics(C_text, as.graphicsAnnot(x$label), x$x, x$y, :
     conversion failure on 'CzesÅ<c2><82>aw StÄ<c2><99>pniak' in 'mbcsToSbcs': dot substituted for <99>
    Warning in grid.Call.graphics(C_text, as.graphicsAnnot(x$label), x$x, x$y, :
     conversion failure on 'CzesÅ<c2><82>aw StÄ<c2><99>pniak' in 'mbcsToSbcs': dot substituted for <c5>
    Warning in grid.Call.graphics(C_text, as.graphicsAnnot(x$label), x$x, x$y, :
     conversion failure on 'CzesÅ<c2><82>aw StÄ<c2><99>pniak' in 'mbcsToSbcs': dot substituted for <82>
    Warning in grid.Call.graphics(C_text, as.graphicsAnnot(x$label), x$x, x$y, :
     conversion failure on 'CzesÅ<c2><82>aw StÄ<c2><99>pniak' in 'mbcsToSbcs': dot substituted for <c4>
    Warning in grid.Call.graphics(C_text, as.graphicsAnnot(x$label), x$x, x$y, :
     conversion failure on 'CzesÅ<c2><82>aw StÄ<c2><99>pniak' in 'mbcsToSbcs': dot substituted for <99>
    Warning in grid.Call.graphics(C_text, as.graphicsAnnot(x$label), x$x, x$y, :
     conversion failure on 'Biljana PopoviÄ<c2><87>' in 'mbcsToSbcs': dot substituted for <c4>
    Warning in grid.Call.graphics(C_text, as.graphicsAnnot(x$label), x$x, x$y, :
     conversion failure on 'Biljana PopoviÄ<c2><87>' in 'mbcsToSbcs': dot substituted for <87>
    Warning in grid.Call.graphics(C_text, as.graphicsAnnot(x$label), x$x, x$y, :
     conversion failure on 'Biljana PopoviÄ<c2><87>' in 'mbcsToSbcs': dot substituted for <c4>
    Warning in grid.Call.graphics(C_text, as.graphicsAnnot(x$label), x$x, x$y, :
     conversion failure on 'Biljana PopoviÄ<c2><87>' in 'mbcsToSbcs': dot substituted for <87>
    Warning in grid.Call.graphics(C_text, as.graphicsAnnot(x$label), x$x, x$y, :
     conversion failure on 'Grzegorz RempaÅ<c2><82>a' in 'mbcsToSbcs': dot substituted for <c5>
    Warning in grid.Call.graphics(C_text, as.graphicsAnnot(x$label), x$x, x$y, :
     conversion failure on 'Grzegorz RempaÅ<c2><82>a' in 'mbcsToSbcs': dot substituted for <82>
    Warning in grid.Call.graphics(C_text, as.graphicsAnnot(x$label), x$x, x$y, :
     conversion failure on 'Grzegorz RempaÅ<c2><82>a' in 'mbcsToSbcs': dot substituted for <c5>
    Warning in grid.Call.graphics(C_text, as.graphicsAnnot(x$label), x$x, x$y, :
     conversion failure on 'Grzegorz RempaÅ<c2><82>a' in 'mbcsToSbcs': dot substituted for <82>
    Warning in grid.Call.graphics(C_text, as.graphicsAnnot(x$label), x$x, x$y, :
     conversion failure on 'Miroslav RistiÄ<c2><87>' in 'mbcsToSbcs': dot substituted for <c4>
    Warning in grid.Call.graphics(C_text, as.graphicsAnnot(x$label), x$x, x$y, :
     conversion failure on 'Miroslav RistiÄ<c2><87>' in 'mbcsToSbcs': dot substituted for <87>
    Warning in grid.Call.graphics(C_text, as.graphicsAnnot(x$label), x$x, x$y, :
     conversion failure on 'Miroslav RistiÄ<c2><87>' in 'mbcsToSbcs': dot substituted for <c4>
    Warning in grid.Call.graphics(C_text, as.graphicsAnnot(x$label), x$x, x$y, :
     conversion failure on 'Miroslav RistiÄ<c2><87>' in 'mbcsToSbcs': dot substituted for <87>
    Warning in grid.Call.graphics(C_text, as.graphicsAnnot(x$label), x$x, x$y, :
     conversion failure on 'Hana JaneÄ<c2><8d>ková' in 'mbcsToSbcs': dot substituted for <c4>
    Warning in grid.Call.graphics(C_text, as.graphicsAnnot(x$label), x$x, x$y, :
     conversion failure on 'Hana JaneÄ<c2><8d>ková' in 'mbcsToSbcs': dot substituted for <8d>
    Warning in grid.Call.graphics(C_text, as.graphicsAnnot(x$label), x$x, x$y, :
     conversion failure on 'Hana JaneÄ<c2><8d>ková' in 'mbcsToSbcs': dot substituted for <c4>
    Warning in grid.Call.graphics(C_text, as.graphicsAnnot(x$label), x$x, x$y, :
     conversion failure on 'Hana JaneÄ<c2><8d>ková' in 'mbcsToSbcs': dot substituted for <8d>
    Warning in grid.Call.graphics(C_text, as.graphicsAnnot(x$label), x$x, x$y, :
     conversion failure on 'Petr FranÄ<c2><9b>k' in 'mbcsToSbcs': dot substituted for <c4>
    Warning in grid.Call.graphics(C_text, as.graphicsAnnot(x$label), x$x, x$y, :
     conversion failure on 'Petr FranÄ<c2><9b>k' in 'mbcsToSbcs': dot substituted for <9b>
    Warning in grid.Call.graphics(C_text, as.graphicsAnnot(x$label), x$x, x$y, :
     conversion failure on 'Petr FranÄ<c2><9b>k' in 'mbcsToSbcs': dot substituted for <c4>
    Warning in grid.Call.graphics(C_text, as.graphicsAnnot(x$label), x$x, x$y, :
     conversion failure on 'Petr FranÄ<c2><9b>k' in 'mbcsToSbcs': dot substituted for <9b>
    Warning in grid.Call.graphics(C_text, as.graphicsAnnot(x$label), x$x, x$y, :
     conversion failure on 'Libor MašíÄ<c2><8d>ek' in 'mbcsToSbcs': dot substituted for <c4>
    Warning in grid.Call.graphics(C_text, as.graphicsAnnot(x$label), x$x, x$y, :
     conversion failure on 'Libor MašíÄ<c2><8d>ek' in 'mbcsToSbcs': dot substituted for <8d>
    Warning in grid.Call.graphics(C_text, as.graphicsAnnot(x$label), x$x, x$y, :
     conversion failure on 'Libor MašíÄ<c2><8d>ek' in 'mbcsToSbcs': dot substituted for <c4>
    Warning in grid.Call.graphics(C_text, as.graphicsAnnot(x$label), x$x, x$y, :
     conversion failure on 'Libor MašíÄ<c2><8d>ek' in 'mbcsToSbcs': dot substituted for <8d>
    Warning in grid.Call.graphics(C_text, as.graphicsAnnot(x$label), x$x, x$y, :
     conversion failure on 'Václav Ä<c2><8c>apek' in 'mbcsToSbcs': dot substituted for <c4>
    Warning in grid.Call.graphics(C_text, as.graphicsAnnot(x$label), x$x, x$y, :
     conversion failure on 'Václav Ä<c2><8c>apek' in 'mbcsToSbcs': dot substituted for <8c>
    Warning in grid.Call.graphics(C_text, as.graphicsAnnot(x$label), x$x, x$y, :
     conversion failure on 'Václav Ä<c2><8c>apek' in 'mbcsToSbcs': dot substituted for <c4>
    Warning in grid.Call.graphics(C_text, as.graphicsAnnot(x$label), x$x, x$y, :
     conversion failure on 'Václav Ä<c2><8c>apek' in 'mbcsToSbcs': dot substituted for <8c>
    Warning in grid.Call.graphics(C_text, as.graphicsAnnot(x$label), x$x, x$y, :
     conversion failure on 'Milovan KrnjajiÄ<c2><87>' in 'mbcsToSbcs': dot substituted for <c4>
    Warning in grid.Call.graphics(C_text, as.graphicsAnnot(x$label), x$x, x$y, :
     conversion failure on 'Milovan KrnjajiÄ<c2><87>' in 'mbcsToSbcs': dot substituted for <87>
    Warning in grid.Call.graphics(C_text, as.graphicsAnnot(x$label), x$x, x$y, :
     conversion failure on 'Milovan KrnjajiÄ<c2><87>' in 'mbcsToSbcs': dot substituted for <c4>
    Warning in grid.Call.graphics(C_text, as.graphicsAnnot(x$label), x$x, x$y, :
     conversion failure on 'Milovan KrnjajiÄ<c2><87>' in 'mbcsToSbcs': dot substituted for <87>
    Warning in grid.Call.graphics(C_text, as.graphicsAnnot(x$label), x$x, x$y, :
     conversion failure on 'Alena Ä<c2><8c>erníková' in 'mbcsToSbcs': dot substituted for <c4>
    Warning in grid.Call.graphics(C_text, as.graphicsAnnot(x$label), x$x, x$y, :
     conversion failure on 'Alena Ä<c2><8c>erníková' in 'mbcsToSbcs': dot substituted for <8c>
    Warning in grid.Call.graphics(C_text, as.graphicsAnnot(x$label), x$x, x$y, :
     conversion failure on 'Alena Ä<c2><8c>erníková' in 'mbcsToSbcs': dot substituted for <c4>
    Warning in grid.Call.graphics(C_text, as.graphicsAnnot(x$label), x$x, x$y, :
     conversion failure on 'Alena Ä<c2><8c>erníková' in 'mbcsToSbcs': dot substituted for <8c>
    Warning in grid.Call.graphics(C_text, as.graphicsAnnot(x$label), x$x, x$y, :
     conversion failure on 'Jan PudeÅ<c2><82>ko' in 'mbcsToSbcs': dot substituted for <c5>
    Warning in grid.Call.graphics(C_text, as.graphicsAnnot(x$label), x$x, x$y, :
     conversion failure on 'Jan PudeÅ<c2><82>ko' in 'mbcsToSbcs': dot substituted for <82>
    Warning in grid.Call.graphics(C_text, as.graphicsAnnot(x$label), x$x, x$y, :
     conversion failure on 'Jan PudeÅ<c2><82>ko' in 'mbcsToSbcs': dot substituted for <c5>
    Warning in grid.Call.graphics(C_text, as.graphicsAnnot(x$label), x$x, x$y, :
     conversion failure on 'Jan PudeÅ<c2><82>ko' in 'mbcsToSbcs': dot substituted for <82>
    Warning in grid.Call.graphics(C_text, as.graphicsAnnot(x$label), x$x, x$y, :
     conversion failure on 'Vladica StojanoviÄ<c2><87>' in 'mbcsToSbcs': dot substituted for <c4>
    Warning in grid.Call.graphics(C_text, as.graphicsAnnot(x$label), x$x, x$y, :
     conversion failure on 'Vladica StojanoviÄ<c2><87>' in 'mbcsToSbcs': dot substituted for <87>
    Warning in grid.Call.graphics(C_text, as.graphicsAnnot(x$label), x$x, x$y, :
     conversion failure on 'Vladica StojanoviÄ<c2><87>' in 'mbcsToSbcs': dot substituted for <c4>
    Warning in grid.Call.graphics(C_text, as.graphicsAnnot(x$label), x$x, x$y, :
     conversion failure on 'Vladica StojanoviÄ<c2><87>' in 'mbcsToSbcs': dot substituted for <87>
    Warning in grid.Call.graphics(C_text, as.graphicsAnnot(x$label), x$x, x$y, :
     conversion failure on 'Pavel VanÄ<c2><9b>Ä<c2><8d>ek' in 'mbcsToSbcs': dot substituted for <c4>
    Warning in grid.Call.graphics(C_text, as.graphicsAnnot(x$label), x$x, x$y, :
     conversion failure on 'Pavel VanÄ<c2><9b>Ä<c2><8d>ek' in 'mbcsToSbcs': dot substituted for <9b>
    Warning in grid.Call.graphics(C_text, as.graphicsAnnot(x$label), x$x, x$y, :
     conversion failure on 'Pavel VanÄ<c2><9b>Ä<c2><8d>ek' in 'mbcsToSbcs': dot substituted for <c4>
    Warning in grid.Call.graphics(C_text, as.graphicsAnnot(x$label), x$x, x$y, :
     conversion failure on 'Pavel VanÄ<c2><9b>Ä<c2><8d>ek' in 'mbcsToSbcs': dot substituted for <8d>
    Warning in grid.Call.graphics(C_text, as.graphicsAnnot(x$label), x$x, x$y, :
     conversion failure on 'Pavel VanÄ<c2><9b>Ä<c2><8d>ek' in 'mbcsToSbcs': dot substituted for <c4>
    Warning in grid.Call.graphics(C_text, as.graphicsAnnot(x$label), x$x, x$y, :
     conversion failure on 'Pavel VanÄ<c2><9b>Ä<c2><8d>ek' in 'mbcsToSbcs': dot substituted for <9b>
    Warning in grid.Call.graphics(C_text, as.graphicsAnnot(x$label), x$x, x$y, :
     conversion failure on 'Pavel VanÄ<c2><9b>Ä<c2><8d>ek' in 'mbcsToSbcs': dot substituted for <c4>
    Warning in grid.Call.graphics(C_text, as.graphicsAnnot(x$label), x$x, x$y, :
     conversion failure on 'Pavel VanÄ<c2><9b>Ä<c2><8d>ek' in 'mbcsToSbcs': dot substituted for <8d>
    Warning in grid.Call.graphics(C_text, as.graphicsAnnot(x$label), x$x, x$y, :
     conversion failure on 'Inga MasiulaitytÄ<c2><97>' in 'mbcsToSbcs': dot substituted for <c4>
    Warning in grid.Call.graphics(C_text, as.graphicsAnnot(x$label), x$x, x$y, :
     conversion failure on 'Inga MasiulaitytÄ<c2><97>' in 'mbcsToSbcs': dot substituted for <97>
    Warning in grid.Call.graphics(C_text, as.graphicsAnnot(x$label), x$x, x$y, :
     conversion failure on 'Inga MasiulaitytÄ<c2><97>' in 'mbcsToSbcs': dot substituted for <c4>
    Warning in grid.Call.graphics(C_text, as.graphicsAnnot(x$label), x$x, x$y, :
     conversion failure on 'Inga MasiulaitytÄ<c2><97>' in 'mbcsToSbcs': dot substituted for <97>
    Warning in grid.Call.graphics(C_text, as.graphicsAnnot(x$label), x$x, x$y, :
     conversion failure on 'Duygu SavaÅ<c2><9f>cı' in 'mbcsToSbcs': dot substituted for <c5>
    Warning in grid.Call.graphics(C_text, as.graphicsAnnot(x$label), x$x, x$y, :
     conversion failure on 'Duygu SavaÅ<c2><9f>cı' in 'mbcsToSbcs': dot substituted for <9f>
    Warning in grid.Call.graphics(C_text, as.graphicsAnnot(x$label), x$x, x$y, :
     conversion failure on 'Duygu SavaÅ<c2><9f>cı' in 'mbcsToSbcs': dot substituted for <c4>
    Warning in grid.Call.graphics(C_text, as.graphicsAnnot(x$label), x$x, x$y, :
     conversion failure on 'Duygu SavaÅ<c2><9f>cı' in 'mbcsToSbcs': dot substituted for <b1>
    Warning in grid.Call.graphics(C_text, as.graphicsAnnot(x$label), x$x, x$y, :
     conversion failure on 'Duygu SavaÅ<c2><9f>cı' in 'mbcsToSbcs': dot substituted for <c5>
    Warning in grid.Call.graphics(C_text, as.graphicsAnnot(x$label), x$x, x$y, :
     conversion failure on 'Duygu SavaÅ<c2><9f>cı' in 'mbcsToSbcs': dot substituted for <9f>
    Warning in grid.Call.graphics(C_text, as.graphicsAnnot(x$label), x$x, x$y, :
     conversion failure on 'Duygu SavaÅ<c2><9f>cı' in 'mbcsToSbcs': dot substituted for <c4>
    Warning in grid.Call.graphics(C_text, as.graphicsAnnot(x$label), x$x, x$y, :
     conversion failure on 'Duygu SavaÅ<c2><9f>cı' in 'mbcsToSbcs': dot substituted for <b1>
    Warning in grid.Call.graphics(C_text, as.graphicsAnnot(x$label), x$x, x$y, :
     conversion failure on 'OndÅ<c2><99>ej Vencálek' in 'mbcsToSbcs': dot substituted for <c5>
    Warning in grid.Call.graphics(C_text, as.graphicsAnnot(x$label), x$x, x$y, :
     conversion failure on 'OndÅ<c2><99>ej Vencálek' in 'mbcsToSbcs': dot substituted for <99>
    Warning in grid.Call.graphics(C_text, as.graphicsAnnot(x$label), x$x, x$y, :
     conversion failure on 'OndÅ<c2><99>ej Vencálek' in 'mbcsToSbcs': dot substituted for <c5>
    Warning in grid.Call.graphics(C_text, as.graphicsAnnot(x$label), x$x, x$y, :
     conversion failure on 'OndÅ<c2><99>ej Vencálek' in 'mbcsToSbcs': dot substituted for <99>
    Warning in grid.Call.graphics(C_text, as.graphicsAnnot(x$label), x$x, x$y, :
     conversion failure on 'Aleksandar NastiÄ<c2><87>' in 'mbcsToSbcs': dot substituted for <c4>
    Warning in grid.Call.graphics(C_text, as.graphicsAnnot(x$label), x$x, x$y, :
     conversion failure on 'Aleksandar NastiÄ<c2><87>' in 'mbcsToSbcs': dot substituted for <87>
    Warning in grid.Call.graphics(C_text, as.graphicsAnnot(x$label), x$x, x$y, :
     conversion failure on 'Aleksandar NastiÄ<c2><87>' in 'mbcsToSbcs': dot substituted for <c4>
    Warning in grid.Call.graphics(C_text, as.graphicsAnnot(x$label), x$x, x$y, :
     conversion failure on 'Aleksandar NastiÄ<c2><87>' in 'mbcsToSbcs': dot substituted for <87>
    Warning in grid.Call.graphics(C_text, as.graphicsAnnot(x$label), x$x, x$y, :
     conversion failure on 'Gábor Szűcs' in 'mbcsToSbcs': dot substituted for <c5>
    Warning in grid.Call.graphics(C_text, as.graphicsAnnot(x$label), x$x, x$y, :
     conversion failure on 'Gábor Szűcs' in 'mbcsToSbcs': dot substituted for <b1>
    Warning in grid.Call.graphics(C_text, as.graphicsAnnot(x$label), x$x, x$y, :
     conversion failure on 'Gábor Szűcs' in 'mbcsToSbcs': dot substituted for <c5>
    Warning in grid.Call.graphics(C_text, as.graphicsAnnot(x$label), x$x, x$y, :
     conversion failure on 'Gábor Szűcs' in 'mbcsToSbcs': dot substituted for <b1>
    Warning in grid.Call.graphics(C_text, as.graphicsAnnot(x$label), x$x, x$y, :
     conversion failure on 'Barbara ChoroÅ<c2><9b>-Tomczyk' in 'mbcsToSbcs': dot substituted for <c5>
    Warning in grid.Call.graphics(C_text, as.graphicsAnnot(x$label), x$x, x$y, :
     conversion failure on 'Barbara ChoroÅ<c2><9b>-Tomczyk' in 'mbcsToSbcs': dot substituted for <9b>
    Warning in grid.Call.graphics(C_text, as.graphicsAnnot(x$label), x$x, x$y, :
     conversion failure on 'Barbara ChoroÅ<c2><9b>-Tomczyk' in 'mbcsToSbcs': dot substituted for <c5>
    Warning in grid.Call.graphics(C_text, as.graphicsAnnot(x$label), x$x, x$y, :
     conversion failure on 'Barbara ChoroÅ<c2><9b>-Tomczyk' in 'mbcsToSbcs': dot substituted for <9b>
    Warning in grid.Call.graphics(C_text, as.graphicsAnnot(x$label), x$x, x$y, :
     conversion failure on 'OndÅ<c2><99>ej Chochola' in 'mbcsToSbcs': dot substituted for <c5>
    Warning in grid.Call.graphics(C_text, as.graphicsAnnot(x$label), x$x, x$y, :
     conversion failure on 'OndÅ<c2><99>ej Chochola' in 'mbcsToSbcs': dot substituted for <99>
    Warning in grid.Call.graphics(C_text, as.graphicsAnnot(x$label), x$x, x$y, :
     conversion failure on 'OndÅ<c2><99>ej Chochola' in 'mbcsToSbcs': dot substituted for <c5>
    Warning in grid.Call.graphics(C_text, as.graphicsAnnot(x$label), x$x, x$y, :
     conversion failure on 'OndÅ<c2><99>ej Chochola' in 'mbcsToSbcs': dot substituted for <99>
    Warning in graphics::strwidth(pMPDF$label, "inches") :
     conversion failure on 'Lubomír KubáÄ<c2><8d>ek' in 'mbcsToSbcs': dot substituted for <c4>
    Warning in graphics::strwidth(pMPDF$label, "inches") :
     conversion failure on 'Lubomír KubáÄ<c2><8d>ek' in 'mbcsToSbcs': dot substituted for <8d>
    Warning in graphics::strwidth(pMPDF$label, "inches") :
     conversion failure on 'JiÅ<c2><99>í AndÄ<c2><9b>l' in 'mbcsToSbcs': dot substituted for <c5>
    Warning in graphics::strwidth(pMPDF$label, "inches") :
     conversion failure on 'JiÅ<c2><99>í AndÄ<c2><9b>l' in 'mbcsToSbcs': dot substituted for <99>
    Warning in graphics::strwidth(pMPDF$label, "inches") :
     conversion failure on 'JiÅ<c2><99>í AndÄ<c2><9b>l' in 'mbcsToSbcs': dot substituted for <c4>
    Warning in graphics::strwidth(pMPDF$label, "inches") :
     conversion failure on 'JiÅ<c2><99>í AndÄ<c2><9b>l' in 'mbcsToSbcs': dot substituted for <9b>
    Warning in graphics::strwidth(pMPDF$label, "inches") :
     conversion failure on 'Jana JureÄ<c2><8d>ková' in 'mbcsToSbcs': dot substituted for <c4>
    Warning in graphics::strwidth(pMPDF$label, "inches") :
     conversion failure on 'Jana JureÄ<c2><8d>ková' in 'mbcsToSbcs': dot substituted for <8d>
    Warning in graphics::strwidth(pMPDF$label, "inches") :
     conversion failure on 'Dana VorlíÄ<c2><8d>ková' in 'mbcsToSbcs': dot substituted for <c4>
    Warning in graphics::strwidth(pMPDF$label, "inches") :
     conversion failure on 'Dana VorlíÄ<c2><8d>ková' in 'mbcsToSbcs': dot substituted for <8d>
    Warning in graphics::strwidth(pMPDF$label, "inches") :
     conversion failure on 'BogusÅ<c2><82>awa Bednarek-Kozek' in 'mbcsToSbcs': dot substituted for <c5>
    Warning in graphics::strwidth(pMPDF$label, "inches") :
     conversion failure on 'BogusÅ<c2><82>awa Bednarek-Kozek' in 'mbcsToSbcs': dot substituted for <82>
    Warning in graphics::strwidth(pMPDF$label, "inches") :
     conversion failure on 'CzesÅ<c2><82>aw StÄ<c2><99>pniak' in 'mbcsToSbcs': dot substituted for <c5>
    Warning in graphics::strwidth(pMPDF$label, "inches") :
     conversion failure on 'CzesÅ<c2><82>aw StÄ<c2><99>pniak' in 'mbcsToSbcs': dot substituted for <82>
    Warning in graphics::strwidth(pMPDF$label, "inches") :
     conversion failure on 'CzesÅ<c2><82>aw StÄ<c2><99>pniak' in 'mbcsToSbcs': dot substituted for <c4>
    Warning in graphics::strwidth(pMPDF$label, "inches") :
     conversion failure on 'CzesÅ<c2><82>aw StÄ<c2><99>pniak' in 'mbcsToSbcs': dot substituted for <99>
    Warning in graphics::strwidth(pMPDF$label, "inches") :
     conversion failure on 'Biljana PopoviÄ<c2><87>' in 'mbcsToSbcs': dot substituted for <c4>
    Warning in graphics::strwidth(pMPDF$label, "inches") :
     conversion failure on 'Biljana PopoviÄ<c2><87>' in 'mbcsToSbcs': dot substituted for <87>
    Warning in graphics::strwidth(pMPDF$label, "inches") :
     conversion failure on 'Grzegorz RempaÅ<c2><82>a' in 'mbcsToSbcs': dot substituted for <c5>
    Warning in graphics::strwidth(pMPDF$label, "inches") :
     conversion failure on 'Grzegorz RempaÅ<c2><82>a' in 'mbcsToSbcs': dot substituted for <82>
    Warning in graphics::strwidth(pMPDF$label, "inches") :
     conversion failure on 'Miroslav RistiÄ<c2><87>' in 'mbcsToSbcs': dot substituted for <c4>
    Warning in graphics::strwidth(pMPDF$label, "inches") :
     conversion failure on 'Miroslav RistiÄ<c2><87>' in 'mbcsToSbcs': dot substituted for <87>
    Warning in graphics::strwidth(pMPDF$label, "inches") :
     conversion failure on 'Hana JaneÄ<c2><8d>ková' in 'mbcsToSbcs': dot substituted for <c4>
    Warning in graphics::strwidth(pMPDF$label, "inches") :
     conversion failure on 'Hana JaneÄ<c2><8d>ková' in 'mbcsToSbcs': dot substituted for <8d>
    Warning in graphics::strwidth(pMPDF$label, "inches") :
     conversion failure on 'Petr FranÄ<c2><9b>k' in 'mbcsToSbcs': dot substituted for <c4>
    Warning in graphics::strwidth(pMPDF$label, "inches") :
     conversion failure on 'Petr FranÄ<c2><9b>k' in 'mbcsToSbcs': dot substituted for <9b>
    Warning in graphics::strwidth(pMPDF$label, "inches") :
     conversion failure on 'Libor MašíÄ<c2><8d>ek' in 'mbcsToSbcs': dot substituted for <c4>
    Warning in graphics::strwidth(pMPDF$label, "inches") :
     conversion failure on 'Libor MašíÄ<c2><8d>ek' in 'mbcsToSbcs': dot substituted for <8d>
    Warning in graphics::strwidth(pMPDF$label, "inches") :
     conversion failure on 'Václav Ä<c2><8c>apek' in 'mbcsToSbcs': dot substituted for <c4>
    Warning in graphics::strwidth(pMPDF$label, "inches") :
     conversion failure on 'Václav Ä<c2><8c>apek' in 'mbcsToSbcs': dot substituted for <8c>
    Warning in graphics::strwidth(pMPDF$label, "inches") :
     conversion failure on 'Milovan KrnjajiÄ<c2><87>' in 'mbcsToSbcs': dot substituted for <c4>
    Warning in graphics::strwidth(pMPDF$label, "inches") :
     conversion failure on 'Milovan KrnjajiÄ<c2><87>' in 'mbcsToSbcs': dot substituted for <87>
    Warning in graphics::strwidth(pMPDF$label, "inches") :
     conversion failure on 'Alena Ä<c2><8c>erníková' in 'mbcsToSbcs': dot substituted for <c4>
    Warning in graphics::strwidth(pMPDF$label, "inches") :
     conversion failure on 'Alena Ä<c2><8c>erníková' in 'mbcsToSbcs': dot substituted for <8c>
    Warning in graphics::strwidth(pMPDF$label, "inches") :
     conversion failure on 'Jan PudeÅ<c2><82>ko' in 'mbcsToSbcs': dot substituted for <c5>
    Warning in graphics::strwidth(pMPDF$label, "inches") :
     conversion failure on 'Jan PudeÅ<c2><82>ko' in 'mbcsToSbcs': dot substituted for <82>
    Warning in graphics::strwidth(pMPDF$label, "inches") :
     conversion failure on 'Vladica StojanoviÄ<c2><87>' in 'mbcsToSbcs': dot substituted for <c4>
    Warning in graphics::strwidth(pMPDF$label, "inches") :
     conversion failure on 'Vladica StojanoviÄ<c2><87>' in 'mbcsToSbcs': dot substituted for <87>
    Warning in graphics::strwidth(pMPDF$label, "inches") :
     conversion failure on 'Pavel VanÄ<c2><9b>Ä<c2><8d>ek' in 'mbcsToSbcs': dot substituted for <c4>
    Warning in graphics::strwidth(pMPDF$label, "inches") :
     conversion failure on 'Pavel VanÄ<c2><9b>Ä<c2><8d>ek' in 'mbcsToSbcs': dot substituted for <9b>
    Warning in graphics::strwidth(pMPDF$label, "inches") :
     conversion failure on 'Pavel VanÄ<c2><9b>Ä<c2><8d>ek' in 'mbcsToSbcs': dot substituted for <c4>
    Warning in graphics::strwidth(pMPDF$label, "inches") :
     conversion failure on 'Pavel VanÄ<c2><9b>Ä<c2><8d>ek' in 'mbcsToSbcs': dot substituted for <8d>
    Warning in graphics::strwidth(pMPDF$label, "inches") :
     conversion failure on 'Inga MasiulaitytÄ<c2><97>' in 'mbcsToSbcs': dot substituted for <c4>
    Warning in graphics::strwidth(pMPDF$label, "inches") :
     conversion failure on 'Inga MasiulaitytÄ<c2><97>' in 'mbcsToSbcs': dot substituted for <97>
    Warning in graphics::strwidth(pMPDF$label, "inches") :
     conversion failure on 'Duygu SavaÅ<c2><9f>cı' in 'mbcsToSbcs': dot substituted for <c5>
    Warning in graphics::strwidth(pMPDF$label, "inches") :
     conversion failure on 'Duygu SavaÅ<c2><9f>cı' in 'mbcsToSbcs': dot substituted for <9f>
    Warning in graphics::strwidth(pMPDF$label, "inches") :
     conversion failure on 'Duygu SavaÅ<c2><9f>cı' in 'mbcsToSbcs': dot substituted for <c4>
    Warning in graphics::strwidth(pMPDF$label, "inches") :
     conversion failure on 'Duygu SavaÅ<c2><9f>cı' in 'mbcsToSbcs': dot substituted for <b1>
    Warning in graphics::strwidth(pMPDF$label, "inches") :
     conversion failure on 'OndÅ<c2><99>ej Vencálek' in 'mbcsToSbcs': dot substituted for <c5>
    Warning in graphics::strwidth(pMPDF$label, "inches") :
     conversion failure on 'OndÅ<c2><99>ej Vencálek' in 'mbcsToSbcs': dot substituted for <99>
    Warning in graphics::strwidth(pMPDF$label, "inches") :
     conversion failure on 'Aleksandar NastiÄ<c2><87>' in 'mbcsToSbcs': dot substituted for <c4>
    Warning in graphics::strwidth(pMPDF$label, "inches") :
     conversion failure on 'Aleksandar NastiÄ<c2><87>' in 'mbcsToSbcs': dot substituted for <87>
    Warning in graphics::strwidth(pMPDF$label, "inches") :
     conversion failure on 'Gábor Szűcs' in 'mbcsToSbcs': dot substituted for <c5>
    Warning in graphics::strwidth(pMPDF$label, "inches") :
     conversion failure on 'Gábor Szűcs' in 'mbcsToSbcs': dot substituted for <b1>
    Warning in graphics::strwidth(pMPDF$label, "inches") :
     conversion failure on 'Barbara ChoroÅ<c2><9b>-Tomczyk' in 'mbcsToSbcs': dot substituted for <c5>
    Warning in graphics::strwidth(pMPDF$label, "inches") :
     conversion failure on 'Barbara ChoroÅ<c2><9b>-Tomczyk' in 'mbcsToSbcs': dot substituted for <9b>
    Warning in graphics::strwidth(pMPDF$label, "inches") :
     conversion failure on 'OndÅ<c2><99>ej Chochola' in 'mbcsToSbcs': dot substituted for <c5>
    Warning in graphics::strwidth(pMPDF$label, "inches") :
     conversion failure on 'OndÅ<c2><99>ej Chochola' in 'mbcsToSbcs': dot substituted for <99>
    Warning in graphics::strwidth(pMPDF$label, "inches") :
     conversion failure on 'Anna JenÄ<c2><8d>ová' in 'mbcsToSbcs': dot substituted for <c4>
    Warning in graphics::strwidth(pMPDF$label, "inches") :
     conversion failure on 'Anna JenÄ<c2><8d>ová' in 'mbcsToSbcs': dot substituted for <8d>
    Warning in graphics::strwidth(pMPDF$label, "inches") :
     conversion failure on 'Peter Ä<c2><8c>erÅ<c2><88>anskÃœ' in 'mbcsToSbcs': dot substituted for <c4>
    Warning in graphics::strwidth(pMPDF$label, "inches") :
     conversion failure on 'Peter Ä<c2><8c>erÅ<c2><88>anskÃœ' in 'mbcsToSbcs': dot substituted for <8c>
    Warning in graphics::strwidth(pMPDF$label, "inches") :
     conversion failure on 'Peter Ä<c2><8c>erÅ<c2><88>anskÃœ' in 'mbcsToSbcs': dot substituted for <c5>
    Warning in graphics::strwidth(pMPDF$label, "inches") :
     conversion failure on 'Peter Ä<c2><8c>erÅ<c2><88>anskÃœ' in 'mbcsToSbcs': dot substituted for <88>
    Warning: Removed 63 rows containing missing values (geom_segment).
    Warning in grid.Call.graphics(C_text, as.graphicsAnnot(x$label), x$x, x$y, :
     conversion failure on 'Lubomír KubáÄ<c2><8d>ek' in 'mbcsToSbcs': dot substituted for <c4>
    Warning in grid.Call.graphics(C_text, as.graphicsAnnot(x$label), x$x, x$y, :
     conversion failure on 'Lubomír KubáÄ<c2><8d>ek' in 'mbcsToSbcs': dot substituted for <8d>
    Warning in grid.Call.graphics(C_text, as.graphicsAnnot(x$label), x$x, x$y, :
     conversion failure on 'Lubomír KubáÄ<c2><8d>ek' in 'mbcsToSbcs': dot substituted for <c4>
    Warning in grid.Call.graphics(C_text, as.graphicsAnnot(x$label), x$x, x$y, :
     conversion failure on 'Lubomír KubáÄ<c2><8d>ek' in 'mbcsToSbcs': dot substituted for <8d>
    Warning in grid.Call.graphics(C_text, as.graphicsAnnot(x$label), x$x, x$y, :
     conversion failure on 'JiÅ<c2><99>í AndÄ<c2><9b>l' in 'mbcsToSbcs': dot substituted for <c5>
    Warning in grid.Call.graphics(C_text, as.graphicsAnnot(x$label), x$x, x$y, :
     conversion failure on 'JiÅ<c2><99>í AndÄ<c2><9b>l' in 'mbcsToSbcs': dot substituted for <99>
    Warning in grid.Call.graphics(C_text, as.graphicsAnnot(x$label), x$x, x$y, :
     conversion failure on 'JiÅ<c2><99>í AndÄ<c2><9b>l' in 'mbcsToSbcs': dot substituted for <c4>
    Warning in grid.Call.graphics(C_text, as.graphicsAnnot(x$label), x$x, x$y, :
     conversion failure on 'JiÅ<c2><99>í AndÄ<c2><9b>l' in 'mbcsToSbcs': dot substituted for <9b>
    Warning in grid.Call.graphics(C_text, as.graphicsAnnot(x$label), x$x, x$y, :
     conversion failure on 'JiÅ<c2><99>í AndÄ<c2><9b>l' in 'mbcsToSbcs': dot substituted for <c5>
    Warning in grid.Call.graphics(C_text, as.graphicsAnnot(x$label), x$x, x$y, :
     conversion failure on 'JiÅ<c2><99>í AndÄ<c2><9b>l' in 'mbcsToSbcs': dot substituted for <99>
    Warning in grid.Call.graphics(C_text, as.graphicsAnnot(x$label), x$x, x$y, :
     conversion failure on 'JiÅ<c2><99>í AndÄ<c2><9b>l' in 'mbcsToSbcs': dot substituted for <c4>
    Warning in grid.Call.graphics(C_text, as.graphicsAnnot(x$label), x$x, x$y, :
     conversion failure on 'JiÅ<c2><99>í AndÄ<c2><9b>l' in 'mbcsToSbcs': dot substituted for <9b>
    Warning in grid.Call.graphics(C_text, as.graphicsAnnot(x$label), x$x, x$y, :
     conversion failure on 'Jana JureÄ<c2><8d>ková' in 'mbcsToSbcs': dot substituted for <c4>
    Warning in grid.Call.graphics(C_text, as.graphicsAnnot(x$label), x$x, x$y, :
     conversion failure on 'Jana JureÄ<c2><8d>ková' in 'mbcsToSbcs': dot substituted for <8d>
    Warning in grid.Call.graphics(C_text, as.graphicsAnnot(x$label), x$x, x$y, :
     conversion failure on 'Jana JureÄ<c2><8d>ková' in 'mbcsToSbcs': dot substituted for <c4>
    Warning in grid.Call.graphics(C_text, as.graphicsAnnot(x$label), x$x, x$y, :
     conversion failure on 'Jana JureÄ<c2><8d>ková' in 'mbcsToSbcs': dot substituted for <8d>
    Warning in grid.Call.graphics(C_text, as.graphicsAnnot(x$label), x$x, x$y, :
     conversion failure on 'Dana VorlíÄ<c2><8d>ková' in 'mbcsToSbcs': dot substituted for <c4>
    Warning in grid.Call.graphics(C_text, as.graphicsAnnot(x$label), x$x, x$y, :
     conversion failure on 'Dana VorlíÄ<c2><8d>ková' in 'mbcsToSbcs': dot substituted for <8d>
    Warning in grid.Call.graphics(C_text, as.graphicsAnnot(x$label), x$x, x$y, :
     conversion failure on 'Dana VorlíÄ<c2><8d>ková' in 'mbcsToSbcs': dot substituted for <c4>
    Warning in grid.Call.graphics(C_text, as.graphicsAnnot(x$label), x$x, x$y, :
     conversion failure on 'Dana VorlíÄ<c2><8d>ková' in 'mbcsToSbcs': dot substituted for <8d>
    Warning in grid.Call.graphics(C_text, as.graphicsAnnot(x$label), x$x, x$y, :
     conversion failure on 'BogusÅ<c2><82>awa Bednarek-Kozek' in 'mbcsToSbcs': dot substituted for <c5>
    Warning in grid.Call.graphics(C_text, as.graphicsAnnot(x$label), x$x, x$y, :
     conversion failure on 'BogusÅ<c2><82>awa Bednarek-Kozek' in 'mbcsToSbcs': dot substituted for <82>
    Warning in grid.Call.graphics(C_text, as.graphicsAnnot(x$label), x$x, x$y, :
     conversion failure on 'BogusÅ<c2><82>awa Bednarek-Kozek' in 'mbcsToSbcs': dot substituted for <c5>
    Warning in grid.Call.graphics(C_text, as.graphicsAnnot(x$label), x$x, x$y, :
     conversion failure on 'BogusÅ<c2><82>awa Bednarek-Kozek' in 'mbcsToSbcs': dot substituted for <82>
    Warning in grid.Call.graphics(C_text, as.graphicsAnnot(x$label), x$x, x$y, :
     conversion failure on 'CzesÅ<c2><82>aw StÄ<c2><99>pniak' in 'mbcsToSbcs': dot substituted for <c5>
    Warning in grid.Call.graphics(C_text, as.graphicsAnnot(x$label), x$x, x$y, :
     conversion failure on 'CzesÅ<c2><82>aw StÄ<c2><99>pniak' in 'mbcsToSbcs': dot substituted for <82>
    Warning in grid.Call.graphics(C_text, as.graphicsAnnot(x$label), x$x, x$y, :
     conversion failure on 'CzesÅ<c2><82>aw StÄ<c2><99>pniak' in 'mbcsToSbcs': dot substituted for <c4>
    Warning in grid.Call.graphics(C_text, as.graphicsAnnot(x$label), x$x, x$y, :
     conversion failure on 'CzesÅ<c2><82>aw StÄ<c2><99>pniak' in 'mbcsToSbcs': dot substituted for <99>
    Warning in grid.Call.graphics(C_text, as.graphicsAnnot(x$label), x$x, x$y, :
     conversion failure on 'CzesÅ<c2><82>aw StÄ<c2><99>pniak' in 'mbcsToSbcs': dot substituted for <c5>
    Warning in grid.Call.graphics(C_text, as.graphicsAnnot(x$label), x$x, x$y, :
     conversion failure on 'CzesÅ<c2><82>aw StÄ<c2><99>pniak' in 'mbcsToSbcs': dot substituted for <82>
    Warning in grid.Call.graphics(C_text, as.graphicsAnnot(x$label), x$x, x$y, :
     conversion failure on 'CzesÅ<c2><82>aw StÄ<c2><99>pniak' in 'mbcsToSbcs': dot substituted for <c4>
    Warning in grid.Call.graphics(C_text, as.graphicsAnnot(x$label), x$x, x$y, :
     conversion failure on 'CzesÅ<c2><82>aw StÄ<c2><99>pniak' in 'mbcsToSbcs': dot substituted for <99>
    Warning in grid.Call.graphics(C_text, as.graphicsAnnot(x$label), x$x, x$y, :
     conversion failure on 'Biljana PopoviÄ<c2><87>' in 'mbcsToSbcs': dot substituted for <c4>
    Warning in grid.Call.graphics(C_text, as.graphicsAnnot(x$label), x$x, x$y, :
     conversion failure on 'Biljana PopoviÄ<c2><87>' in 'mbcsToSbcs': dot substituted for <87>
    Warning in grid.Call.graphics(C_text, as.graphicsAnnot(x$label), x$x, x$y, :
     conversion failure on 'Biljana PopoviÄ<c2><87>' in 'mbcsToSbcs': dot substituted for <c4>
    Warning in grid.Call.graphics(C_text, as.graphicsAnnot(x$label), x$x, x$y, :
     conversion failure on 'Biljana PopoviÄ<c2><87>' in 'mbcsToSbcs': dot substituted for <87>
    Warning in grid.Call.graphics(C_text, as.graphicsAnnot(x$label), x$x, x$y, :
     conversion failure on 'Grzegorz RempaÅ<c2><82>a' in 'mbcsToSbcs': dot substituted for <c5>
    Warning in grid.Call.graphics(C_text, as.graphicsAnnot(x$label), x$x, x$y, :
     conversion failure on 'Grzegorz RempaÅ<c2><82>a' in 'mbcsToSbcs': dot substituted for <82>
    Warning in grid.Call.graphics(C_text, as.graphicsAnnot(x$label), x$x, x$y, :
     conversion failure on 'Grzegorz RempaÅ<c2><82>a' in 'mbcsToSbcs': dot substituted for <c5>
    Warning in grid.Call.graphics(C_text, as.graphicsAnnot(x$label), x$x, x$y, :
     conversion failure on 'Grzegorz RempaÅ<c2><82>a' in 'mbcsToSbcs': dot substituted for <82>
    Warning in grid.Call.graphics(C_text, as.graphicsAnnot(x$label), x$x, x$y, :
     conversion failure on 'Miroslav RistiÄ<c2><87>' in 'mbcsToSbcs': dot substituted for <c4>
    Warning in grid.Call.graphics(C_text, as.graphicsAnnot(x$label), x$x, x$y, :
     conversion failure on 'Miroslav RistiÄ<c2><87>' in 'mbcsToSbcs': dot substituted for <87>
    Warning in grid.Call.graphics(C_text, as.graphicsAnnot(x$label), x$x, x$y, :
     conversion failure on 'Miroslav RistiÄ<c2><87>' in 'mbcsToSbcs': dot substituted for <c4>
    Warning in grid.Call.graphics(C_text, as.graphicsAnnot(x$label), x$x, x$y, :
     conversion failure on 'Miroslav RistiÄ<c2><87>' in 'mbcsToSbcs': dot substituted for <87>
    Warning in grid.Call.graphics(C_text, as.graphicsAnnot(x$label), x$x, x$y, :
     conversion failure on 'Hana JaneÄ<c2><8d>ková' in 'mbcsToSbcs': dot substituted for <c4>
    Warning in grid.Call.graphics(C_text, as.graphicsAnnot(x$label), x$x, x$y, :
     conversion failure on 'Hana JaneÄ<c2><8d>ková' in 'mbcsToSbcs': dot substituted for <8d>
    Warning in grid.Call.graphics(C_text, as.graphicsAnnot(x$label), x$x, x$y, :
     conversion failure on 'Hana JaneÄ<c2><8d>ková' in 'mbcsToSbcs': dot substituted for <c4>
    Warning in grid.Call.graphics(C_text, as.graphicsAnnot(x$label), x$x, x$y, :
     conversion failure on 'Hana JaneÄ<c2><8d>ková' in 'mbcsToSbcs': dot substituted for <8d>
    Warning in grid.Call.graphics(C_text, as.graphicsAnnot(x$label), x$x, x$y, :
     conversion failure on 'Petr FranÄ<c2><9b>k' in 'mbcsToSbcs': dot substituted for <c4>
    Warning in grid.Call.graphics(C_text, as.graphicsAnnot(x$label), x$x, x$y, :
     conversion failure on 'Petr FranÄ<c2><9b>k' in 'mbcsToSbcs': dot substituted for <9b>
    Warning in grid.Call.graphics(C_text, as.graphicsAnnot(x$label), x$x, x$y, :
     conversion failure on 'Petr FranÄ<c2><9b>k' in 'mbcsToSbcs': dot substituted for <c4>
    Warning in grid.Call.graphics(C_text, as.graphicsAnnot(x$label), x$x, x$y, :
     conversion failure on 'Petr FranÄ<c2><9b>k' in 'mbcsToSbcs': dot substituted for <9b>
    Warning in grid.Call.graphics(C_text, as.graphicsAnnot(x$label), x$x, x$y, :
     conversion failure on 'Libor MašíÄ<c2><8d>ek' in 'mbcsToSbcs': dot substituted for <c4>
    Warning in grid.Call.graphics(C_text, as.graphicsAnnot(x$label), x$x, x$y, :
     conversion failure on 'Libor MašíÄ<c2><8d>ek' in 'mbcsToSbcs': dot substituted for <8d>
    Warning in grid.Call.graphics(C_text, as.graphicsAnnot(x$label), x$x, x$y, :
     conversion failure on 'Libor MašíÄ<c2><8d>ek' in 'mbcsToSbcs': dot substituted for <c4>
    Warning in grid.Call.graphics(C_text, as.graphicsAnnot(x$label), x$x, x$y, :
     conversion failure on 'Libor MašíÄ<c2><8d>ek' in 'mbcsToSbcs': dot substituted for <8d>
    Warning in grid.Call.graphics(C_text, as.graphicsAnnot(x$label), x$x, x$y, :
     conversion failure on 'Václav Ä<c2><8c>apek' in 'mbcsToSbcs': dot substituted for <c4>
    Warning in grid.Call.graphics(C_text, as.graphicsAnnot(x$label), x$x, x$y, :
     conversion failure on 'Václav Ä<c2><8c>apek' in 'mbcsToSbcs': dot substituted for <8c>
    Warning in grid.Call.graphics(C_text, as.graphicsAnnot(x$label), x$x, x$y, :
     conversion failure on 'Václav Ä<c2><8c>apek' in 'mbcsToSbcs': dot substituted for <c4>
    Warning in grid.Call.graphics(C_text, as.graphicsAnnot(x$label), x$x, x$y, :
     conversion failure on 'Václav Ä<c2><8c>apek' in 'mbcsToSbcs': dot substituted for <8c>
    Warning in grid.Call.graphics(C_text, as.graphicsAnnot(x$label), x$x, x$y, :
     conversion failure on 'Milovan KrnjajiÄ<c2><87>' in 'mbcsToSbcs': dot substituted for <c4>
    Warning in grid.Call.graphics(C_text, as.graphicsAnnot(x$label), x$x, x$y, :
     conversion failure on 'Milovan KrnjajiÄ<c2><87>' in 'mbcsToSbcs': dot substituted for <87>
    Warning in grid.Call.graphics(C_text, as.graphicsAnnot(x$label), x$x, x$y, :
     conversion failure on 'Milovan KrnjajiÄ<c2><87>' in 'mbcsToSbcs': dot substituted for <c4>
    Warning in grid.Call.graphics(C_text, as.graphicsAnnot(x$label), x$x, x$y, :
     conversion failure on 'Milovan KrnjajiÄ<c2><87>' in 'mbcsToSbcs': dot substituted for <87>
    Warning in grid.Call.graphics(C_text, as.graphicsAnnot(x$label), x$x, x$y, :
     conversion failure on 'Alena Ä<c2><8c>erníková' in 'mbcsToSbcs': dot substituted for <c4>
    Warning in grid.Call.graphics(C_text, as.graphicsAnnot(x$label), x$x, x$y, :
     conversion failure on 'Alena Ä<c2><8c>erníková' in 'mbcsToSbcs': dot substituted for <8c>
    Warning in grid.Call.graphics(C_text, as.graphicsAnnot(x$label), x$x, x$y, :
     conversion failure on 'Alena Ä<c2><8c>erníková' in 'mbcsToSbcs': dot substituted for <c4>
    Warning in grid.Call.graphics(C_text, as.graphicsAnnot(x$label), x$x, x$y, :
     conversion failure on 'Alena Ä<c2><8c>erníková' in 'mbcsToSbcs': dot substituted for <8c>
    Warning in grid.Call.graphics(C_text, as.graphicsAnnot(x$label), x$x, x$y, :
     conversion failure on 'Jan PudeÅ<c2><82>ko' in 'mbcsToSbcs': dot substituted for <c5>
    Warning in grid.Call.graphics(C_text, as.graphicsAnnot(x$label), x$x, x$y, :
     conversion failure on 'Jan PudeÅ<c2><82>ko' in 'mbcsToSbcs': dot substituted for <82>
    Warning in grid.Call.graphics(C_text, as.graphicsAnnot(x$label), x$x, x$y, :
     conversion failure on 'Jan PudeÅ<c2><82>ko' in 'mbcsToSbcs': dot substituted for <c5>
    Warning in grid.Call.graphics(C_text, as.graphicsAnnot(x$label), x$x, x$y, :
     conversion failure on 'Jan PudeÅ<c2><82>ko' in 'mbcsToSbcs': dot substituted for <82>
    Warning in grid.Call.graphics(C_text, as.graphicsAnnot(x$label), x$x, x$y, :
     conversion failure on 'Vladica StojanoviÄ<c2><87>' in 'mbcsToSbcs': dot substituted for <c4>
    Warning in grid.Call.graphics(C_text, as.graphicsAnnot(x$label), x$x, x$y, :
     conversion failure on 'Vladica StojanoviÄ<c2><87>' in 'mbcsToSbcs': dot substituted for <87>
    Warning in grid.Call.graphics(C_text, as.graphicsAnnot(x$label), x$x, x$y, :
     conversion failure on 'Vladica StojanoviÄ<c2><87>' in 'mbcsToSbcs': dot substituted for <c4>
    Warning in grid.Call.graphics(C_text, as.graphicsAnnot(x$label), x$x, x$y, :
     conversion failure on 'Vladica StojanoviÄ<c2><87>' in 'mbcsToSbcs': dot substituted for <87>
    Warning in grid.Call.graphics(C_text, as.graphicsAnnot(x$label), x$x, x$y, :
     conversion failure on 'Pavel VanÄ<c2><9b>Ä<c2><8d>ek' in 'mbcsToSbcs': dot substituted for <c4>
    Warning in grid.Call.graphics(C_text, as.graphicsAnnot(x$label), x$x, x$y, :
     conversion failure on 'Pavel VanÄ<c2><9b>Ä<c2><8d>ek' in 'mbcsToSbcs': dot substituted for <9b>
    Warning in grid.Call.graphics(C_text, as.graphicsAnnot(x$label), x$x, x$y, :
     conversion failure on 'Pavel VanÄ<c2><9b>Ä<c2><8d>ek' in 'mbcsToSbcs': dot substituted for <c4>
    Warning in grid.Call.graphics(C_text, as.graphicsAnnot(x$label), x$x, x$y, :
     conversion failure on 'Pavel VanÄ<c2><9b>Ä<c2><8d>ek' in 'mbcsToSbcs': dot substituted for <8d>
    Warning in grid.Call.graphics(C_text, as.graphicsAnnot(x$label), x$x, x$y, :
     conversion failure on 'Pavel VanÄ<c2><9b>Ä<c2><8d>ek' in 'mbcsToSbcs': dot substituted for <c4>
    Warning in grid.Call.graphics(C_text, as.graphicsAnnot(x$label), x$x, x$y, :
     conversion failure on 'Pavel VanÄ<c2><9b>Ä<c2><8d>ek' in 'mbcsToSbcs': dot substituted for <9b>
    Warning in grid.Call.graphics(C_text, as.graphicsAnnot(x$label), x$x, x$y, :
     conversion failure on 'Pavel VanÄ<c2><9b>Ä<c2><8d>ek' in 'mbcsToSbcs': dot substituted for <c4>
    Warning in grid.Call.graphics(C_text, as.graphicsAnnot(x$label), x$x, x$y, :
     conversion failure on 'Pavel VanÄ<c2><9b>Ä<c2><8d>ek' in 'mbcsToSbcs': dot substituted for <8d>
    Warning in grid.Call.graphics(C_text, as.graphicsAnnot(x$label), x$x, x$y, :
     conversion failure on 'Inga MasiulaitytÄ<c2><97>' in 'mbcsToSbcs': dot substituted for <c4>
    Warning in grid.Call.graphics(C_text, as.graphicsAnnot(x$label), x$x, x$y, :
     conversion failure on 'Inga MasiulaitytÄ<c2><97>' in 'mbcsToSbcs': dot substituted for <97>
    Warning in grid.Call.graphics(C_text, as.graphicsAnnot(x$label), x$x, x$y, :
     conversion failure on 'Inga MasiulaitytÄ<c2><97>' in 'mbcsToSbcs': dot substituted for <c4>
    Warning in grid.Call.graphics(C_text, as.graphicsAnnot(x$label), x$x, x$y, :
     conversion failure on 'Inga MasiulaitytÄ<c2><97>' in 'mbcsToSbcs': dot substituted for <97>
    Warning in grid.Call.graphics(C_text, as.graphicsAnnot(x$label), x$x, x$y, :
     conversion failure on 'Duygu SavaÅ<c2><9f>cı' in 'mbcsToSbcs': dot substituted for <c5>
    Warning in grid.Call.graphics(C_text, as.graphicsAnnot(x$label), x$x, x$y, :
     conversion failure on 'Duygu SavaÅ<c2><9f>cı' in 'mbcsToSbcs': dot substituted for <9f>
    Warning in grid.Call.graphics(C_text, as.graphicsAnnot(x$label), x$x, x$y, :
     conversion failure on 'Duygu SavaÅ<c2><9f>cı' in 'mbcsToSbcs': dot substituted for <c4>
    Warning in grid.Call.graphics(C_text, as.graphicsAnnot(x$label), x$x, x$y, :
     conversion failure on 'Duygu SavaÅ<c2><9f>cı' in 'mbcsToSbcs': dot substituted for <b1>
    Warning in grid.Call.graphics(C_text, as.graphicsAnnot(x$label), x$x, x$y, :
     conversion failure on 'Duygu SavaÅ<c2><9f>cı' in 'mbcsToSbcs': dot substituted for <c5>
    Warning in grid.Call.graphics(C_text, as.graphicsAnnot(x$label), x$x, x$y, :
     conversion failure on 'Duygu SavaÅ<c2><9f>cı' in 'mbcsToSbcs': dot substituted for <9f>
    Warning in grid.Call.graphics(C_text, as.graphicsAnnot(x$label), x$x, x$y, :
     conversion failure on 'Duygu SavaÅ<c2><9f>cı' in 'mbcsToSbcs': dot substituted for <c4>
    Warning in grid.Call.graphics(C_text, as.graphicsAnnot(x$label), x$x, x$y, :
     conversion failure on 'Duygu SavaÅ<c2><9f>cı' in 'mbcsToSbcs': dot substituted for <b1>
    Warning in grid.Call.graphics(C_text, as.graphicsAnnot(x$label), x$x, x$y, :
     conversion failure on 'OndÅ<c2><99>ej Vencálek' in 'mbcsToSbcs': dot substituted for <c5>
    Warning in grid.Call.graphics(C_text, as.graphicsAnnot(x$label), x$x, x$y, :
     conversion failure on 'OndÅ<c2><99>ej Vencálek' in 'mbcsToSbcs': dot substituted for <99>
    Warning in grid.Call.graphics(C_text, as.graphicsAnnot(x$label), x$x, x$y, :
     conversion failure on 'OndÅ<c2><99>ej Vencálek' in 'mbcsToSbcs': dot substituted for <c5>
    Warning in grid.Call.graphics(C_text, as.graphicsAnnot(x$label), x$x, x$y, :
     conversion failure on 'OndÅ<c2><99>ej Vencálek' in 'mbcsToSbcs': dot substituted for <99>
    Warning in grid.Call.graphics(C_text, as.graphicsAnnot(x$label), x$x, x$y, :
     conversion failure on 'Aleksandar NastiÄ<c2><87>' in 'mbcsToSbcs': dot substituted for <c4>
    Warning in grid.Call.graphics(C_text, as.graphicsAnnot(x$label), x$x, x$y, :
     conversion failure on 'Aleksandar NastiÄ<c2><87>' in 'mbcsToSbcs': dot substituted for <87>
    Warning in grid.Call.graphics(C_text, as.graphicsAnnot(x$label), x$x, x$y, :
     conversion failure on 'Aleksandar NastiÄ<c2><87>' in 'mbcsToSbcs': dot substituted for <c4>
    Warning in grid.Call.graphics(C_text, as.graphicsAnnot(x$label), x$x, x$y, :
     conversion failure on 'Aleksandar NastiÄ<c2><87>' in 'mbcsToSbcs': dot substituted for <87>
    Warning in grid.Call.graphics(C_text, as.graphicsAnnot(x$label), x$x, x$y, :
     conversion failure on 'Gábor Szűcs' in 'mbcsToSbcs': dot substituted for <c5>
    Warning in grid.Call.graphics(C_text, as.graphicsAnnot(x$label), x$x, x$y, :
     conversion failure on 'Gábor Szűcs' in 'mbcsToSbcs': dot substituted for <b1>
    Warning in grid.Call.graphics(C_text, as.graphicsAnnot(x$label), x$x, x$y, :
     conversion failure on 'Gábor Szűcs' in 'mbcsToSbcs': dot substituted for <c5>
    Warning in grid.Call.graphics(C_text, as.graphicsAnnot(x$label), x$x, x$y, :
     conversion failure on 'Gábor Szűcs' in 'mbcsToSbcs': dot substituted for <b1>
    Warning in grid.Call.graphics(C_text, as.graphicsAnnot(x$label), x$x, x$y, :
     conversion failure on 'Barbara ChoroÅ<c2><9b>-Tomczyk' in 'mbcsToSbcs': dot substituted for <c5>
    Warning in grid.Call.graphics(C_text, as.graphicsAnnot(x$label), x$x, x$y, :
     conversion failure on 'Barbara ChoroÅ<c2><9b>-Tomczyk' in 'mbcsToSbcs': dot substituted for <9b>
    Warning in grid.Call.graphics(C_text, as.graphicsAnnot(x$label), x$x, x$y, :
     conversion failure on 'Barbara ChoroÅ<c2><9b>-Tomczyk' in 'mbcsToSbcs': dot substituted for <c5>
    Warning in grid.Call.graphics(C_text, as.graphicsAnnot(x$label), x$x, x$y, :
     conversion failure on 'Barbara ChoroÅ<c2><9b>-Tomczyk' in 'mbcsToSbcs': dot substituted for <9b>
    Warning in grid.Call.graphics(C_text, as.graphicsAnnot(x$label), x$x, x$y, :
     conversion failure on 'OndÅ<c2><99>ej Chochola' in 'mbcsToSbcs': dot substituted for <c5>
    Warning in grid.Call.graphics(C_text, as.graphicsAnnot(x$label), x$x, x$y, :
     conversion failure on 'OndÅ<c2><99>ej Chochola' in 'mbcsToSbcs': dot substituted for <99>
    Warning in grid.Call.graphics(C_text, as.graphicsAnnot(x$label), x$x, x$y, :
     conversion failure on 'OndÅ<c2><99>ej Chochola' in 'mbcsToSbcs': dot substituted for <c5>
    Warning in grid.Call.graphics(C_text, as.graphicsAnnot(x$label), x$x, x$y, :
     conversion failure on 'OndÅ<c2><99>ej Chochola' in 'mbcsToSbcs': dot substituted for <99>
    Error: processing vignette 'ggenealogy.Rnw' failed with diagnostics:
    Running 'texi2dvi' on 'ggenealogy.tex' failed.
    LaTeX errors:
    ! Package inputenc Error: Invalid UTF-8 byte sequence.
    
    See the inputenc package documentation for explanation.
    Type H <return> for immediate help.
     ...
    --- failed re-building 'ggenealogy.Rnw'
    
    SUMMARY: processing the following file failed:
     'ggenealogy.Rnw'
    
    Error: Vignette re-building failed.
    Execution halted
Flavor: r-devel-linux-x86_64-debian-clang

Version: 1.0.0
Check: dependencies in R code
Result: NOTE
    Namespace in Imports field not imported from: ‘tibble’
     All declared Imports should be used.
Flavors: r-devel-linux-x86_64-fedora-clang, r-devel-linux-x86_64-fedora-gcc, r-patched-solaris-x86, r-release-osx-x86_64

Version: 1.0.0
Check: data for non-ASCII characters
Result: NOTE
     Note: found 2356 marked UTF-8 strings
Flavors: r-devel-linux-x86_64-fedora-clang, r-devel-linux-x86_64-fedora-gcc, r-patched-solaris-x86, r-release-osx-x86_64

Version: 1.0.0
Check: whether package can be installed
Result: ERROR
    Installation failed.
Flavor: r-oldrel-osx-x86_64