CRAN Package Check Results for Package ggformula

Last updated on 2021-01-22 07:49:38 CET.

Flavor Version Tinstall Tcheck Ttotal Status Flags
r-devel-linux-x86_64-debian-clang 0.10.1 21.11 310.89 332.00 OK
r-devel-linux-x86_64-debian-gcc 0.10.1 15.91 219.76 235.67 OK
r-devel-linux-x86_64-fedora-clang 0.10.1 399.85 NOTE
r-devel-linux-x86_64-fedora-gcc 0.10.1 396.60 OK
r-devel-windows-ix86+x86_64 0.10.1 39.00 348.00 387.00 OK
r-patched-linux-x86_64 0.10.1 19.58 278.21 297.79 OK
r-patched-solaris-x86 0.10.1 470.60 OK
r-release-linux-x86_64 0.10.1 23.60 279.30 302.90 OK
r-release-macos-x86_64 0.10.1 OK
r-release-windows-ix86+x86_64 0.10.1 34.00 263.00 297.00 OK
r-oldrel-macos-x86_64 0.10.1 OK
r-oldrel-windows-ix86+x86_64 0.10.1 25.00 274.00 299.00 OK

Check Details

Version: 0.10.1
Check: Rd cross-references
Result: NOTE
    Undeclared package ‘quantreg’ in Rd xrefs
Flavor: r-devel-linux-x86_64-fedora-clang