CRAN Package Check Results for Package ggimage

Last updated on 2020-02-16 13:47:32 CET.

Flavor Version Tinstall Tcheck Ttotal Status Flags
r-devel-linux-x86_64-debian-clang 0.2.7 4.38 41.53 45.91 OK
r-devel-linux-x86_64-debian-gcc 0.2.7 4.58 35.11 39.69 OK
r-devel-linux-x86_64-fedora-clang 0.2.7 61.02 OK
r-devel-linux-x86_64-fedora-gcc 0.2.7 55.08 OK
r-devel-windows-ix86+x86_64 0.2.7 16.00 61.00 77.00 OK
r-devel-windows-ix86+x86_64-gcc8 0.2.7 22.00 82.00 104.00 OK
r-patched-linux-x86_64 0.2.7 4.30 37.20 41.50 OK
r-patched-solaris-x86 0.2.7 82.50 NOTE
r-release-linux-x86_64 0.2.7 3.79 36.94 40.73 OK
r-release-windows-ix86+x86_64 0.2.7 12.00 57.00 69.00 OK
r-release-osx-x86_64 0.2.7 OK
r-oldrel-windows-ix86+x86_64 0.2.7 6.00 54.00 60.00 OK
r-oldrel-osx-x86_64 0.2.7 OK

Check Details

Version: 0.2.7
Check: package dependencies
Result: NOTE
    Package suggested but not available for checking: ‘rsvg’
Flavor: r-patched-solaris-x86