CRAN Package Check Results for Package ggimage

Last updated on 2019-09-22 13:46:12 CEST.

Flavor Version Tinstall Tcheck Ttotal Status Flags
r-devel-linux-x86_64-debian-clang 0.2.2 4.07 49.40 53.47 WARN
r-devel-linux-x86_64-debian-gcc 0.2.2 3.54 39.00 42.54 WARN
r-devel-linux-x86_64-fedora-clang 0.2.2 67.15 WARN
r-devel-linux-x86_64-fedora-gcc 0.2.2 67.39 WARN
r-devel-windows-ix86+x86_64 0.2.2 29.00 75.00 104.00 WARN
r-patched-linux-x86_64 0.2.2 3.47 49.50 52.97 WARN
r-patched-solaris-x86 0.2.2 99.50 WARN
r-release-linux-x86_64 0.2.2 3.48 49.40 52.88 WARN
r-release-windows-ix86+x86_64 0.2.2 12.00 65.00 77.00 OK
r-release-osx-x86_64 0.2.2 NOTE
r-oldrel-windows-ix86+x86_64 0.2.2 8.00 65.00 73.00 OK
r-oldrel-osx-x86_64 0.2.2 OK

Check Details

Version: 0.2.2
Check: re-building of vignette outputs
Result: WARN
    Error(s) in re-building vignettes:
     ...
    --- re-building 'ggimage.Rmd' using rmarkdown
    Quitting from lines 99-101 (ggimage.Rmd)
    Error: processing vignette 'ggimage.Rmd' failed with diagnostics:
    Failed to download https://raw.githubusercontent.com/ionic-team/ionicons/master/src/svg/ios-pie.svg (HTTP 404)
    --- failed re-building 'ggimage.Rmd'
    
    SUMMARY: processing the following file failed:
     'ggimage.Rmd'
    
    Error: Vignette re-building failed.
    Execution halted
Flavors: r-devel-linux-x86_64-debian-clang, r-devel-linux-x86_64-debian-gcc, r-patched-linux-x86_64, r-release-linux-x86_64

Version: 0.2.2
Check: re-building of vignette outputs
Result: WARN
    Error(s) in re-building vignettes:
    --- re-building ‘ggimage.Rmd’ using rmarkdown
    Quitting from lines 99-101 (ggimage.Rmd)
    Error: processing vignette 'ggimage.Rmd' failed with diagnostics:
    Failed to download https://raw.githubusercontent.com/ionic-team/ionicons/master/src/svg/ios-pie.svg (HTTP 404)
    --- failed re-building ‘ggimage.Rmd’
    
    SUMMARY: processing the following file failed:
     ‘ggimage.Rmd’
    
    Error: Vignette re-building failed.
    Execution halted
Flavors: r-devel-linux-x86_64-fedora-clang, r-devel-linux-x86_64-fedora-gcc, r-devel-windows-ix86+x86_64

Version: 0.2.2
Check: package dependencies
Result: NOTE
    Package suggested but not available for checking: ‘rsvg’
Flavor: r-patched-solaris-x86

Version: 0.2.2
Check: re-building of vignette outputs
Result: WARN
    Error(s) in re-building vignettes:
     ...
    --- re-building ‘ggimage.Rmd’ using rmarkdown
    Warning in engine$weave(file, quiet = quiet, encoding = enc) :
     Pandoc (>= 1.12.3) and/or pandoc-citeproc not available. Falling back to R Markdown v1.
    Quitting from lines 99-101 (ggimage.Rmd)
    Error: processing vignette 'ggimage.Rmd' failed with diagnostics:
    there is no package called 'rsvg'
    --- failed re-building ‘ggimage.Rmd’
    
    SUMMARY: processing the following file failed:
     ‘ggimage.Rmd’
    
    Error: Vignette re-building failed.
    Execution halted
Flavor: r-patched-solaris-x86

Version: 0.2.2
Check: package dependencies
Result: NOTE
    Package suggested but not available for checking: ‘ggtree’
Flavor: r-release-osx-x86_64