Last updated on 2019-12-11 13:47:33 CET.
Flavor | Version | Tinstall | Tcheck | Ttotal | Status | Flags |
---|---|---|---|---|---|---|
r-devel-linux-x86_64-debian-clang | 0.1.0 | 2.75 | 36.74 | 39.49 | NOTE | |
r-devel-linux-x86_64-debian-gcc | 0.1.0 | 2.52 | 28.69 | 31.21 | NOTE | |
r-devel-linux-x86_64-fedora-clang | 0.1.0 | 49.41 | OK | |||
r-devel-linux-x86_64-fedora-gcc | 0.1.0 | 50.49 | OK | |||
r-devel-windows-ix86+x86_64 | 0.1.0 | 10.00 | 49.00 | 59.00 | NOTE | |
r-devel-windows-ix86+x86_64-gcc8 | 0.1.0 | 9.00 | 67.00 | 76.00 | NOTE | |
r-patched-linux-x86_64 | 0.1.0 | 2.43 | 33.48 | 35.91 | OK | |
r-patched-solaris-x86 | 0.1.0 | 60.90 | OK | |||
r-release-linux-x86_64 | 0.1.0 | 2.14 | 33.32 | 35.46 | OK | |
r-release-windows-ix86+x86_64 | 0.1.0 | 7.00 | 46.00 | 53.00 | OK | |
r-release-osx-x86_64 | 0.1.0 | OK | ||||
r-oldrel-windows-ix86+x86_64 | 0.1.0 | 4.00 | 50.00 | 54.00 | OK | |
r-oldrel-osx-x86_64 | 0.1.0 | OK |
Version: 0.1.0
Check: package vignettes
Result: NOTE
Package vignette with placeholder title 'Vignette Title':
'intro.Rmd'
Flavors: r-devel-linux-x86_64-debian-clang, r-devel-linux-x86_64-debian-gcc, r-devel-windows-ix86+x86_64, r-devel-windows-ix86+x86_64-gcc8