CRAN Package Check Results for Package ggloop

Last updated on 2019-08-22 13:46:13 CEST.

Flavor Version Tinstall Tcheck Ttotal Status Flags
r-devel-linux-x86_64-debian-clang 0.1.0 2.69 34.18 36.87 NOTE
r-devel-linux-x86_64-debian-gcc 0.1.0 2.00 26.40 28.40 NOTE
r-devel-linux-x86_64-fedora-clang 0.1.0 45.83 OK
r-devel-linux-x86_64-fedora-gcc 0.1.0 43.81 OK
r-devel-windows-ix86+x86_64 0.1.0 13.00 61.00 74.00 NOTE
r-patched-linux-x86_64 0.1.0 2.34 32.92 35.26 OK
r-patched-solaris-x86 0.1.0 63.70 OK
r-release-linux-x86_64 0.1.0 2.23 33.04 35.27 OK
r-release-windows-ix86+x86_64 0.1.0 10.00 65.00 75.00 OK
r-release-osx-x86_64 0.1.0 OK
r-oldrel-windows-ix86+x86_64 0.1.0 5.00 61.00 66.00 OK
r-oldrel-osx-x86_64 0.1.0 OK

Check Details

Version: 0.1.0
Check: package vignettes
Result: NOTE
    Package vignette with placeholder title 'Vignette Title':
     'intro.Rmd'
Flavors: r-devel-linux-x86_64-debian-clang, r-devel-linux-x86_64-debian-gcc, r-devel-windows-ix86+x86_64