Last updated on 2021-01-19 07:50:42 CET.
Flavor | Version | Tinstall | Tcheck | Ttotal | Status | Flags |
---|---|---|---|---|---|---|
r-devel-linux-x86_64-debian-clang | 0.1.3 | 8.05 | 67.84 | 75.89 | OK | |
r-devel-linux-x86_64-debian-gcc | 0.1.3 | 6.61 | 51.12 | 57.73 | OK | |
r-devel-linux-x86_64-fedora-clang | 0.1.3 | 100.29 | NOTE | |||
r-devel-linux-x86_64-fedora-gcc | 0.1.3 | 86.53 | NOTE | |||
r-devel-windows-ix86+x86_64 | 0.1.3 | 15.00 | 72.00 | 87.00 | OK | |
r-patched-linux-x86_64 | 0.1.3 | 7.67 | 62.77 | 70.44 | OK | |
r-patched-solaris-x86 | 0.1.3 | 125.20 | NOTE | |||
r-release-linux-x86_64 | 0.1.3 | 8.30 | 62.56 | 70.86 | OK | |
r-release-macos-x86_64 | 0.1.3 | NOTE | ||||
r-release-windows-ix86+x86_64 | 0.1.3 | 17.00 | 70.00 | 87.00 | OK | |
r-oldrel-macos-x86_64 | 0.1.3 | NOTE | ||||
r-oldrel-windows-ix86+x86_64 | 0.1.3 | 13.00 | 68.00 | 81.00 | OK |
Version: 0.1.3
Check: dependencies in R code
Result: NOTE
Namespaces in Imports field not imported from:
‘gcookbook’ ‘ggthemes’ ‘moonBook’ ‘tidyverse’
All declared Imports should be used.
Flavors: r-devel-linux-x86_64-fedora-clang, r-devel-linux-x86_64-fedora-gcc, r-patched-solaris-x86, r-release-macos-x86_64, r-oldrel-macos-x86_64