Last updated on 2021-01-22 07:49:38 CET.
Flavor | Version | Tinstall | Tcheck | Ttotal | Status | Flags |
---|---|---|---|---|---|---|
r-devel-linux-x86_64-debian-clang | 0.0.7 | 8.38 | 55.51 | 63.89 | OK | |
r-devel-linux-x86_64-debian-gcc | 0.0.7 | 6.80 | 41.53 | 48.33 | OK | |
r-devel-linux-x86_64-fedora-clang | 0.0.7 | 85.03 | NOTE | |||
r-devel-linux-x86_64-fedora-gcc | 0.0.7 | 74.03 | NOTE | |||
r-devel-windows-ix86+x86_64 | 0.0.7 | 19.00 | 72.00 | 91.00 | OK | |
r-patched-linux-x86_64 | 0.0.7 | 7.97 | 52.61 | 60.58 | OK | |
r-patched-solaris-x86 | 0.0.7 | 98.40 | NOTE | |||
r-release-linux-x86_64 | 0.0.7 | 8.97 | 51.81 | 60.78 | OK | |
r-release-macos-x86_64 | 0.0.7 | NOTE | ||||
r-release-windows-ix86+x86_64 | 0.0.7 | 35.00 | 73.00 | 108.00 | OK | |
r-oldrel-macos-x86_64 | 0.0.7 | NOTE | ||||
r-oldrel-windows-ix86+x86_64 | 0.0.7 | 12.00 | 54.00 | 66.00 | OK |
Version: 0.0.7
Check: dependencies in R code
Result: NOTE
Namespaces in Imports field not imported from:
‘dplyr’ ‘grDevices’
All declared Imports should be used.
Flavors: r-devel-linux-x86_64-fedora-clang, r-devel-linux-x86_64-fedora-gcc, r-patched-solaris-x86, r-release-macos-x86_64, r-oldrel-macos-x86_64