CRAN Package Check Results for Package ggraph

Last updated on 2019-12-13 11:49:46 CET.

Flavor Version Tinstall Tcheck Ttotal Status Flags
r-devel-linux-x86_64-debian-clang 2.0.0 81.12 224.27 305.39 OK
r-devel-linux-x86_64-debian-gcc 2.0.0 52.68 164.95 217.63 OK
r-devel-linux-x86_64-fedora-clang 2.0.0 381.37 NOTE
r-devel-linux-x86_64-fedora-gcc 2.0.0 387.61 OK
r-devel-windows-ix86+x86_64 2.0.0 148.00 462.00 610.00 NOTE
r-devel-windows-ix86+x86_64-gcc8 2.0.0 159.00 454.00 613.00 NOTE
r-patched-linux-x86_64 2.0.0 62.45 198.70 261.15 OK
r-patched-solaris-x86 2.0.0 426.40 NOTE
r-release-linux-x86_64 2.0.0 63.90 202.05 265.95 OK
r-release-windows-ix86+x86_64 2.0.0 117.00 318.00 435.00 NOTE
r-release-osx-x86_64 2.0.0 NOTE
r-oldrel-windows-ix86+x86_64 2.0.0 123.00 321.00 444.00 NOTE
r-oldrel-osx-x86_64 2.0.0 NOTE

Check Details

Version: 2.0.0
Check: installed package size
Result: NOTE
     installed size is 7.5Mb
     sub-directories of 1Mb or more:
     doc 3.6Mb
     libs 2.6Mb
Flavors: r-devel-linux-x86_64-fedora-clang, r-devel-windows-ix86+x86_64, r-devel-windows-ix86+x86_64-gcc8, r-patched-solaris-x86, r-release-windows-ix86+x86_64, r-release-osx-x86_64, r-oldrel-windows-ix86+x86_64, r-oldrel-osx-x86_64