CRAN Package Check Results for Package ggraph

Last updated on 2020-07-02 07:49:57 CEST.

Flavor Version Tinstall Tcheck Ttotal Status Flags
r-devel-linux-x86_64-debian-clang 2.0.3 89.75 205.36 295.11 OK
r-devel-linux-x86_64-debian-gcc 2.0.3 64.92 150.30 215.22 OK
r-devel-linux-x86_64-fedora-clang 2.0.3 372.82 NOTE
r-devel-linux-x86_64-fedora-gcc 2.0.3 340.60 OK
r-devel-windows-ix86+x86_64 2.0.3 213.00 426.00 639.00 NOTE
r-patched-linux-x86_64 2.0.3 63.33 199.11 262.44 OK
r-patched-solaris-x86 2.0.3 424.60 NOTE
r-release-linux-x86_64 2.0.3 66.38 195.95 262.33 OK
r-release-osx-x86_64 2.0.3 NOTE
r-release-windows-ix86+x86_64 2.0.3 152.00 328.00 480.00 NOTE
r-oldrel-osx-x86_64 2.0.3 NOTE
r-oldrel-windows-ix86+x86_64 2.0.3 228.00 417.00 645.00 NOTE

Check Details

Version: 2.0.3
Check: installed package size
Result: NOTE
     installed size is 8.1Mb
     sub-directories of 1Mb or more:
     doc 3.6Mb
     libs 3.1Mb
Flavors: r-devel-linux-x86_64-fedora-clang, r-devel-windows-ix86+x86_64, r-patched-solaris-x86, r-release-osx-x86_64, r-release-windows-ix86+x86_64, r-oldrel-osx-x86_64, r-oldrel-windows-ix86+x86_64